000
CXUS56 KPDT 011032
CF6MEH
PRELIMINARY LOCAL CLIMATOLOGICAL DATA (WS FORM: F-6)

                                          STATION:   MEACHAM OR
                                          MONTH:     OCTOBER
                                          YEAR:      2014
                                          LATITUDE:   45 30 N
                                          LONGITUDE: 118 24 W

  TEMPERATURE IN F:       :PCPN:    SNOW:  WIND      :SUNSHINE: SKY     :PK WND
================================================================================
1   2   3   4   5  6A  6B    7    8   9   10  11  12  13   14  15   16   17  18
                                     12Z  AVG MX 2MIN
DY MAX MIN AVG DEP HDD CDD  WTR  SNW DPTH SPD SPD DIR MIN PSBL S-S WX    SPD DR
================================================================================

 1  59  29  44  -2  21   0 0.00  0.0    0  0.9  6 280   M    M   5        11 320
 2  60  29  45  -1  20   0 0.00  0.0    0  1.2  7  10   M    M   2        12  20
 3  71  28  50   4  15   0 0.00  0.0    0  0.8  7 300   M    M   0        11 310
 4  75  29  52   7  13   0 0.00  0.0    0  1.1  8 310   M    M   2        14 280
 5  76  34  55  10  10   0 0.00  0.0    0  0.5  8 270   M    M   0        11 320
 6  77  36  57  12   8   0 0.00  0.0    0  1.1  7 270   M    M   0        13 220
 7  81  36  59  15   6   0 0.00  0.0    0  0.7  7  10   M    M   0        11  10
 8  72  32  52   8  13   0 0.00  0.0    0  1.3  8 260   M    M   0        13 310
 9  67  29  48   4  17   0 0.00  0.0    0  1.0  8 270   M    M   0        12  40
10  70  28  49   5  16   0 0.00  0.0    0  0.7  8 300   M    M   0        12 360
11  61  42  52   9  13   0 0.21  0.0    0  3.0 13 280   M    M   8 1      26 270
12  59  42  51   8  14   0 0.00  0.0    0  1.3  8 260   M    M   6        15 250
13  71  43  57  14   8   0 0.00  0.0    0  1.3  8  90   M    M   1        11  70
14  56  42  49   6  16   0 0.00  0.0    0  0.0  8 300   M    M   4        17 330
15  54  33  44   2  21   0 0.28  0.0    0  0.9 12 290   M    M   8 1      22 260
16  59  31  45   3  20   0 0.00  0.0    0  0.6  7  90   M    M   3        11  60
17  64  45  55  13  10   0 0.00  0.0    0  1.0  7  90   M    M   6        12 200
18  68  37  53  11  12   0    T  0.0    0  0.7  7  20   M    M   6 8      11 310
19  72  36  54  12  11   0 0.00  0.0    0  1.3 10  90   M    M   0        18  70
20  70  31  51  10  14   0 0.04  0.0    0  1.7  9 280   M    M   4 1      17 300
21  52  29  41   0  24   0 0.02  0.0    0  0.6  7 310   M    M   6        12 300
22  58  30  44   3  21   0 0.04  0.0    0  1.6  6 100   M    M   8        15 160
23  58  41  50  10  15   0 0.56  0.0    0  0.2  8 220   M    M   9 1      15 210
24  50  42  46   6  19   0 0.04  0.0    0  0.0  6 170   M    M   8 1      10 190
25  70  47  59  19   6   0 0.05  0.0    0  3.1 10 180   M    M   3        27 230
26  47  38  43   3  22   0 0.23  0.0    0  1.8  9 270   M    M   9 1      15 260
27  48  35  42   2  23   0 0.05  0.0    0  0.6  7 260   M    M   6 1      12 290
28  50  38  44   5  21   0 0.35  0.0    0  0.1  5 240   M    M   9 1       9 190
29  57  35  46   7  19   0    T  0.0    0  0.1  6 360   M    M   5 1       9 350
30  63  46  55  16  10   0 0.03  0.0    0  0.6  6 300   M    M   5 1      14 150
31  59  41  50  11  15   0 0.30  0.0    0  0.7  9 270   M    M   8 1      16 210
================================================================================
SM 1954 1114       473   0  2.20     0.0  30.5          M      131
================================================================================
AV 63.0 35.9                               1.0 FASTST   M    M   4    MAX(MPH)
                                 MISC ---->  # 13 280               # 27  230
================================================================================
NOTES:
# LAST OF SEVERAL OCCURRENCES

COLUMN 17 PEAK WIND IN M.P.H.

PRELIMINARY LOCAL CLIMATOLOGICAL DATA (WS FORM: F-6) , PAGE 2

                                          STATION:  MEACHAM OR
                                          MONTH:    OCTOBER
                                          YEAR:     2014
                                          LATITUDE:   45 30 N
                                          LONGITUDE: 118 24 W

[TEMPERATURE DATA]      [PRECIPITATION DATA]       SYMBOLS USED IN COLUMN 16

AVERAGE MONTHLY: 49.5   TOTAL FOR MONTH:   2.20    1 = FOG OR MIST
DPTR FM NORMAL:   7.2   DPTR FM NORMAL:   -0.28    2 = FOG REDUCING VISIBILITY
HIGHEST:    81 ON  7    GRTST 24HR  0.58 ON 22-23      TO 1/4 MILE OR LESS
LOWEST:     28 ON 10, 3                            3 = THUNDER
                        SNOW, ICE PELLETS, HAIL    4 = ICE PELLETS
                        TOTAL MONTH:   0.0 INCH    5 = HAIL
                        GRTST 24HR     0.0         6 = FREEZING RAIN OR DRIZZLE
                        GRTST DEPTH:   0           7 = DUSTSTORM OR SANDSTORM:
                                                       VSBY 1/2 MILE OR LESS
                                                   8 = SMOKE OR HAZE
[NO. OF DAYS WITH]      [WEATHER - DAYS WITH]      9 = BLOWING SNOW
                                                   X = TORNADO
MAX 32 OR BELOW:   0    0.01 INCH OR MORE:  13
MAX 90 OR ABOVE:   0    0.10 INCH OR MORE:   6
MIN 32 OR BELOW:  11    0.50 INCH OR MORE:   1
MIN  0 OR BELOW:   0    1.00 INCH OR MORE:   0

[HDD (BASE 65) ]
TOTAL THIS MO.   473    CLEAR  (SCALE 0-3)  12
DPTR FM NORMAL  -231    PTCLDY (SCALE 4-7)  15
TOTAL FM JUL 1   956    CLOUDY (SCALE 8-10)  4
DPTR FM NORMAL  -579

[CDD (BASE 65) ]
TOTAL THIS MO.     0
DPTR FM NORMAL     0    [PRESSURE DATA]
TOTAL FM JAN 1   109    HIGHEST SLP 30.37 ON  3
DPTR FM NORMAL    85    LOWEST  SLP 29.48 ON 25

[REMARKS]
#FINAL-10-14#
