000
CXUS54 KJAN 300800
CF6MEI
PRELIMINARY LOCAL CLIMATOLOGICAL DATA (WS FORM: F-6)

                                          STATION:   MERIDIAN
                                          MONTH:     APRIL
                                          YEAR:      2016
                                          LATITUDE:   32 19 N
                                          LONGITUDE:  88 45 W

  TEMPERATURE IN F:       :PCPN:    SNOW:  WIND      :SUNSHINE: SKY     :PK WND
================================================================================
1   2   3   4   5  6A  6B    7    8   9   10  11  12  13   14  15   16   17  18
                                     12Z  AVG MX 2MIN
DY MAX MIN AVG DEP HDD CDD  WTR  SNW DPTH SPD SPD DIR MIN PSBL S-S WX    SPD DR
================================================================================

 1  70  50  60   1   5   0    T  0.0    0  8.2 17 360   M    M   5 1      23 350
 2  67  42  55  -4  10   0 0.00  0.0    0  8.1 22 330   M    M   1        28 350
 3  74  39  57  -3   8   0 0.00  0.0    0  2.4 12 360   M    M   0        14 350
 4  79  42  61   1   4   0 0.00  0.0    0  4.3 16 260   M    M   0        21 260
 5  78  47  63   3   2   0 0.00  0.0    0  4.2 15  30   M    M   0        22  50
 6  78  49  64   4   1   0 0.00  0.0    0  8.6 29 200   M    M   2        35 180
 7  80  47  64   4   1   0 0.00  0.0    0  5.3 18 260   M    M   0 1      26 250
 8  70  44  57  -4   8   0 0.00  0.0    0  8.7 23 310   M    M   0        30 360
 9  75  39  57  -4   8   0 0.00  0.0    0  3.9 17 350   M    M   0        22 350
10  80  51  66   5   0   1    T  0.0    0 10.3 24 190   M    M   2        31 170
11  72  53  63   2   2   0 2.33  0.0    0  7.4 28 340   M    M   5 13     39 320
12  71  55  63   1   2   0 0.23  0.0    0  7.3 15  20   M    M   9 1      18  10
13  68  52  60  -2   5   0 0.14  0.0    0  4.9 15  30   M    M   6 1      18  30
14  73  59  66   4   0   1    T  0.0    0  6.8 16  90   M    M  10 128    21 110
15  64  59  62   0   3   0 0.00  0.0    0  9.2 16  70   M    M  10        21 100
16  69  58  64   1   1   0 0.00  0.0    0  7.2 14 100   M    M   9 1      19  90
17  79  57  68   5   0   3 0.00  0.0    0  8.7 17 100   M    M   2        24 130
18  78  52  65   2   0   0 0.00  0.0    0  4.8 16 140   M    M   0        20 140
19  77  47  62  -2   3   0 0.00  0.0    0  2.3 14 200   M    M   1        19 190
20  82  59  71   7   0   6 0.00  0.0    0  2.6 16 190   M    M   2        21 190
21  79  59  69   5   0   4 0.89  0.0    0  7.0 15 180   M    M   6 13     20 160
22  80  56  68   4   0   3 0.26  0.0    0  3.8 15 320   M    M   5 1      19 270
23  80  51  66   1   0   1 0.00  0.0    0  5.2 18 330   M    M   0        24 320
24  83  50  67   2   0   2 0.00  0.0    0  3.5 14 170   M    M   1        17 170
25  83  56  70   5   0   5 0.00  0.0    0  4.0 14 200   M    M   2        19 210
26  85  59  72   7   0   7 0.00  0.0    0  5.5 14 200   M    M   4        19 170
27  79  63  71   5   0   6    T  0.0    0  6.3 24 170   M    M   4 138    31 170
28  87  62  75   9   0  10 0.00  0.0    0  4.1 14 190   M    M   4 12     17 180
29   M   M   M   M   M   M    M    M    M   M   M   M   M    M   M 12      M  M
================================================================================
SM 2140 1457        63  49  3.85     0.0 164.6          M       90
================================================================================
AV 76.4 52.0                               5.9 FASTST   M    M   3    MAX(MPH)
                                 MISC ---->  # 29 200               # 39  320
================================================================================
NOTES:
# LAST OF SEVERAL OCCURRENCES

COLUMN 17 PEAK WIND IN M.P.H.

PRELIMINARY LOCAL CLIMATOLOGICAL DATA (WS FORM: F-6) , PAGE 2

                                          STATION:  MERIDIAN
                                          MONTH:    APRIL
                                          YEAR:     2016
                                          LATITUDE:   32 19 N
                                          LONGITUDE:  88 45 W

[TEMPERATURE DATA]      [PRECIPITATION DATA]       SYMBOLS USED IN COLUMN 16

AVERAGE MONTHLY: 64.2   TOTAL FOR MONTH:   3.85    1 = FOG OR MIST
DPTR FM NORMAL:   1.7   DPTR FM NORMAL:   -0.79    2 = FOG REDUCING VISIBILITY
HIGHEST:    87 ON 28    GRTST 24HR  2.89 ON 31- 1      TO 1/4 MILE OR LESS
LOWEST:     39 ON  9, 3                            3 = THUNDER
                        SNOW, ICE PELLETS, HAIL    4 = ICE PELLETS
                        TOTAL MONTH:   0.0 INCH    5 = HAIL
                        GRTST 24HR     0.0         6 = FREEZING RAIN OR DRIZZLE
                        GRTST DEPTH:   0           7 = DUSTSTORM OR SANDSTORM:
                                                       VSBY 1/2 MILE OR LESS
                                                   8 = SMOKE OR HAZE
[NO. OF DAYS WITH]      [WEATHER - DAYS WITH]      9 = BLOWING SNOW
                                                   X = TORNADO
MAX 32 OR BELOW:   0    0.01 INCH OR MORE:   5
MAX 90 OR ABOVE:   0    0.10 INCH OR MORE:   5
MIN 32 OR BELOW:   0    0.50 INCH OR MORE:   2
MIN  0 OR BELOW:   0    1.00 INCH OR MORE:   1

[HDD (BASE 65) ]
TOTAL THIS MO.    63    CLEAR  (SCALE 0-3)  16
DPTR FM NORMAL   -65    PTCLDY (SCALE 4-7)   8
TOTAL FM JUL 1  1807    CLOUDY (SCALE 8-10)  4
DPTR FM NORMAL  -725

[CDD (BASE 65) ]
TOTAL THIS MO.    49
DPTR FM NORMAL    -6    [PRESSURE DATA]
TOTAL FM JAN 1    86    HIGHEST SLP M ON M
DPTR FM NORMAL     7    LOWEST  SLP 29.67 ON 27

[REMARKS]
