293
CXUS51 KCLE 190800
CF6MFD
PRELIMINARY LOCAL CLIMATOLOGICAL DATA (WS FORM: F-6)

                                          STATION:   MANSFIELD OH
                                          MONTH:     JANUARY
                                          YEAR:      2018
                                          LATITUDE:   40 49 N
                                          LONGITUDE:  82 31 W

  TEMPERATURE IN F:       :PCPN:    SNOW:  WIND      :SUNSHINE: SKY     :PK WND
================================================================================
1   2   3   4   5  6A  6B    7    8   9   10  11  12  13   14  15   16   17  18
                                     12Z  AVG MX 2MIN
DY MAX MIN AVG DEP HDD CDD  WTR  SNW DPTH SPD SPD DIR MIN PSBL S-S WX    SPD DR
================================================================================

 1   9  -1   4 -22  61   0    T    T    3  8.9 15 270   M    M   7 18     20 260
 2  10   0   5 -21  60   0    T    T    2 11.3 20 230   M    M   4 18     25 220
 3  19   2  11 -15  54   0 0.01  0.2    2 11.9 20 200   M    M   7 18     24 200
 4  14   0   7 -19  58   0 0.05  1.0    4  9.5 21 330   M    M   8 18     26 320
 5   9  -5   2 -24  63   0 0.00  0.0    3  8.2 15 260   M    M   2        22 280
 6  11  -5   3 -23  62   0    T    T    3  6.6 14 320   M    M   6 8      17 320
 7  29  -4  13 -13  52   0 0.00  0.0    3 14.7 22 170   M    M   5        26 180
 8  34  29  32   6  33   0 0.25  1.4    4 16.0 30 200   M    M  10 16     38 200
 9  34  25  30   4  35   0 0.00  0.0    2  5.7 12 250   M    M   6 18     17 240
10  52  27  40  15  25   0 0.00  0.0    3 13.0 17 160   M    M   7 1      22 180
11  58  51  55  30  10   0 0.29  0.0    0 15.9 25 170   M    M   9 1      33 160
12  58  18  38  13  27   0 0.96  2.5    0 16.4 29 350   M    M  10 16     37 350
13  18  11  15 -10  50   0 0.01  0.3    2 13.4 26 330   M    M  10 18     34 320
14  18   1  10 -15  55   0    T    T    2  5.0 12 130   M    M   2 1      14 150
15  25   8  17  -8  48   0 0.12  2.2    2 10.0 16 150   M    M   9 18     22 250
16  23  -1  11 -14  54   0    T    T    2  9.1 14 210   M    M   6 18     19 230
17  16  -3   7 -18  58   0    T    T    2  9.7 20 230   M    M   5 18     28 220
18  26  13  20  -5  45   0 0.00  0.0    2 17.9 21 200   M    M   0        37 190
================================================================================
SM  463  166       850   0  1.69     7.6 203.2          M      113
================================================================================
AV 25.7  9.2                              11.3 FASTST   M    M   6    MAX(MPH)
                                 MISC ---->  # 30 200               # 38  200
================================================================================
NOTES:
# LAST OF SEVERAL OCCURRENCES

COLUMN 17 PEAK WIND IN M.P.H.

PRELIMINARY LOCAL CLIMATOLOGICAL DATA (WS FORM: F-6) , PAGE 2

                                          STATION:  MANSFIELD OH
                                          MONTH:    JANUARY
                                          YEAR:     2018
                                          LATITUDE:   40 49 N
                                          LONGITUDE:  82 31 W

[TEMPERATURE DATA]      [PRECIPITATION DATA]       SYMBOLS USED IN COLUMN 16

AVERAGE MONTHLY: 17.5   TOTAL FOR MONTH:   1.69    1 = FOG OR MIST
DPTR FM NORMAL:  -8.0   DPTR FM NORMAL:   -0.06    2 = FOG REDUCING VISIBILITY
HIGHEST:    58 ON 12,11 GRTST 24HR  0.96 ON 12-12      TO 1/4 MILE OR LESS
LOWEST:     -5 ON  6, 5                            3 = THUNDER
                        SNOW, ICE PELLETS, HAIL    4 = ICE PELLETS
                        TOTAL MONTH:   7.6 INCHES  5 = HAIL
                        GRTST 24HR   2.5 ON 12-12  6 = FREEZING RAIN OR DRIZZLE
                        GRTST DEPTH:   4 ON  8, 4  7 = DUSTSTORM OR SANDSTORM:
                                                       VSBY 1/2 MILE OR LESS
                                                   8 = SMOKE OR HAZE
[NO. OF DAYS WITH]      [WEATHER - DAYS WITH]      9 = BLOWING SNOW
                                                   X = TORNADO
MAX 32 OR BELOW:  13    0.01 INCH OR MORE:   7
MAX 90 OR ABOVE:   0    0.10 INCH OR MORE:   4
MIN 32 OR BELOW:  17    0.50 INCH OR MORE:   1
MIN  0 OR BELOW:   8    1.00 INCH OR MORE:   0

[HDD (BASE 65) ]
TOTAL THIS MO.   850    CLEAR  (SCALE 0-3)   3
DPTR FM NORMAL   138    PTCLDY (SCALE 4-7)  10
TOTAL FM JUL 1  3095    CLOUDY (SCALE 8-10)  5
DPTR FM NORMAL     6

[CDD (BASE 65) ]
TOTAL THIS MO.     0
DPTR FM NORMAL     0    [PRESSURE DATA]
TOTAL FM JAN 1     0    HIGHEST SLP M ON M
DPTR FM NORMAL     0    LOWEST  SLP 29.62 ON 12

[REMARKS]
