871
CXUS54 KBRO 250900
CF6MFE
PRELIMINARY LOCAL CLIMATOLOGICAL DATA (WS FORM: F-6)

                                          STATION:   MCALLEN
                                          MONTH:     FEBRUARY
                                          YEAR:      2018
                                          LATITUDE:   26 10 N
                                          LONGITUDE:  98 14 W

  TEMPERATURE IN F:       :PCPN:    SNOW:  WIND      :SUNSHINE: SKY     :PK WND
================================================================================
1   2   3   4   5  6A  6B    7    8   9   10  11  12  13   14  15   16   17  18
                                     12Z  AVG MX 2MIN
DY MAX MIN AVG DEP HDD CDD  WTR  SNW DPTH SPD SPD DIR MIN PSBL S-S WX    SPD DR
================================================================================

 1  88  58  73  11   0   8 0.00  0.0    0  8.1 21 170   M    M   0        25 170
 2  67  57  62   0   3   0 0.00  0.0    0 11.0 21 340   M    M   9 1      26 340
 3  72  54  63   0   2   0 0.00  0.0    0  5.1 14 150   M    M   6 18     17 130
 4  90  60  75  12   0  10 0.00  0.0    0  5.4 15  80   M    M   0 1      19  80
 5  75  64  70   7   0   5 0.01  0.0    0  7.1 13  30   M    M   9 123    19  40
 6  87  69  78  15   0  13 0.00  0.0    0 15.4 28 150   M    M   6 18     35 140
 7  74  48  61  -2   4   0 0.06  0.0    0 12.3 28 360   M    M  10 18     33 360
 8  56  48  52 -11  13   0 0.05  0.0    0  5.4 13 330   M    M   9        16 340
 9  63  53  58  -6   7   0 0.01  0.0    0  2.7  7  90   M    M  10 8       9  40
10  87  62  75  11   0  10 0.00  0.0    0  5.8 17 130   M    M   5 1      21 130
11  75  45  60  -4   5   0 0.00  0.0    0 12.7 25 360   M    M  10 18     32 360
12  57  46  52 -12  13   0    T  0.0    0  8.9 22  10   M    M  10 18     25  10
13  56  50  53 -11  12   0 0.04  0.0    0  8.1 14 340   M    M   9 1      17 310
14  78  55  67   3   0   2    T  0.0    0  5.9 17 140   M    M   8 1      22 130
15  87  70  79  14   0  14    T  0.0    0 16.1 26 150   M    M   7 1      34 140
16  88  70  79  14   0  14 0.00  0.0    0 15.8 22 140   M    M   5        29 140
17  91  70  81  16   0  16 0.00  0.0    0 13.4 23 160   M    M   5 1      31 160
18  88  72  80  15   0  15 0.00  0.0    0 19.1 32 140   M    M   5        38 130
19  89  73  81  16   0  16 0.00  0.0    0 22.6 32 150   M    M   7        43 140
20  86  75  81  15   0  16 0.00  0.0    0 19.7 29 140   M    M   8        35 160
21  89  57  73   7   0   8 0.28  0.0    0 12.7 21  40   M    M   8 138    26  30
22  61  52  57  -9   8   0 0.03  0.0    0  7.8 17 350   M    M  10 1      22 340
23  88  59  74   8   0   9 0.00  0.0    0 11.7 25 150   M    M   8 12     33 140
24  93  74  84  18   0  19 0.00  0.0    0 18.0 29 160   M    M   4 1      39 160
================================================================================
SM 1885 1441        67 175  0.48     0.0 270.9          M      168
================================================================================
AV 78.5 60.0                              11.3 FASTST   M    M   7    MAX(MPH)
                                 MISC ---->  # 32 140               # 43  140
================================================================================
NOTES:
# LAST OF SEVERAL OCCURRENCES

COLUMN 17 PEAK WIND IN M.P.H.

PRELIMINARY LOCAL CLIMATOLOGICAL DATA (WS FORM: F-6) , PAGE 2

                                          STATION:  MCALLEN
                                          MONTH:    FEBRUARY
                                          YEAR:     2018
                                          LATITUDE:   26 10 N
                                          LONGITUDE:  98 14 W

[TEMPERATURE DATA]      [PRECIPITATION DATA]       SYMBOLS USED IN COLUMN 16

AVERAGE MONTHLY: 69.3   TOTAL FOR MONTH:   0.48    1 = FOG OR MIST
DPTR FM NORMAL:   5.1   DPTR FM NORMAL:   -0.49    2 = FOG REDUCING VISIBILITY
HIGHEST:    93 ON 24    GRTST 24HR  0.28 ON 21-21      TO 1/4 MILE OR LESS
LOWEST:     45 ON 11                               3 = THUNDER
                        SNOW, ICE PELLETS, HAIL    4 = ICE PELLETS
                        TOTAL MONTH:   0.0 INCH    5 = HAIL
                        GRTST 24HR     0.0         6 = FREEZING RAIN OR DRIZZLE
                        GRTST DEPTH:   0           7 = DUSTSTORM OR SANDSTORM:
                                                       VSBY 1/2 MILE OR LESS
                                                   8 = SMOKE OR HAZE
[NO. OF DAYS WITH]      [WEATHER - DAYS WITH]      9 = BLOWING SNOW
                                                   X = TORNADO
MAX 32 OR BELOW:   0    0.01 INCH OR MORE:   7
MAX 90 OR ABOVE:   3    0.10 INCH OR MORE:   1
MIN 32 OR BELOW:   0    0.50 INCH OR MORE:   0
MIN  0 OR BELOW:   0    1.00 INCH OR MORE:   0

[HDD (BASE 65) ]
TOTAL THIS MO.    67    CLEAR  (SCALE 0-3)   2
DPTR FM NORMAL   -30    PTCLDY (SCALE 4-7)  10
TOTAL FM JUL 1   550    CLOUDY (SCALE 8-10) 12
DPTR FM NORMAL    26

[CDD (BASE 65) ]
TOTAL THIS MO.   175
DPTR FM NORMAL    97    [PRESSURE DATA]
TOTAL FM JAN 1   213    HIGHEST SLP 30.35 ON  2
DPTR FM NORMAL    73    LOWEST  SLP 29.77 ON M

[REMARKS]
