000
CXUS53 KGRB 270746
CF6MFI
PRELIMINARY LOCAL CLIMATOLOGICAL DATA (WS FORM: F-6)

                                          STATION:   MARSHFIELD WI
                                          MONTH:     MAY
                                          YEAR:      2015
                                          LATITUDE:   44 37 N
                                          LONGITUDE:  90 11 W

  TEMPERATURE IN F:       :PCPN:    SNOW:  WIND      :SUNSHINE: SKY     :PK WND
================================================================================
1   2   3   4   5  6A  6B    7    8   9   10  11  12  13   14  15   16   17  18
                                     12Z  AVG MX 2MIN
DY MAX MIN AVG DEP HDD CDD  WTR  SNW DPTH SPD SPD DIR MIN PSBL S-S WX    SPD DR
================================================================================

 1  71  39  55   4  10   0    T  0.0    0  6.4 20 260   M    M   3        26 250
 2  80  50  65  13   0   0 0.00  0.0    0 11.3 21 220   M    M   3        28 220
 3  81  50  66  14   0   1 0.49  0.0    0  9.6 36 320   M    M   3 13     43 300
 4  70  51  61   9   4   0 0.00  0.0    0  6.9 16  20   M    M   0 1      21 330
 5  68  46  57   5   8   0 0.01  0.0    0 11.4 21 140   M    M   2        28 140
 6  77  51  64  11   1   0 0.01  0.0    0 10.6 17 120   M    M   5 138    22 120
 7  82  59  71  18   0   6 0.10  0.0    0 15.0 33 180   M    M   5 138    42 180
 8  64  51  58   5   7   0 0.02  0.0    0  9.2 16 280   M    M   8 1      21 290
 9  67  52  60   6   5   0 0.00  0.0    0  6.4 17  90   M    M   7        22  90
10  63  45  54   0  11   0    T  0.0    0 13.5 20 110   M    M   9 18     28 120
11  63  46  55   1  10   0 0.47  0.0    0 12.1 22 240   M    M   9 13     28 240
12  51  36  44 -10  21   0    T  0.0    0 14.3 26 320   M    M   7 1      33 320
13  62  32  47  -8  18   0 0.00  0.0    0  8.8 15 150   M    M   0        22 130
14  63  43  53  -2  12   0 0.01  0.0    0 12.7 23 130   M    M   4 18     30 130
15  65  50  58   3   7   0    T  0.0    0  5.0 15 140   M    M   8 12     17 150
16  78  50  64   8   1   0    T  0.0    0  8.7 18 130   M    M   6 1      25 130
17  77  62  70  14   0   5 0.10  0.0    0 15.0 25 170   M    M   8 138    33 230
18  62  42  52  -4  13   0    T  0.0    0 16.0 25 240   M    M   8 1      32 260
19  53  35  44 -12  21   0    T    M    0 10.4 23 330   M    M   6 1      28 330
20  59  31  45 -12  20   0 0.00  0.0    0  5.0 12 280   M    M   0        16 280
21  74  36  55  -2  10   0 0.00  0.0    0  9.4 21 300   M    M   1        27 330
22  70  40  55  -2  10   0 0.00  0.0    0  3.9 10 260   M    M   0        16 310
23  78  45  62   4   3   0 0.00  0.0    0  4.6 16 240   M    M   4        21 230
24  67  55  61   3   4   0 0.41  0.0    0  9.9 20 180   M    M   7 1      24 130
25  76  56  66   8   0   1 0.02  0.0    0 10.4 22 230   M    M   7 1      27 250
26  71  58  65   7   0   0 1.10  0.0    0  7.9 23 320   M    M   6 123    29 320
================================================================================
SM 1792 1211       196  13  2.74     0.0 254.4          M      126
================================================================================
AV 68.9 46.6                               9.8 FASTST   M    M   5    MAX(MPH)
                                 MISC ---->  # 36 320               # 43  300
================================================================================
NOTES:
# LAST OF SEVERAL OCCURRENCES

COLUMN 17 PEAK WIND IN M.P.H.

PRELIMINARY LOCAL CLIMATOLOGICAL DATA (WS FORM: F-6) , PAGE 2

                                          STATION:  MARSHFIELD WI
                                          MONTH:    MAY
                                          YEAR:     2015
                                          LATITUDE:   44 37 N
                                          LONGITUDE:  90 11 W

[TEMPERATURE DATA]      [PRECIPITATION DATA]       SYMBOLS USED IN COLUMN 16

AVERAGE MONTHLY: 57.8   TOTAL FOR MONTH:   2.74    1 = FOG OR MIST
DPTR FM NORMAL:   2.9   DPTR FM NORMAL:    0.53    2 = FOG REDUCING VISIBILITY
HIGHEST:    82 ON  7    GRTST 24HR  1.10 ON 26-26      TO 1/4 MILE OR LESS
LOWEST:     31 ON 20                               3 = THUNDER
                        SNOW, ICE PELLETS, HAIL    4 = ICE PELLETS
                        TOTAL MONTH:   0.0 INCH    5 = HAIL
                        GRTST 24HR     0.0         6 = FREEZING RAIN OR DRIZZLE
                        GRTST DEPTH:   0           7 = DUSTSTORM OR SANDSTORM:
                                                       VSBY 1/2 MILE OR LESS
                                                   8 = SMOKE OR HAZE
[NO. OF DAYS WITH]      [WEATHER - DAYS WITH]      9 = BLOWING SNOW
                                                   X = TORNADO
MAX 32 OR BELOW:   0    0.01 INCH OR MORE:  11
MAX 90 OR ABOVE:   0    0.10 INCH OR MORE:   6
MIN 32 OR BELOW:   2    0.50 INCH OR MORE:   1
MIN  0 OR BELOW:   0    1.00 INCH OR MORE:   1

[HDD (BASE 65) ]
TOTAL THIS MO.   196    CLEAR  (SCALE 0-3)   8
DPTR FM NORMAL   -78    PTCLDY (SCALE 4-7)  15
TOTAL FM JUL 1  8166    CLOUDY (SCALE 8-10)  3
DPTR FM NORMAL    96

[CDD (BASE 65) ]
TOTAL THIS MO.    13
DPTR FM NORMAL     4    [PRESSURE DATA]
TOTAL FM JAN 1    13    HIGHEST SLP M ON M
DPTR FM NORMAL     3    LOWEST  SLP 29.61 ON 26

[REMARKS]
