000
CXUS56 KMFR 211000
CF6MFR
PRELIMINARY LOCAL CLIMATOLOGICAL DATA (WS FORM: F-6)

                                          STATION:   MEDFORD OR
                                          MONTH:     FEBRUARY
                                          YEAR:      2018
                                          LATITUDE:   42 22 N
                                          LONGITUDE: 122 52 W

  TEMPERATURE IN F:       :PCPN:    SNOW:  WIND      :SUNSHINE: SKY     :PK WND
================================================================================
1   2   3   4   5  6A  6B    7    8   9   10  11  12  13   14  15   16   17  18
                                     12Z  AVG MX 2MIN
DY MAX MIN AVG DEP HDD CDD  WTR  SNW DPTH SPD SPD DIR MIN PSBL S-S WX    SPD DR
================================================================================

 1  58  38  48   6  17   0 0.00  0.0    0  1.2  7 300   M    M   6         8 310
 2  67  40  54  12  11   0 0.00  0.0    0  2.0  8 180   M    M   4        10 150
 3  65  39  52  10  13   0 0.00  0.0    0  1.6  7 170   M    M   2         8 180
 4  62  36  49   6  16   0 0.00  0.0    0  1.8  8 180   M    M   3 12     10 180
 5  62  37  50   7  15   0 0.00  0.0    0  2.8 10 300   M    M   3 12     13 290
 6  59  29  44   1  21   0 0.00  0.0    0  1.2  6  60   M    M   0         8 310
 7  64  31  48   5  17   0 0.00  0.0    0  0.8  6 360   M    M   0         7 350
 8  63  33  48   5  17   0 0.00  0.0    0  0.9  6  10   M    M   0 18      7  10
 9  62  31  47   4  18   0 0.00  0.0    0  3.2 10  30   M    M   2 12     12  30
10  56  29  43  -1  22   0 0.00  0.0    0  4.3 13  30   M    M   1        15 360
11  40  26  33 -11  32   0 0.06    T    0  2.3 10 100   M    M   6 1      12 280
12  50  28  39  -5  26   0 0.00  0.0    0  3.3 12 340   M    M   4 1      14 340
13  58  21  40  -4  25   0 0.00  0.0    0  2.2  8 320   M    M   0        11 360
14  49  31  40  -4  25   0    T    M    0  4.0 18 310   M    M   7        25 320
15  51  26  39  -5  26   0 0.00  0.0    0  1.8  8 170   M    M   3 1      10  10
16  53  26  40  -4  25   0 0.00  0.0    0  2.3  8 170   M    M   5         9 170
17  58  36  47   2  18   0 0.01    M    0  5.1 17 280   M    M   8        22 260
18  46  29  38  -7  27   0 0.06  0.3    0  7.3 22 330   M    M   6 12     29 300
19  40  26  33 -12  32   0    T    T    T  5.8 17 310   M    M   7 1      23 320
20  44  27  36  -9  29   0 0.00  0.0    0  1.7  7 330   M    M   8         8 350
================================================================================
SM 1107  619       432   0  0.13     0.3  55.6          M       75
================================================================================
AV 55.4 31.0                               2.8 FASTST   M    M   4    MAX(MPH)
                                 MISC ---->  # 22 330               # 29  300
================================================================================
NOTES:
# LAST OF SEVERAL OCCURRENCES

COLUMN 17 PEAK WIND IN M.P.H.

PRELIMINARY LOCAL CLIMATOLOGICAL DATA (WS FORM: F-6) , PAGE 2

                                          STATION:  MEDFORD OR
                                          MONTH:    FEBRUARY
                                          YEAR:     2018
                                          LATITUDE:   42 22 N
                                          LONGITUDE: 122 52 W

[TEMPERATURE DATA]      [PRECIPITATION DATA]       SYMBOLS USED IN COLUMN 16

AVERAGE MONTHLY: 43.2   TOTAL FOR MONTH:   0.13    1 = FOG OR MIST
DPTR FM NORMAL:  -0.4   DPTR FM NORMAL:   -1.31    2 = FOG REDUCING VISIBILITY
HIGHEST:    67 ON  2    GRTST 24HR  0.06 ON 18-18      TO 1/4 MILE OR LESS
LOWEST:     21 ON 13                               3 = THUNDER
                        SNOW, ICE PELLETS, HAIL    4 = ICE PELLETS
                        TOTAL MONTH:   0.3 INCH    5 = HAIL
                        GRTST 24HR   0.3 ON 18-18  6 = FREEZING RAIN OR DRIZZLE
                        GRTST DEPTH:   T           7 = DUSTSTORM OR SANDSTORM:
                                                       VSBY 1/2 MILE OR LESS
                                                   8 = SMOKE OR HAZE
[NO. OF DAYS WITH]      [WEATHER - DAYS WITH]      9 = BLOWING SNOW
                                                   X = TORNADO
MAX 32 OR BELOW:   0    0.01 INCH OR MORE:   3
MAX 90 OR ABOVE:   0    0.10 INCH OR MORE:   0
MIN 32 OR BELOW:  13    0.50 INCH OR MORE:   0
MIN  0 OR BELOW:   0    1.00 INCH OR MORE:   0

[HDD (BASE 65) ]
TOTAL THIS MO.   432    CLEAR  (SCALE 0-3)  10
DPTR FM NORMAL     5    PTCLDY (SCALE 4-7)  10
TOTAL FM JUL 1  2866    CLOUDY (SCALE 8-10)  0
DPTR FM NORMAL   -93

[CDD (BASE 65) ]
TOTAL THIS MO.     0
DPTR FM NORMAL     0    [PRESSURE DATA]
TOTAL FM JAN 1     0    HIGHEST SLP M ON M
DPTR FM NORMAL     0    LOWEST  SLP 29.82 ON 18

[REMARKS]
