000
CXUS56 KMFR 241000
CF6MFR
PRELIMINARY LOCAL CLIMATOLOGICAL DATA (WS FORM: F-6)

                                          STATION:   MEDFORD OR
                                          MONTH:     SEPTEMBER
                                          YEAR:      2017
                                          LATITUDE:   42 22 N
                                          LONGITUDE: 122 52 W

  TEMPERATURE IN F:       :PCPN:    SNOW:  WIND      :SUNSHINE: SKY     :PK WND
================================================================================
1   2   3   4   5  6A  6B    7    8   9   10  11  12  13   14  15   16   17  18
                                     12Z  AVG MX 2MIN
DY MAX MIN AVG DEP HDD CDD  WTR  SNW DPTH SPD SPD DIR MIN PSBL S-S WX    SPD DR
================================================================================

 1 105  58  82  11   0  17 0.00  0.0    0  2.2  9 190   M    M   6 8      11 180
 2 102  62  82  12   0  17 0.00  0.0    0  1.9 10 270   M    M  10 8      13 270
 3  94  63  79   9   0  14 0.00  0.0    0  0.4  5 210   M    M  10 8       7 270
 4  94  59  77   7   0  12 0.00  0.0    0  1.0  7 210   M    M  10 8       8 320
 5  91  61  76   6   0  11 0.00  0.0    0  2.8 12 330   M    M  10 8      14 330
 6  85  66  76   7   0  11    T  0.0    0  3.2 13  20   M    M  10 138    14  30
 7  78  64  71   2   0   6 0.12  0.0    0  4.8 23 230   M    M   8 138    31 230
 8  84  65  75   6   0  10 0.00  0.0    0  5.1 13 280   M    M   4 8      17 320
 9  85  59  72   3   0   7 0.00  0.0    0  3.3 13 270   M    M   3 18     18 270
10  90  54  72   4   0   7 0.00  0.0    0  2.8 10 350   M    M   0 8      13 350
11 101  59  80  12   0  15 0.00  0.0    0  2.7 10 320   M    M   0 18     13 320
12  86  64  75   7   0  10 0.00  0.0    0  2.9 12 180   M    M   0 8      13 190
13  89  56  73   5   0   8 0.00  0.0    0  4.0 17 340   M    M   0 18     24 340
14  78  54  66  -1   0   1 0.00  0.0    0  4.2 17 350   M    M   1 8      22 290
15  81  47  64  -3   1   0 0.00  0.0    0  1.8  9 350   M    M   0 8      13 330
16  79  50  65  -2   0   0 0.00  0.0    0  2.7 13 300   M    M   2 8      15 310
17  73  50  62  -4   3   0 0.03  0.0    0  2.6 10 260   M    M   5 18     12 330
18  63  52  58  -8   7   0 0.01  0.0    0  6.3 15 320   M    M   7 1      17 320
19  61  49  55 -11  10   0 0.01  0.0    0  3.5  8 360   M    M   8 1      12  40
20  64  49  57  -9   8   0 0.13  0.0    0  5.1 23 240   M    M   8 1      30 230
21  59  44  52 -13  13   0    T  0.0    0  2.9  9 350   M    M   5 12     15 350
22  69  39  54 -11  11   0 0.00  0.0    0  2.9 18  20   M    M   1        22  20
23  71  41  56  -9   9   0 0.00  0.0    0  2.2  9 350   M    M   2        11 350
================================================================================
SM 1882 1265        62 146  0.30     0.0  71.3          M      110
================================================================================
AV 81.8 55.0                               3.1 FASTST   M    M   5    MAX(MPH)
                                 MISC ---->  # 23 230               # 31  230
================================================================================
NOTES:
# LAST OF SEVERAL OCCURRENCES

COLUMN 17 PEAK WIND IN M.P.H.

PRELIMINARY LOCAL CLIMATOLOGICAL DATA (WS FORM: F-6) , PAGE 2

                                          STATION:  MEDFORD OR
                                          MONTH:    SEPTEMBER
                                          YEAR:     2017
                                          LATITUDE:   42 22 N
                                          LONGITUDE: 122 52 W

[TEMPERATURE DATA]      [PRECIPITATION DATA]       SYMBOLS USED IN COLUMN 16

AVERAGE MONTHLY: 68.4   TOTAL FOR MONTH:   0.30    1 = FOG OR MIST
DPTR FM NORMAL:   0.6   DPTR FM NORMAL:   -0.11    2 = FOG REDUCING VISIBILITY
HIGHEST:   105 ON  1    GRTST 24HR  0.13 ON 20-20      TO 1/4 MILE OR LESS
LOWEST:     39 ON 22                               3 = THUNDER
                        SNOW, ICE PELLETS, HAIL    4 = ICE PELLETS
                        TOTAL MONTH:   0.0 INCH    5 = HAIL
                        GRTST 24HR     0.0         6 = FREEZING RAIN OR DRIZZLE
                        GRTST DEPTH:   0           7 = DUSTSTORM OR SANDSTORM:
                                                       VSBY 1/2 MILE OR LESS
                                                   8 = SMOKE OR HAZE
[NO. OF DAYS WITH]      [WEATHER - DAYS WITH]      9 = BLOWING SNOW
                                                   X = TORNADO
MAX 32 OR BELOW:   0    0.01 INCH OR MORE:   5
MAX 90 OR ABOVE:   7    0.10 INCH OR MORE:   2
MIN 32 OR BELOW:   0    0.50 INCH OR MORE:   0
MIN  0 OR BELOW:   0    1.00 INCH OR MORE:   0

[HDD (BASE 65) ]
TOTAL THIS MO.    62    CLEAR  (SCALE 0-3)  10
DPTR FM NORMAL    27    PTCLDY (SCALE 4-7)   6
TOTAL FM JUL 1    62    CLOUDY (SCALE 8-10)  7
DPTR FM NORMAL    17

[CDD (BASE 65) ]
TOTAL THIS MO.   146
DPTR FM NORMAL    47    [PRESSURE DATA]
TOTAL FM JAN 1  1271    HIGHEST SLP  0.00 ON M
DPTR FM NORMAL   465    LOWEST  SLP  0.00 ON M

[REMARKS]
