000
CXUS55 KFSD 240905
CF6MHE
PRELIMINARY LOCAL CLIMATOLOGICAL DATA (WS FORM: F-6)

                                          STATION:   MITCHELL SD
                                          MONTH:     APRIL
                                          YEAR:      2014
                                          LATITUDE:   43 46 N
                                          LONGITUDE:  98  2 W

  TEMPERATURE IN F:       :PCPN:    SNOW:  WIND      :SUNSHINE: SKY     :PK WND
================================================================================
1   2   3   4   5  6A  6B    7    8   9   10  11  12  13   14  15   16   17  18
                                     12Z  AVG MX 2MIN
DY MAX MIN AVG DEP HDD CDD  WTR  SNW DPTH SPD SPD DIR MIN PSBL S-S WX    SPD DR
================================================================================

 1  32  16  24 -17  41   0    T    T    0 11.0 33 320   M    M   5 1      40 320
 2  40  22  31 -10  34   0    T    T    0  9.4 17  60   M    M   6        20  90
 3  36  33  35  -7  30   0    T    M    0 13.2 25 340   M    M  10 1      33 340
 4  44  29  37  -5  28   0 0.00  0.0    0 14.7 28 340   M    M   6        37 320
 5  67  28  48   5  17   0 0.00  0.0    0 14.4 26 200   M    M   2        37 190
 6  65  28  47   4  18   0 0.00  0.0    0  5.9 13 330   M    M   2        16 340
 7  62  33  48   4  17   0    T  0.0    0 13.5 35 340   M    M   2        42 340
 8  58  32  45   1  20   0 0.00  0.0    0  9.3 20 360   M    M   2        23  10
 9  85  34  60  15   5   0 0.00  0.0    0 13.2 33 360   M    M   0        43  10
10  66  40  53   8  12   0 0.00  0.0    0 10.6 25 330   M    M   1        33 310
11  73  40  57  11   8   0 0.00  0.0    0  8.1  M   M   M    M   1         M  M
12  74  40  57  11   8   0    T  0.0    0 13.5 32 360   M    M   1 1      40 350
13  46  28  37 -10  28   0 0.11  0.0    0 25.6 36  10   M    M   7        44  10
14  40  20  30 -17  35   0 0.00  0.0    0 10.6 22 350   M    M   4        28 350
15  54  18  36 -12  29   0 0.00  0.0    0 16.6 31 160   M    M   0        39 150
16  46  30  38 -10  27   0    T    T    0 18.8 31 360   M    M   8 1      37 360
17  49  20  35 -14  30   0    T  0.0    0  8.1 15 120   M    M   3        26 160
18  72  34  53   4  12   0 0.00  0.0    0 24.7 39 170   M    M   2        50 170
19  69  47  58   8   7   0    T  0.0    0  9.5 29 170   M    M   0        36 180
20  83  31  57   7   8   0    T  0.0    0  6.7 25 230   M    M   0 3      34 230
21  70  42  56   6   9   0    T  0.0    0 15.3 31 330   M    M   1        39 350
22  69  32  51   0  14   0 0.00  0.0    0 15.3 28 130   M    M   2        34 130
23  73  49  61  10   4   0 0.01  0.0    0 25.4 41 140   M    M   3 3      53 140
================================================================================
SM 1373  726       441   0  0.12    T    313.4          M       68
================================================================================
AV 59.7 31.6                              13.6 FASTST   M    M   3    MAX(MPH)
                                 MISC ---->  # 41 140               # 53  140
================================================================================
NOTES:
# LAST OF SEVERAL OCCURRENCES

COLUMN 17 PEAK WIND IN M.P.H.

PRELIMINARY LOCAL CLIMATOLOGICAL DATA (WS FORM: F-6) , PAGE 2

                                          STATION:  MITCHELL SD
                                          MONTH:    APRIL
                                          YEAR:     2014
                                          LATITUDE:   43 46 N
                                          LONGITUDE:  98  2 W

[TEMPERATURE DATA]      [PRECIPITATION DATA]       SYMBOLS USED IN COLUMN 16

AVERAGE MONTHLY: 45.6   TOTAL FOR MONTH:   0.12    1 = FOG OR MIST
DPTR FM NORMAL:  -0.5   DPTR FM NORMAL:   -1.37    2 = FOG REDUCING VISIBILITY
HIGHEST:    85 ON  9    GRTST 24HR  0.11 ON 13-13      TO 1/4 MILE OR LESS
LOWEST:     16 ON  1                               3 = THUNDER
                        SNOW, ICE PELLETS, HAIL    4 = ICE PELLETS
                        TOTAL MONTH:    T          5 = HAIL
                        GRTST 24HR    T  ON 16-16  6 = FREEZING RAIN OR DRIZZLE
                        GRTST DEPTH:   0           7 = DUSTSTORM OR SANDSTORM:
                                                       VSBY 1/2 MILE OR LESS
                                                   8 = SMOKE OR HAZE
[NO. OF DAYS WITH]      [WEATHER - DAYS WITH]      9 = BLOWING SNOW
                                                   X = TORNADO
MAX 32 OR BELOW:   1    0.01 INCH OR MORE:   2
MAX 90 OR ABOVE:   0    0.10 INCH OR MORE:   1
MIN 32 OR BELOW:  13    0.50 INCH OR MORE:   0
MIN  0 OR BELOW:   0    1.00 INCH OR MORE:   0

[HDD (BASE 65) ]
TOTAL THIS MO.   441    CLEAR  (SCALE 0-3)  16
DPTR FM NORMAL     8    PTCLDY (SCALE 4-7)   5
TOTAL FM JUL 1  7437    CLOUDY (SCALE 8-10)  2
DPTR FM NORMAL   524

[CDD (BASE 65) ]
TOTAL THIS MO.     0
DPTR FM NORMAL     0    [PRESSURE DATA]
TOTAL FM JAN 1     0    HIGHEST SLP M ON M
DPTR FM NORMAL     0    LOWEST  SLP 29.51 ON 23

[REMARKS]
