000
CXUS53 KTOP 270200
CF6MHK
PRELIMINARY LOCAL CLIMATOLOGICAL DATA (WS FORM: F-6)

                                          STATION:   Manhattan KS
                                          MONTH:     MARCH
                                          YEAR:      2015
                                          LATITUDE:   39  9 N
                                          LONGITUDE:  96 40 W

  TEMPERATURE IN F:       :PCPN:    SNOW:  WIND      :SUNSHINE: SKY     :PK WND
================================================================================
1   2   3   4   5  6A  6B    7    8   9   10  11  12  13   14  15   16   17  18
                                     12Z  AVG MX 2MIN
DY MAX MIN AVG DEP HDD CDD  WTR  SNW DPTH SPD SPD DIR MIN PSBL S-S WX    SPD DR
================================================================================

 1  36  15  26 -11  39   0 0.00    M    M  2.0  9 360   M    M   3 1      14 280
 2  41  19  30  -8  35   0 0.00    M    M  8.0 22 160   M    M   4 1      27 160
 3  48  25  37  -1  28   0 0.00    M    M 13.0 23 210   M    M   4 1      32 200
 4  33  18  26 -12  39   0 0.00    M    M  8.7 22  30   M    M   4        32  30
 5  41  10  26 -13  39   0 0.00    M    M  4.1 14 220   M    M   0 8      17 220
 6  65  25  45   6  20   0 0.00    M    M 10.8 17 240   M    M   0        24 230
 7  72  30  51  11  14   0 0.00    M    M  5.7 13 280   M    M   0        18 270
 8  70  28  49   9  16   0 0.00    M    M  4.2 17  20   M    M   0        23  20
 9  64  28  46   6  19   0 0.00    M    M  2.9  8  70   M    M   0 1      12  70
10  75  30  53  12  12   0 0.00    M    M  2.6 14 230   M    M   0 18     18 230
11  74  28  51  10  14   0 0.00    M    M  2.6 14  70   M    M   0 1      18  90
12  76  36  56  14   9   0 0.00    M    M  5.5 20 210   M    M   0        26 210
13  78  31  55  13  10   0 0.00    M    M  7.1 23  30   M    M   0        30  50
14  67  31  49   7  16   0 0.00    M    M  8.2 22  40   M    M   0        28  60
15  78  25  52   9  13   0 0.00    M    M 10.1 22 210   M    M   0 8      28 210
16  86  48  67  24   0   2 0.00    M    M 15.0 33  30   M    M   0        44  30
17  57  38  48   4  17   0 0.00    M    M 17.9 33  40   M    M   0        46  30
18  44  38  41  -3  24   0 0.03    M    M  9.2 16  60   M    M   7 1      21  50
19  45  31  38  -6  27   0 0.00    M    M  2.7  9  60   M    M   8 1      12  20
20  73  26  50   5  15   0 0.00    M    M  4.4 15 250   M    M   2 128    21 240
21  77  35  56  11   9   0 0.00    M    M  3.5 10  90   M    M   0        14 220
22  74  35  55   9  10   0 0.00    M    M  5.1 18 180   M    M   2 18     25 180
23  58  35  47   1  18   0 0.00    M    M  8.4 21  70   M    M   3 8      28  70
24  50  32  41  -5  24   0    T    M    M  8.4 26  90   M    M   8 128    35 100
25  53  37  45  -2  20   0 0.17    M    M  7.5 25  30   M    M   9 12     31  30
================================================================================
SM 1535  734       487   2  0.20    M    177.6          M       54
================================================================================
AV 61.4 29.4                               7.1 FASTST   M    M   2    MAX(MPH)
                                 MISC ---->  # 33  30               # 46   30
================================================================================
NOTES:
# LAST OF SEVERAL OCCURRENCES

COLUMN 17 PEAK WIND IN M.P.H.

PRELIMINARY LOCAL CLIMATOLOGICAL DATA (WS FORM: F-6) , PAGE 2

                                          STATION:  Manhattan KS
                                          MONTH:    MARCH
                                          YEAR:     2015
                                          LATITUDE:   39  9 N
                                          LONGITUDE:  96 40 W

[TEMPERATURE DATA]      [PRECIPITATION DATA]       SYMBOLS USED IN COLUMN 16

AVERAGE MONTHLY: 45.4   TOTAL FOR MONTH:   0.20    1 = FOG OR MIST
DPTR FM NORMAL:   3.4   DPTR FM NORMAL:   -1.62    2 = FOG REDUCING VISIBILITY
HIGHEST:    86 ON 16    GRTST 24HR  0.17 ON 25-25      TO 1/4 MILE OR LESS
LOWEST:     10 ON  5                               3 = THUNDER
                        SNOW, ICE PELLETS, HAIL    4 = ICE PELLETS
                        TOTAL MONTH:    M          5 = HAIL
                        GRTST 24HR    M  ON   M    6 = FREEZING RAIN OR DRIZZLE
                        GRTST DEPTH:  M  ON   M    7 = DUSTSTORM OR SANDSTORM:
                                                       VSBY 1/2 MILE OR LESS
                                                   8 = SMOKE OR HAZE
[NO. OF DAYS WITH]      [WEATHER - DAYS WITH]      9 = BLOWING SNOW
                                                   X = TORNADO
MAX 32 OR BELOW:   0    0.01 INCH OR MORE:   2
MAX 90 OR ABOVE:   0    0.10 INCH OR MORE:   1
MIN 32 OR BELOW:  17    0.50 INCH OR MORE:   0
MIN  0 OR BELOW:   0    1.00 INCH OR MORE:   0

[HDD (BASE 65) ]
TOTAL THIS MO.   487    CLEAR  (SCALE 0-3)  18
DPTR FM NORMAL   -88    PTCLDY (SCALE 4-7)   5
TOTAL FM JUL 1  4681    CLOUDY (SCALE 8-10)  2
DPTR FM NORMAL   -54

[CDD (BASE 65) ]
TOTAL THIS MO.     2
DPTR FM NORMAL     2    [PRESSURE DATA]
TOTAL FM JAN 1     2    HIGHEST SLP M ON M
DPTR FM NORMAL     2    LOWEST  SLP 29.71 ON  3

[REMARKS]
