000
CXUS53 KTOP 240800
CF6MHK
PRELIMINARY LOCAL CLIMATOLOGICAL DATA (WS FORM: F-6)

                                          STATION:   Manhattan KS
                                          MONTH:     JULY
                                          YEAR:      2017
                                          LATITUDE:   39  9 N
                                          LONGITUDE:  96 40 W

  TEMPERATURE IN F:       :PCPN:    SNOW:  WIND      :SUNSHINE: SKY     :PK WND
================================================================================
1   2   3   4   5  6A  6B    7    8   9   10  11  12  13   14  15   16   17  18
                                     12Z  AVG MX 2MIN
DY MAX MIN AVG DEP HDD CDD  WTR  SNW DPTH SPD SPD DIR MIN PSBL S-S WX    SPD DR
================================================================================

 1  89  57  73  -5   0   8 0.00    M    M  3.7 10 170   M    M   0        14 160
 2  89  62  76  -2   0  11 0.00    M    M  5.9 18 210   M    M   0        25 210
 3  90  70  80   2   0  15 0.00    M    M  4.1 14 160   M    M   1        16 150
 4  84  68  76  -2   0  11 0.00    M    M  5.3 14 150   M    M   3        18 120
 5  90  62  76  -2   0  11 0.00    M    M  2.2 10  40   M    M   0 1      16 360
 6  95  64  80   2   0  15 0.00    M    M  5.1 12 180   M    M   0 18     19 210
 7  89  63  76  -3   0  11    T    M    M  6.1 15  30   M    M   0        20  30
 8  92  59  76  -3   0  11 0.00    M    M  3.5 12 180   M    M   0 1      15 210
 9  96  65  81   2   0  16 0.00    M    M  9.2 20 210   M    M   0        27 210
10 100  74  87   8   0  22 0.00    M    M 10.3 20 210   M    M   0        25 210
11 102  77  90  11   0  25 0.00    M    M 12.2 21 180   M    M   0        32 170
12 104  80  92  13   0  27 0.00    M    M 11.3 20 210   M    M   0 8      26 230
13  93  73  83   4   0  18    T    M    M  8.9 22  40   M    M   4 3      29  50
14  91  71  81   2   0  16 0.00    M    M  3.5 17 160   M    M   5        22 140
15  94  69  82   3   0  17 0.00    M    M  2.8 13 170   M    M   2        17 120
16  96  69  83   4   0  18 0.00    M    M  3.8 13 160   M    M   0        18 150
17  98  63  81   2   0  16 0.00    M    M  7.1 18 170   M    M   0        24 180
18  98  77  88   8   0  23    T    M    M 10.7 23 210   M    M   2        30 210
19 103  77  90  10   0  25    T    M    M 10.4 21 210   M    M   2 3      28 220
20 106  76  91  11   0  26 0.00    M    M 10.6 20 220   M    M   0        24 220
21 108  80  94  14   0  29 0.00    M    M 14.1 25 220   M    M   0        32 220
22 107  71  89   9   0  24 0.36    M    M  8.5 21 210   M    M   1 13     27  30
23  97  67  82   2   0  17 0.00    M    M  4.0 15 230   M    M   1        19 230
================================================================================
SM 2211 1594         0 412  0.36    M    163.3          M       21
================================================================================
AV 96.1 69.3                               7.1 FASTST   M    M   1    MAX(MPH)
                                 MISC ---->  # 25 220               # 32  170
================================================================================
NOTES:
# LAST OF SEVERAL OCCURRENCES

COLUMN 17 PEAK WIND IN M.P.H.

PRELIMINARY LOCAL CLIMATOLOGICAL DATA (WS FORM: F-6) , PAGE 2

                                          STATION:  Manhattan KS
                                          MONTH:    JULY
                                          YEAR:     2017
                                          LATITUDE:   39  9 N
                                          LONGITUDE:  96 40 W

[TEMPERATURE DATA]      [PRECIPITATION DATA]       SYMBOLS USED IN COLUMN 16

AVERAGE MONTHLY: 82.7   TOTAL FOR MONTH:   0.36    1 = FOG OR MIST
DPTR FM NORMAL:   3.7   DPTR FM NORMAL:   -2.70    2 = FOG REDUCING VISIBILITY
HIGHEST:   108 ON 21    GRTST 24HR  0.36 ON 22-22      TO 1/4 MILE OR LESS
LOWEST:     57 ON  1                               3 = THUNDER
                        SNOW, ICE PELLETS, HAIL    4 = ICE PELLETS
                        TOTAL MONTH:    M          5 = HAIL
                        GRTST 24HR    M  ON   M    6 = FREEZING RAIN OR DRIZZLE
                        GRTST DEPTH:  M  ON   M    7 = DUSTSTORM OR SANDSTORM:
                                                       VSBY 1/2 MILE OR LESS
                                                   8 = SMOKE OR HAZE
[NO. OF DAYS WITH]      [WEATHER - DAYS WITH]      9 = BLOWING SNOW
                                                   X = TORNADO
MAX 32 OR BELOW:   0    0.01 INCH OR MORE:   1
MAX 90 OR ABOVE:  19    0.10 INCH OR MORE:   1
MIN 32 OR BELOW:   0    0.50 INCH OR MORE:   0
MIN  0 OR BELOW:   0    1.00 INCH OR MORE:   0

[HDD (BASE 65) ]
TOTAL THIS MO.     0    CLEAR  (SCALE 0-3)  21
DPTR FM NORMAL     0    PTCLDY (SCALE 4-7)   2
TOTAL FM JUL 1     0    CLOUDY (SCALE 8-10)  0
DPTR FM NORMAL     0

[CDD (BASE 65) ]
TOTAL THIS MO.   412
DPTR FM NORMAL    91    [PRESSURE DATA]
TOTAL FM JAN 1   891    HIGHEST SLP M ON M
DPTR FM NORMAL   200    LOWEST  SLP 29.72 ON 22

[REMARKS]
