000
CXUS52 KMFL 211000
CF6MIA
PRELIMINARY LOCAL CLIMATOLOGICAL DATA (WS FORM: F-6)

                                          STATION:   MIAMI
                                          MONTH:     NOVEMBER
                                          YEAR:      2017
                                          LATITUDE:   25 49 N
                                          LONGITUDE:  80 17 W

  TEMPERATURE IN F:       :PCPN:    SNOW:  WIND      :SUNSHINE: SKY     :PK WND
================================================================================
1   2   3   4   5  6A  6B    7    8   9   10  11  12  13   14  15   16   17  18
                                     12Z  AVG MX 2MIN
DY MAX MIN AVG DEP HDD CDD  WTR  SNW DPTH SPD SPD DIR MIN PSBL S-S WX    SPD DR
================================================================================

 1  82  67  75  -2   0  10 0.00  0.0    0  6.2 16  80   M    M   5        19  80
 2  85  71  78   1   0  13    T  0.0    0  6.8 18  80   M    M   5        23  80
 3  86  71  79   2   0  14 0.05  0.0    0  6.0 16  40   M    M   4 1      23  40
 4  85  72  79   2   0  14 0.01  0.0    0  6.4 16  70   M    M   6 1      21  50
 5  86  71  79   3   0  14 0.00  0.0    0  4.6 12  80   M    M   4 1      16  90
 6  85  71  78   2   0  13 0.00  0.0    0  4.3 14  90   M    M   4 1      18 100
 7  86  72  79   3   0  14 0.00  0.0    0  5.0 14  70   M    M   3        19  90
 8  86  72  79   3   0  14    T  0.0    0  5.8 14  80   M    M   2 1      17  70
 9  87  75  81   5   0  16 0.00  0.0    0  6.6 15  90   M    M   5        27 170
10  87  74  81   5   0  16 0.28  0.0    0  7.6 18  80   M    M   4 1      22  70
11  84  75  80   4   0  15 0.09  0.0    0 11.1 18  50   M    M   5 1      25  40
12  87  74  81   6   0  16 1.30  0.0    0 12.5 28  90   M    M   8 138    33 100
13  85  74  80   5   0  15 0.68  0.0    0  9.3 22 130   M    M   8 13     27 120
14  86  74  80   5   0  15    T  0.0    0  9.5 20  40   M    M   4        27  40
15  83  72  78   3   0  13 0.51  0.0    0  7.0 20  50   M    M   5 1      27  40
16  81  69  75   0   0  10    T  0.0    0  7.3 16  50   M    M   4        20  50
17  83  68  76   1   0  11 0.00  0.0    0  7.9 18  50   M    M   4        24  50
18  83  66  75   1   0  10 0.00  0.0    0  4.5 15 100   M    M   4        21  80
19  83  65  74   0   0   9 0.00  0.0    0  3.9 10 300   M    M   1        14 290
20  80  70  75   1   0  10 0.15  0.0    0  8.2 18  60   M    M   6 1      25  60
================================================================================
SM 1690 1423         0 262  3.07     0.0 140.5          M       91
================================================================================
AV 84.5 71.2                               7.0 FASTST   M    M   5    MAX(MPH)
                                 MISC ---->  # 28  90               # 33  100
================================================================================
NOTES:
# LAST OF SEVERAL OCCURRENCES

COLUMN 17 PEAK WIND IN M.P.H.

PRELIMINARY LOCAL CLIMATOLOGICAL DATA (WS FORM: F-6) , PAGE 2

                                          STATION:  MIAMI
                                          MONTH:    NOVEMBER
                                          YEAR:     2017
                                          LATITUDE:   25 49 N
                                          LONGITUDE:  80 17 W

[TEMPERATURE DATA]      [PRECIPITATION DATA]       SYMBOLS USED IN COLUMN 16

AVERAGE MONTHLY: 77.8   TOTAL FOR MONTH:   3.07    1 = FOG OR MIST
DPTR FM NORMAL:   2.2   DPTR FM NORMAL:    0.66    2 = FOG REDUCING VISIBILITY
HIGHEST:    87 ON 12,10 GRTST 24HR  1.30 ON 12-12      TO 1/4 MILE OR LESS
LOWEST:     65 ON 19                               3 = THUNDER
                        SNOW, ICE PELLETS, HAIL    4 = ICE PELLETS
                        TOTAL MONTH:   0.0 INCH    5 = HAIL
                        GRTST 24HR     0.0         6 = FREEZING RAIN OR DRIZZLE
                        GRTST DEPTH:   0           7 = DUSTSTORM OR SANDSTORM:
                                                       VSBY 1/2 MILE OR LESS
                                                   8 = SMOKE OR HAZE
[NO. OF DAYS WITH]      [WEATHER - DAYS WITH]      9 = BLOWING SNOW
                                                   X = TORNADO
MAX 32 OR BELOW:   0    0.01 INCH OR MORE:   8
MAX 90 OR ABOVE:   0    0.10 INCH OR MORE:   5
MIN 32 OR BELOW:   0    0.50 INCH OR MORE:   3
MIN  0 OR BELOW:   0    1.00 INCH OR MORE:   1

[HDD (BASE 65) ]
TOTAL THIS MO.     0    CLEAR  (SCALE 0-3)   3
DPTR FM NORMAL     0    PTCLDY (SCALE 4-7)  17
TOTAL FM JUL 1     0    CLOUDY (SCALE 8-10)  0
DPTR FM NORMAL     0

[CDD (BASE 65) ]
TOTAL THIS MO.   262
DPTR FM NORMAL    48    [PRESSURE DATA]
TOTAL FM JAN 1  4937    HIGHEST SLP M ON M
DPTR FM NORMAL   651    LOWEST  SLP 29.85 ON 15

[REMARKS]
