000
CXUS53 KIND 210730
CF6MIE
PRELIMINARY LOCAL CLIMATOLOGICAL DATA (WS FORM: F-6)

                                          STATION:   MUNCIE IN
                                          MONTH:     OCTOBER
                                          YEAR:      2014
                                          LATITUDE:   40 13 N
                                          LONGITUDE:  85 23 W

  TEMPERATURE IN F:       :PCPN:    SNOW:  WIND      :SUNSHINE: SKY     :PK WND
================================================================================
1   2   3   4   5  6A  6B    7    8   9   10  11  12  13   14  15   16   17  18
                                     12Z  AVG MX 2MIN
DY MAX MIN AVG DEP HDD CDD  WTR  SNW DPTH SPD SPD DIR MIN PSBL S-S WX    SPD DR
================================================================================

 1  71  41  56  -3   9   0 0.00    M    M  5.0  9 130   M    M   4 12     13 130
 2  83  54  69  10   0   4 0.00    M    M  9.0 16 170   M    M   3        24 160
 3  74  44  59   1   6   0 0.44    M    M 14.1 28 300   M    M   8 13     38 300
 4  46  41  44 -14  21   0    T    M    M 13.1 25 270   M    M  10        35 270
 5  58  43  51  -6  14   0    T    M    M  9.2 21 240   M    M   8        29 240
 6  66  43  55  -2  10   0 0.15    M    M  8.7 24 260   M    M   5 3      38 250
 7  62  48  55  -2  10   0 0.05    M    M  9.1 18 250   M    M   7 1      27 240
 8  66  43  55  -1  10   0 0.00    M    M  9.2 26 280   M    M   1        35 280
 9  56  43  50  -6  15   0 0.45    M    M  4.3 10 250   M    M   8 1      14 240
10  54  45  50  -6  15   0    T    M    M  6.4 14  40   M    M   4 1      16  40
11  59  36  48  -7  17   0 0.00    M    M  7.1 15  50   M    M   0        19  70
12  66  37  52  -3  13   0 0.04    M    M  7.8 14 150   M    M   5 1      23 150
13  78  61  70  15   0   5 0.40    M    M 11.7 23 200   M    M   6 13     35 190
14  67  54  61   7   4   0 0.59    M    M 11.1 22 150   M    M   7 1      34 140
15  58  53  56   2   9   0 0.03    M    M  4.7 10 170   M    M   9 1      22 220
16  62  53  58   4   7   0 0.03    M    M  6.4 15 240   M    M  10 1      20 250
17  68  52  60   7   5   0 0.00    M    M 13.6 25 260   M    M   5        35 270
18  54  46  50  -3  15   0 0.09    M    M 11.1 22 330   M    M  10 1      27 330
19  56  35  46  -7  19   0 0.00    M    M  5.6 14 330   M    M   2 8      18 320
20  65  47  56   4   9   0 0.14    M    M  8.6 18 250   M    M   6 13     24 240
================================================================================
SM 1269  919       208   9  2.41    M    175.8          M      118
================================================================================
AV 63.5 46.0                               8.8 FASTST   M    M   6    MAX(MPH)
                                 MISC ---->  # 28 300               # 38  300
================================================================================
NOTES:
# LAST OF SEVERAL OCCURRENCES

COLUMN 17 PEAK WIND IN M.P.H.

PRELIMINARY LOCAL CLIMATOLOGICAL DATA (WS FORM: F-6) , PAGE 2

                                          STATION:  MUNCIE IN
                                          MONTH:    OCTOBER
                                          YEAR:     2014
                                          LATITUDE:   40 13 N
                                          LONGITUDE:  85 23 W

[TEMPERATURE DATA]      [PRECIPITATION DATA]       SYMBOLS USED IN COLUMN 16

AVERAGE MONTHLY: 54.7   TOTAL FOR MONTH:   2.41    1 = FOG OR MIST
DPTR FM NORMAL:  -0.8   DPTR FM NORMAL:    0.48    2 = FOG REDUCING VISIBILITY
HIGHEST:    83 ON  2    GRTST 24HR  0.66 ON 13-14      TO 1/4 MILE OR LESS
LOWEST:     35 ON 19                               3 = THUNDER
                        SNOW, ICE PELLETS, HAIL    4 = ICE PELLETS
                        TOTAL MONTH:    M          5 = HAIL
                        GRTST 24HR    M  ON   M    6 = FREEZING RAIN OR DRIZZLE
                        GRTST DEPTH:  M  ON   M    7 = DUSTSTORM OR SANDSTORM:
                                                       VSBY 1/2 MILE OR LESS
                                                   8 = SMOKE OR HAZE
[NO. OF DAYS WITH]      [WEATHER - DAYS WITH]      9 = BLOWING SNOW
                                                   X = TORNADO
MAX 32 OR BELOW:   0    0.01 INCH OR MORE:  11
MAX 90 OR ABOVE:   0    0.10 INCH OR MORE:   6
MIN 32 OR BELOW:   0    0.50 INCH OR MORE:   1
MIN  0 OR BELOW:   0    1.00 INCH OR MORE:   0

[HDD (BASE 65) ]
TOTAL THIS MO.   208    CLEAR  (SCALE 0-3)   3
DPTR FM NORMAL     4    PTCLDY (SCALE 4-7)  12
TOTAL FM JUL 1   348    CLOUDY (SCALE 8-10)  5
DPTR FM NORMAL    43

[CDD (BASE 65) ]
TOTAL THIS MO.     9
DPTR FM NORMAL    -4    [PRESSURE DATA]
TOTAL FM JAN 1   831    HIGHEST SLP M ON M
DPTR FM NORMAL  -121    LOWEST  SLP 29.51 ON 14

[REMARKS]
