000
CXUS53 KDMX 010701
CF6MIW
PRELIMINARY LOCAL CLIMATOLOGICAL DATA (WS FORM: F-6)

                                          STATION:   MARSHALLTOWN IA
                                          MONTH:     SEPTEMBER
                                          YEAR:      2016
                                          LATITUDE:   42  6 N
                                          LONGITUDE:  92 55 W

  TEMPERATURE IN F:       :PCPN:    SNOW:  WIND      :SUNSHINE: SKY     :PK WND
================================================================================
1   2   3   4   5  6A  6B    7    8   9   10  11  12  13   14  15   16   17  18
                                     12Z  AVG MX 2MIN
DY MAX MIN AVG DEP HDD CDD  WTR  SNW DPTH SPD SPD DIR MIN PSBL S-S WX    SPD DR
================================================================================

 1  77  52  65  -3   0   0 0.00  0.0    0  7.4 15  30   M    M   1        25  30
 2  75  51  63  -4   2   0 0.00  0.0    0  5.9 13 150   M    M   1        17 150
 3  76  52  64  -3   1   0 0.00  0.0    0  8.2 18 160   M    M   1        23 160
 4  79  59  69   2   0   4 0.00  0.0    0 11.8 22 150   M    M   1        27 150
 5  88  66  77  11   0  12 0.00  0.0    0 13.1 24 190   M    M   1        32 200
 6  91  73  82  16   0  17 0.00  0.0    0 13.1 25 190   M    M   1        30 200
 7  79  68  74   8   0   9 1.39  0.0    M  7.2 17 360   M    M   7 13     22 360
 8  84  63  74   8   0   9 0.01  0.0    0  4.8 14 310   M    M   4 123    18 300
 9  79  63  71   6   0   6 1.26  0.0    0  9.6 24 320   M    M   9 13     30 330
10  73  54  64  -1   1   0    T  0.0    0 11.1 24 330   M    M   2 1      32 320
11  76  49  63  -1   2   0 0.00  0.0    0 10.2 21 190   M    M   0        26 170
12  83  53  68   4   0   3 0.00  0.0    0 13.3 26 170   M    M   1 3      33 150
13  71  59  65   1   0   0 0.12  0.0    0  8.1 21 350   M    M   8 13     23 350
14  75  56  66   3   0   1 0.00  0.0    0  5.8 12 130   M    M   5        16  60
15  82  58  70   7   0   5 1.62  0.0    0 11.2 30 340   M    M   6 13     41 350
16  73  60  67   5   0   2 0.39  0.0    0  7.1 17 270   M    M   5 1      25 270
17  74  54  64   2   1   0 0.00  0.0    0  7.2 17 320   M    M   1        20 310
18  83  51  67   5   0   2 0.00  0.0    0 10.2 23 200   M    M   0        28 220
19  87  57  72  11   0   7 0.33  0.0    0  7.9 18  10   M    M   2 13     24  10
20  85  51  68   7   0   3 0.00  0.0    0  9.2 18 100   M    M   1 12     23 100
21  91  69  80  20   0  15 0.00  0.0    0 11.5 23 180   M    M   1 1      30 180
22  81  65  73  13   0   8 1.11  0.0    0 10.0 36  80   M    M   7 13     53  70
23  79  66  73  13   0   8 1.10  0.0    0 10.4 17 100   M    M   4 13     23 120
24  84  65  75  16   0  10 0.35  0.0    0 11.7 23 260   M    M   5 138    27 240
25  70  52  61   2   4   0 0.25  0.0    0 11.5 23 290   M    M   6 1      30 290
26  71  47  59   1   6   0 0.00  0.0    0 13.7 31 280   M    M   0        41 270
27  73  44  59   1   6   0 0.00  0.0    0 10.7 26 290   M    M   1        44 300
28  61  50  56  -1   9   0    T  0.0    0 12.6 23 350   M    M   9        28  20
29  74  49  62   5   3   0 0.00  0.0    0 10.4 18  20   M    M   0        24  30
30  65  49  57   1   8   0 0.00  0.0    0  8.3 15  30   M    M   7        18  10
================================================================================
SM 2339 1705        43 121  7.93     0.0 293.2          M       97
================================================================================
AV 78.0 56.8                               9.8 FASTST   M    M   3    MAX(MPH)
                                 MISC ---->  # 36  80               # 53   70
================================================================================
NOTES:
# LAST OF SEVERAL OCCURRENCES

COLUMN 17 PEAK WIND IN M.P.H.

PRELIMINARY LOCAL CLIMATOLOGICAL DATA (WS FORM: F-6) , PAGE 2

                                          STATION:  MARSHALLTOWN IA
                                          MONTH:    SEPTEMBER
                                          YEAR:     2016
                                          LATITUDE:   42  6 N
                                          LONGITUDE:  92 55 W

[TEMPERATURE DATA]      [PRECIPITATION DATA]       SYMBOLS USED IN COLUMN 16

AVERAGE MONTHLY: 67.4   TOTAL FOR MONTH:   7.93    1 = FOG OR MIST
DPTR FM NORMAL:   5.0   DPTR FM NORMAL:    4.56    2 = FOG REDUCING VISIBILITY
HIGHEST:    91 ON 21, 6 GRTST 24HR  2.01 ON 15-16      TO 1/4 MILE OR LESS
LOWEST:     44 ON 27                               3 = THUNDER
                        SNOW, ICE PELLETS, HAIL    4 = ICE PELLETS
                        TOTAL MONTH:   0.0 INCH    5 = HAIL
                        GRTST 24HR     0.0         6 = FREEZING RAIN OR DRIZZLE
                        GRTST DEPTH:   0           7 = DUSTSTORM OR SANDSTORM:
                                                       VSBY 1/2 MILE OR LESS
                                                   8 = SMOKE OR HAZE
[NO. OF DAYS WITH]      [WEATHER - DAYS WITH]      9 = BLOWING SNOW
                                                   X = TORNADO
MAX 32 OR BELOW:   0    0.01 INCH OR MORE:  11
MAX 90 OR ABOVE:   2    0.10 INCH OR MORE:  10
MIN 32 OR BELOW:   0    0.50 INCH OR MORE:   5
MIN  0 OR BELOW:   0    1.00 INCH OR MORE:   5

[HDD (BASE 65) ]
TOTAL THIS MO.    43    CLEAR  (SCALE 0-3)  17
DPTR FM NORMAL   -96    PTCLDY (SCALE 4-7)  10
TOTAL FM JUL 1    48    CLOUDY (SCALE 8-10)  3
DPTR FM NORMAL  -112

[CDD (BASE 65) ]
TOTAL THIS MO.   121
DPTR FM NORMAL    59    [PRESSURE DATA]
TOTAL FM JAN 1   910    HIGHEST SLP M ON M
DPTR FM NORMAL   192    LOWEST  SLP 29.79 ON 27

[REMARKS]
#FINAL-09-16#
