525
CXUS53 KDMX 270920
CF6MIW
PRELIMINARY LOCAL CLIMATOLOGICAL DATA (WS FORM: F-6)

                                          STATION:   MARSHALLTOWN IA
                                          MONTH:     JUNE
                                          YEAR:      2017
                                          LATITUDE:   42  6 N
                                          LONGITUDE:  92 55 W

  TEMPERATURE IN F:       :PCPN:    SNOW:  WIND      :SUNSHINE: SKY     :PK WND
================================================================================
1   2   3   4   5  6A  6B    7    8   9   10  11  12  13   14  15   16   17  18
                                     12Z  AVG MX 2MIN
DY MAX MIN AVG DEP HDD CDD  WTR  SNW DPTH SPD SPD DIR MIN PSBL S-S WX    SPD DR
================================================================================

 1  81  45  63  -3   2   0 0.00  0.0    0  3.6 12 190   M    M   0 8      17 150
 2  86  57  72   6   0   7 0.00  0.0    0  9.9 20 190   M    M   0        25 200
 3  89  65  77  11   0  12 0.00  0.0    0 10.6 21 210   M    M   0        25 210
 4  91  62  77  10   0  12 0.04  0.0    0  7.4 17 330   M    M   1        23 340
 5  85  57  71   4   0   6 0.00  0.0    0 11.5 22  40   M    M   0        28  70
 6  81  53  67   0   0   2 0.00  0.0    0  7.1 12  80   M    M   0        16  99
 7  81  52  67  -1   0   2 0.00  0.0    0  5.2 12 130   M    M   0        16  60
 8  86  57  72   4   0   7 0.00  0.0    0  8.9 20 230   M    M   3        24 240
 9  89  60  75   7   0  10 0.00  0.0    0 10.1 21 250   M    M   1        25 220
10  91  68  80  12   0  15 0.00  0.0    0 19.7 32 190   M    M   0        41 190
11  94  73  84  15   0  19 0.00  0.0    0 18.9 32 180   M    M   0        40 180
12  91  71  81  12   0  16 0.00  0.0    0 12.0 37  10   M    M   2        43  20
13  93  71  82  13   0  17 0.00  0.0    0 16.1 30 150   M    M   1        39 150
14  86  65  76   7   0  11 1.68  0.0    0  9.2 30 310   M    M   4 13     39 300
15  89  65  77   7   0  12    T  0.0    0  6.6 26 220   M    M   0 138    32 210
16  86  66  76   6   0  11 1.03  0.0    0  9.0 24 300   M    M   1 13     39 330
17  81  65  73   3   0   8 0.03  0.0    0  5.2 20 310   M    M   6 12     28 320
18  76  58  67  -3   0   2    T  0.0    0 13.0 25 300   M    M   3        33 310
19  79  54  67  -3   0   2 0.00  0.0    0 10.0 25 320   M    M   2        32 310
20  87  56  72   1   0   7 0.00  0.0    0 10.6 26 290   M    M   1        32 300
21  81  58  70  -1   0   5 0.01  0.0    0 11.6 24 140   M    M   3 3      31 180
22  86  69  78   7   0  13 0.08  0.0    0 11.1 26 200   M    M   4 138    34 190
23  75  57  66  -5   0   1 0.00  0.0    0 13.5 26 320   M    M   4 1      32 320
24  75  51  63  -9   2   0 0.00  0.0    0 12.2 26 290   M    M   2        35 290
25  72  48  60 -12   5   0 0.00  0.0    0 12.0 25 310   M    M   2        32 310
26  73  50  62 -10   3   0    T  0.0    0  7.7 20 310   M    M   3        25 310
================================================================================
SM 2184 1553        12 197  2.87     0.0 272.7          M       43
================================================================================
AV 84.0 59.7                              10.5 FASTST   M    M   2    MAX(MPH)
                                 MISC ---->  # 37  10               # 43   20
================================================================================
NOTES:
# LAST OF SEVERAL OCCURRENCES

COLUMN 17 PEAK WIND IN M.P.H.

PRELIMINARY LOCAL CLIMATOLOGICAL DATA (WS FORM: F-6) , PAGE 2

                                          STATION:  MARSHALLTOWN IA
                                          MONTH:    JUNE
                                          YEAR:     2017
                                          LATITUDE:   42  6 N
                                          LONGITUDE:  92 55 W

[TEMPERATURE DATA]      [PRECIPITATION DATA]       SYMBOLS USED IN COLUMN 16

AVERAGE MONTHLY: 71.9   TOTAL FOR MONTH:   2.87    1 = FOG OR MIST
DPTR FM NORMAL:   2.8   DPTR FM NORMAL:   -1.62    2 = FOG REDUCING VISIBILITY
HIGHEST:    94 ON 11    GRTST 24HR  1.68 ON 14-14      TO 1/4 MILE OR LESS
LOWEST:     45 ON  1                               3 = THUNDER
                        SNOW, ICE PELLETS, HAIL    4 = ICE PELLETS
                        TOTAL MONTH:   0.0 INCH    5 = HAIL
                        GRTST 24HR     0.0         6 = FREEZING RAIN OR DRIZZLE
                        GRTST DEPTH:   0           7 = DUSTSTORM OR SANDSTORM:
                                                       VSBY 1/2 MILE OR LESS
                                                   8 = SMOKE OR HAZE
[NO. OF DAYS WITH]      [WEATHER - DAYS WITH]      9 = BLOWING SNOW
                                                   X = TORNADO
MAX 32 OR BELOW:   0    0.01 INCH OR MORE:   6
MAX 90 OR ABOVE:   5    0.10 INCH OR MORE:   2
MIN 32 OR BELOW:   0    0.50 INCH OR MORE:   2
MIN  0 OR BELOW:   0    1.00 INCH OR MORE:   2

[HDD (BASE 65) ]
TOTAL THIS MO.    12    CLEAR  (SCALE 0-3)  22
DPTR FM NORMAL   -16    PTCLDY (SCALE 4-7)   4
TOTAL FM JUL 1  5828    CLOUDY (SCALE 8-10)  0
DPTR FM NORMAL -1184

[CDD (BASE 65) ]
TOTAL THIS MO.   197
DPTR FM NORMAL    63    [PRESSURE DATA]
TOTAL FM JAN 1   233    HIGHEST SLP M ON M
DPTR FM NORMAL    49    LOWEST  SLP 29.50 ON 16

[REMARKS]
