000
CXUS53 KDMX 280920
CF6MIW
PRELIMINARY LOCAL CLIMATOLOGICAL DATA (WS FORM: F-6)

                                          STATION:   MARSHALLTOWN IA
                                          MONTH:     APRIL
                                          YEAR:      2016
                                          LATITUDE:   42  6 N
                                          LONGITUDE:  92 55 W

  TEMPERATURE IN F:       :PCPN:    SNOW:  WIND      :SUNSHINE: SKY     :PK WND
================================================================================
1   2   3   4   5  6A  6B    7    8   9   10  11  12  13   14  15   16   17  18
                                     12Z  AVG MX 2MIN
DY MAX MIN AVG DEP HDD CDD  WTR  SNW DPTH SPD SPD DIR MIN PSBL S-S WX    SPD DR
================================================================================

 1  48  32  40  -4  25   0 0.09  0.0    0 15.1 28 310   M    M   8 1      34 320
 2  43  28  36  -8  29   0 0.00  0.0    0 22.1 43 310   M    M   1        55 300
 3  80  29  55  11  10   0    T  0.0    0 20.1 38 260   M    M   2        49 260
 4  48  29  39  -6  26   0 0.00  0.0    0 11.5 23 350   M    M   0        27 350
 5  47  27  37  -8  28   0 0.34  0.0    0 17.8 36 140   M    M   6 1      42 140
 6  57  38  48   2  17   0 0.03  0.0    0 19.2 33 310   M    M   8 1      40 300
 7  47  37  42  -4  23   0 0.04    M    0 13.0 29 320   M    M  10        34 310
 8  43  24  34 -12  31   0 0.00  0.0    0 20.9 41 300   M    M   4        49 300
 9  47  17  32 -15  33   0 0.00  0.0    0 12.6 25 160   M    M   1        32 140
10  64  39  52   5  13   0 0.01    M    0 13.4 28 320   M    M   5        35 320
11  49  25  37 -10  28   0 0.00  0.0    0 16.0 31 320   M    M   0        37 330
12  57  19  38 -10  27   0 0.00  0.0    0  8.9 21 160   M    M   1        25 180
13  69  41  55   7  10   0 0.00  0.0    0 13.6 21 160   M    M   1        28 190
14  71  42  57   9   8   0 0.00  0.0    0 12.6 22 150   M    M   1        29 160
15  77  45  61  12   4   0 0.00  0.0    0 15.8 29 160   M    M   2        37 160
16  80  51  66  17   0   1 0.00  0.0    0 14.6 31 160   M    M   0        38 150
17  78  55  67  17   0   2 0.00  0.0    0 11.2 23 150   M    M   5        29 140
18  78  54  66  16   0   1 0.02  0.0    0 11.5 25 140   M    M   5 1      33 140
19  68  51  60  10   5   0    T  0.0    0  8.2 18  90   M    M   9 1      22 100
20  64  44  54   3  11   0 0.39    M    0 11.8 21 200   M    M   8 18     26 210
21  69  43  56   5   9   0 0.11    M    0  6.8 18  60   M    M   4 13     23  80
22  58  43  51   0  14   0 0.00  0.0    0  8.9 20 350   M    M   5 1      24 350
23  69  38  54   2  11   0 0.00  0.0    0 11.0 23 160   M    M   4 12     27 160
24  80  54  67  15   0   2 0.00  0.0    0 16.2 28 170   M    M   1        36 160
25  74  49  62  10   3   0 0.00    M    0 14.0 25 250   M    M   2 1      30 250
26  66  46  56   3   9   0 0.00  0.0    0 13.7 28  70   M    M   4 18     33  70
27  48  43  46  -7  19   0 0.56    M    0 21.3 33  90   M    M  10 13     39  80
================================================================================
SM 1679 1043       393   6  1.59     0.0 381.8          M      107
================================================================================
AV 62.2 38.6                              14.1 FASTST   M    M   4    MAX(MPH)
                                 MISC ---->  # 43 310               # 55  300
================================================================================
NOTES:
# LAST OF SEVERAL OCCURRENCES

COLUMN 17 PEAK WIND IN M.P.H.

PRELIMINARY LOCAL CLIMATOLOGICAL DATA (WS FORM: F-6) , PAGE 2

                                          STATION:  MARSHALLTOWN IA
                                          MONTH:    APRIL
                                          YEAR:     2016
                                          LATITUDE:   42  6 N
                                          LONGITUDE:  92 55 W

[TEMPERATURE DATA]      [PRECIPITATION DATA]       SYMBOLS USED IN COLUMN 16

AVERAGE MONTHLY: 50.4   TOTAL FOR MONTH:   1.59    1 = FOG OR MIST
DPTR FM NORMAL:   2.0   DPTR FM NORMAL:   -1.34    2 = FOG REDUCING VISIBILITY
HIGHEST:    80 ON 24,16 GRTST 24HR  0.56 ON 27-27      TO 1/4 MILE OR LESS
LOWEST:     17 ON  9                               3 = THUNDER
                        SNOW, ICE PELLETS, HAIL    4 = ICE PELLETS
                        TOTAL MONTH:   0.0 INCH    5 = HAIL
                        GRTST 24HR     0.0         6 = FREEZING RAIN OR DRIZZLE
                        GRTST DEPTH:   0           7 = DUSTSTORM OR SANDSTORM:
                                                       VSBY 1/2 MILE OR LESS
                                                   8 = SMOKE OR HAZE
[NO. OF DAYS WITH]      [WEATHER - DAYS WITH]      9 = BLOWING SNOW
                                                   X = TORNADO
MAX 32 OR BELOW:   0    0.01 INCH OR MORE:   9
MAX 90 OR ABOVE:   0    0.10 INCH OR MORE:   4
MIN 32 OR BELOW:   9    0.50 INCH OR MORE:   1
MIN  0 OR BELOW:   0    1.00 INCH OR MORE:   0

[HDD (BASE 65) ]
TOTAL THIS MO.   393    CLEAR  (SCALE 0-3)  12
DPTR FM NORMAL   -56    PTCLDY (SCALE 4-7)  12
TOTAL FM JUL 1  5673    CLOUDY (SCALE 8-10)  3
DPTR FM NORMAL -1077

[CDD (BASE 65) ]
TOTAL THIS MO.     6
DPTR FM NORMAL     6    [PRESSURE DATA]
TOTAL FM JAN 1     6    HIGHEST SLP M ON M
DPTR FM NORMAL     6    LOWEST  SLP 29.55 ON 25

[REMARKS]
