000
CXUS53 KDMX 280920
CF6MIW
PRELIMINARY LOCAL CLIMATOLOGICAL DATA (WS FORM: F-6)

                                          STATION:   MARSHALLTOWN IA
                                          MONTH:     FEBRUARY
                                          YEAR:      2015
                                          LATITUDE:   42  6 N
                                          LONGITUDE:  92 55 W

  TEMPERATURE IN F:       :PCPN:    SNOW:  WIND      :SUNSHINE: SKY     :PK WND
================================================================================
1   2   3   4   5  6A  6B    7    8   9   10  11  12  13   14  15   16   17  18
                                     12Z  AVG MX 2MIN
DY MAX MIN AVG DEP HDD CDD  WTR  SNW DPTH SPD SPD DIR MIN PSBL S-S WX    SPD DR
================================================================================

 1  32   7  20   0  45   0 0.12    M    M 21.5 37  60   M    M   9 1289   43  60
 2  12 -11   1 -19  64   0    T    M    M  8.1 16 340   M    M   3        21 330
 3  20  -2   9 -11  56   0    T    M    M  4.6 17 110   M    M   4 1      18 110
 4  17  -9   4 -16  61   0    M    M    M 12.7 22 340   M    M   5 18     25 340
 5  14 -16  -1 -21  66   0 0.00  0.0    M  9.1 23 190   M    M   0 18     27 180
 6  32   8  20  -1  45   0 0.00  0.0    M  7.3 14 150   M    M   1 1      16 190
 7  41  19  30   9  35   0 0.00  0.0    M  9.1 21 190   M    M   0 1      26 200
 8  38  31  35  14  30   0    T    M    M 12.6 23 340   M    M   6 18     27 340
 9  31  21  26   5  39   0 0.00  0.0    M  6.9 14  20   M    M   9 18     15  20
10  34  20  27   5  38   0    T    M    M 12.1 23 160   M    M   6 18     31 150
11  36   7  22   0  43   0    T    M    M 24.6 37 330   M    M   7 1      45 320
12  12   1   7 -15  58   0 0.00  0.0    M 10.8 31 330   M    M   1        40 340
13  31  11  21  -1  44   0    T    M    M 12.9 28 320   M    M   5        33 310
14  24   0  12 -11  53   0    T    M    M 18.8 33 340   M    M   3        41 330
15   9   2   6 -17  59   0 0.00  0.0    M 10.5 18  70   M    M   9        22  80
16  22   7  15  -8  50   0 0.00  0.0    M  7.9 23 330   M    M  10        27 340
17  19   6  13 -11  52   0    T    M    M 13.0 28 300   M    M   6 18     32 300
18   8  -3   3 -21  62   0    T    M    M 19.4 31 320   M    M   3 8      37 320
19  10  -9   1 -23  64   0 0.00  0.0    M  5.3 15 320   M    M   2        19 320
20  32   8  20  -5  45   0 0.00  0.0    M 11.3 23 180   M    M   8        28 170
21  30   9  20  -5  45   0 0.00  0.0    M 11.1 22 330   M    M   8 18     27 320
22  12  -4   4 -21  61   0 0.00  0.0    M 14.8 25 320   M    M   1        30 310
23  14 -11   2 -24  63   0 0.00  0.0    M  8.6 21 220   M    M   0        27 210
24  38  11  25  -1  40   0 0.00  0.0    M 16.3 32 310   M    M   4        38 310
25  20   5  13 -14  52   0 0.02    M    M 13.9 24  80   M    M  10 128    29  90
26   7 -15  -4 -31  69   0 0.00  0.0    M 13.8 21 340   M    M   2        25 340
27   8 -19  -5 -33  70   0 0.00  0.0    M  5.0  9 300   M    M   0        10 290
================================================================================
SM  603   74      1409   0  0.14     0.0 322.0          M      122
================================================================================
AV 22.3  2.7                              11.9 FASTST   M    M   5    MAX(MPH)
                                 MISC ---->  # 37  60               # 45  320
================================================================================
NOTES:
# LAST OF SEVERAL OCCURRENCES

COLUMN 17 PEAK WIND IN M.P.H.

PRELIMINARY LOCAL CLIMATOLOGICAL DATA (WS FORM: F-6) , PAGE 2

                                          STATION:  MARSHALLTOWN IA
                                          MONTH:    FEBRUARY
                                          YEAR:     2015
                                          LATITUDE:   42  6 N
                                          LONGITUDE:  92 55 W

[TEMPERATURE DATA]      [PRECIPITATION DATA]       SYMBOLS USED IN COLUMN 16

AVERAGE MONTHLY: 12.5   TOTAL FOR MONTH:   0.14    1 = FOG OR MIST
DPTR FM NORMAL: -10.5   DPTR FM NORMAL:   -0.60    2 = FOG REDUCING VISIBILITY
HIGHEST:    41 ON  7    GRTST 24HR  0.66 ON 31- 1      TO 1/4 MILE OR LESS
LOWEST:    -19 ON 27                               3 = THUNDER
                        SNOW, ICE PELLETS, HAIL    4 = ICE PELLETS
                        TOTAL MONTH:   0.0 INCH    5 = HAIL
                        GRTST 24HR     0.0         6 = FREEZING RAIN OR DRIZZLE
                        GRTST DEPTH:  M  ON   M    7 = DUSTSTORM OR SANDSTORM:
                                                       VSBY 1/2 MILE OR LESS
                                                   8 = SMOKE OR HAZE
[NO. OF DAYS WITH]      [WEATHER - DAYS WITH]      9 = BLOWING SNOW
                                                   X = TORNADO
MAX 32 OR BELOW:  22    0.01 INCH OR MORE:   2
MAX 90 OR ABOVE:   0    0.10 INCH OR MORE:   1
MIN 32 OR BELOW:  27    0.50 INCH OR MORE:   0
MIN  0 OR BELOW:  11    1.00 INCH OR MORE:   0

[HDD (BASE 65) ]
TOTAL THIS MO.  1409    CLEAR  (SCALE 0-3)  12
DPTR FM NORMAL   277    PTCLDY (SCALE 4-7)   9
TOTAL FM JUL 1  5554    CLOUDY (SCALE 8-10)  6
DPTR FM NORMAL   189

[CDD (BASE 65) ]
TOTAL THIS MO.     0
DPTR FM NORMAL     0    [PRESSURE DATA]
TOTAL FM JAN 1     0    HIGHEST SLP M ON M
DPTR FM NORMAL     0    LOWEST  SLP 29.58 ON  7

[REMARKS]
