000
CXUS55 KEAX 250736
CF6MKC
PRELIMINARY LOCAL CLIMATOLOGICAL DATA (WS FORM: F-6)

                                          STATION:   Downtown Kansas City MO
                                          MONTH:     SEPTEMBER
                                          YEAR:      2016
                                          LATITUDE:   39  7 N
                                          LONGITUDE:  94 36 W

  TEMPERATURE IN F:       :PCPN:    SNOW:  WIND      :SUNSHINE: SKY     :PK WND
================================================================================
1   2   3   4   5  6A  6B    7    8   9   10  11  12  13   14  15   16   17  18
                                     12Z  AVG MX 2MIN
DY MAX MIN AVG DEP HDD CDD  WTR  SNW DPTH SPD SPD DIR MIN PSBL S-S WX    SPD DR
================================================================================

 1  80  62  71  -5   0   6 0.00    M    M  7.3 16  70   M    M   1        21  70
 2  79  61  70  -6   0   5 0.00    M    M  6.4 14  90   M    M   1        19  50
 3  81  61  71  -4   0   6 0.00    M    M  7.2 14 110   M    M   2        20 120
 4  84  66  75   0   0  10 0.00    M    M  8.9 17 130   M    M   0        24 130
 5  91  71  81   6   0  16 0.00    M    M 12.4 23 200   M    M   1        29 210
 6  93  77  85  11   0  20 0.00    M    M 13.3 26 210   M    M   0        32 220
 7  91  79  85  11   0  20 0.00    M    M 12.2 23 210   M    M   3        29 180
 8  84  75  80   6   0  15 0.80    M    M  6.8 20 240   M    M   7 13     29 250
 9  87  69  78   5   0  13 0.77    M    M  5.6 23 170   M    M   5 13     29 170
10  76  60  68  -5   0   3 0.01    M    M  6.9 16 320   M    M   2        25 340
11  79  57  68  -4   0   3 0.00    M    M  7.1 15 180   M    M   0 8      22 170
12  86  64  75   3   0  10 0.00    M    M 10.6 18 190   M    M   0        23 190
13  85  67  76   5   0  11 0.13    M    M  7.3 18  60   M    M   7 13     23  60
14  79  66  73   2   0   8 1.04    M    M  7.6 16 330   M    M   7 13     26 330
15  87  67  77   6   0  12 0.00    M    M  6.7 20 180   M    M   1 1      24 180
16  74  66  70   0   0   5 0.28    M    M  4.9 17 350   M    M   6 13     26 350
17  84  64  74   4   0   9 0.00    M    M  3.9 13 280   M    M   4        16 250
18  85  62  74   5   0   9 0.00    M    M  4.7 14 180   M    M   0        17 150
19  91  68  80  11   0  15 0.00    M    M  7.8 16 200   M    M   1        20 180
20  94  70  82  14   0  17 0.00    M    M  5.6 13 180   M    M   0        16 180
21  92  76  84  16   0  19 0.00    M    M  9.7 16 180   M    M   1        22 170
22  91  71  81  13   0  16 0.00    M    M  9.6 18 190   M    M   0        23 200
23  90  70  80  13   0  15 0.00    M    M  7.5 15 180   M    M   0        20 180
24  91  71  81  14   0  16 0.11    M    M  8.5 20 180   M    M   3 13     25 170
================================================================================
SM 2054 1620         0 279  3.14    M    188.5          M       52
================================================================================
AV 85.6 67.5                               7.9 FASTST   M    M   2    MAX(MPH)
                                 MISC ---->  # 26 210               # 32  220
================================================================================
NOTES:
# LAST OF SEVERAL OCCURRENCES

COLUMN 17 PEAK WIND IN M.P.H.

PRELIMINARY LOCAL CLIMATOLOGICAL DATA (WS FORM: F-6) , PAGE 2

                                          STATION:  Downtown Kansas City MO
                                          MONTH:    SEPTEMBER
                                          YEAR:     2016
                                          LATITUDE:   39  7 N
                                          LONGITUDE:  94 36 W

[TEMPERATURE DATA]      [PRECIPITATION DATA]       SYMBOLS USED IN COLUMN 16

AVERAGE MONTHLY: 76.5   TOTAL FOR MONTH:   3.14    1 = FOG OR MIST
DPTR FM NORMAL:   5.0   DPTR FM NORMAL:   -0.25    2 = FOG REDUCING VISIBILITY
HIGHEST:    94 ON 20    GRTST 24HR  1.17 ON 13-14      TO 1/4 MILE OR LESS
LOWEST:     57 ON 11                               3 = THUNDER
                        SNOW, ICE PELLETS, HAIL    4 = ICE PELLETS
                        TOTAL MONTH:    M          5 = HAIL
                        GRTST 24HR    M  ON   M    6 = FREEZING RAIN OR DRIZZLE
                        GRTST DEPTH:  M  ON   M    7 = DUSTSTORM OR SANDSTORM:
                                                       VSBY 1/2 MILE OR LESS
                                                   8 = SMOKE OR HAZE
[NO. OF DAYS WITH]      [WEATHER - DAYS WITH]      9 = BLOWING SNOW
                                                   X = TORNADO
MAX 32 OR BELOW:   0    0.01 INCH OR MORE:   7
MAX 90 OR ABOVE:   9    0.10 INCH OR MORE:   6
MIN 32 OR BELOW:   0    0.50 INCH OR MORE:   3
MIN  0 OR BELOW:   0    1.00 INCH OR MORE:   1

[HDD (BASE 65) ]
TOTAL THIS MO.     0    CLEAR  (SCALE 0-3)  17
DPTR FM NORMAL   -21    PTCLDY (SCALE 4-7)   7
TOTAL FM JUL 1     0    CLOUDY (SCALE 8-10)  0
DPTR FM NORMAL   -22

[CDD (BASE 65) ]
TOTAL THIS MO.   279
DPTR FM NORMAL    99    [PRESSURE DATA]
TOTAL FM JAN 1  1854    HIGHEST SLP  0.00 ON M
DPTR FM NORMAL   242    LOWEST  SLP  0.00 ON M

[REMARKS]
