000
CXUS53 KMPX 260700
CF6MKT
PRELIMINARY LOCAL CLIMATOLOGICAL DATA (WS FORM: F-6)

                                          STATION:   MANKATO MN
                                          MONTH:     JULY
                                          YEAR:      2016
                                          LATITUDE:   44 13 N
                                          LONGITUDE:  93 55 W

  TEMPERATURE IN F:       :PCPN:    SNOW:  WIND      :SUNSHINE: SKY     :PK WND
================================================================================
1   2   3   4   5  6A  6B    7    8   9   10  11  12  13   14  15   16   17  18
                                     12Z  AVG MX 2MIN
DY MAX MIN AVG DEP HDD CDD  WTR  SNW DPTH SPD SPD DIR MIN PSBL S-S WX    SPD DR
================================================================================

 1  72  54  63  -9   2   0    M    M    M  5.9 13  40   M    M   0         M  M
 2  79  57  68  -4   0   3    M    M    M  6.0  9 160   M    M   2         M  M
 3  77  55  66  -6   0   1    M    M    M  6.8 14 140   M    M   1        17 160
 4  77  57  67  -5   0   2    M    M    M  8.3 13 190   M    M   6        17 190
 5  90  64  77   5   0  12    M    M    M 10.3 24  10   M    M   2 3      32  10
 6  82  63  73   1   0   8    M    M    M  5.5 10 350   M    M   1         M  M
 7  81  64  73   1   0   8    M    M    M  7.3 24  70   M    M   3 3       M  M
 8  77  63  70  -2   0   5    M    M    M 12.7 23 300   M    M   2        28 310
 9  81  61  71  -1   0   6    M    M    M  6.1 13 150   M    M   1         M  M
10  79  64  72   0   0   7    M    M    M 11.6 22 200   M    M   3 3      30 190
11  88  72  80   8   0  15    M    M    M 13.7 22 160   M    M   2 3      32 230
12  82  66  74   2   0   9    M    M    M 11.9 21 250   M    M   0        28 260
13  81  64  73   1   0   8    M    M    M 10.3 18 290   M    M   1 3      24 290
14  72  61  67  -5   0   2    M    M    M 13.2 22 310   M    M   6        33 300
15  75  61  68  -4   0   3    M    M    M  6.2 14 330   M    M   4         M  M
16  79  57  68  -4   0   3    M    M    M  8.7 25  60   M    M   3 3      39  60
17  82  63  73   1   0   8    M    M    M 11.6 28 140   M    M   2 3      36 140
18  82  63  73   1   0   8    M    M    M  3.4  7 190   M    M   0         M  M
19  82  66  74   2   0   9    M    M    M 10.4 17 140   M    M   2        25 140
20  90  70  80   8   0  15    M    M    M 12.7 16 170   M    M   1 3      23 170
21  91  75  83  11   0  18    M    M    M  7.3 18  30   M    M   2        20 200
22  91  77  84  12   0  19    M    M    M  7.6 12 120   M    M   3         M  M
23  81  72  77   5   0  12    M    M    M 11.3 21 130   M    M   4 3      23 140
24  81  66  74   2   0   9    M    M    M 10.2 16 300   M    M   2        22 310
25  82  63  73   1   0   8    M    M    M  4.8 10 310   M    M   0         M  M
================================================================================
SM 2034 1598         2 198    M     M    223.8          M       53
================================================================================
AV 81.4 63.9                               9.0 FASTST   M    M   2    MAX(MPH)
                                 MISC ---->    28   M                 39    M
================================================================================
NOTES:
# LAST OF SEVERAL OCCURRENCES

COLUMN 17 PEAK WIND IN M.P.H.

PRELIMINARY LOCAL CLIMATOLOGICAL DATA (WS FORM: F-6) , PAGE 2

                                          STATION:  MANKATO MN
                                          MONTH:    JULY
                                          YEAR:     2016
                                          LATITUDE:   44 13 N
                                          LONGITUDE:  93 55 W

[TEMPERATURE DATA]      [PRECIPITATION DATA]       SYMBOLS USED IN COLUMN 16

AVERAGE MONTHLY: 72.6   TOTAL FOR MONTH:      M    1 = FOG OR MIST
DPTR FM NORMAL:   0.6   DPTR FM NORMAL:       M    2 = FOG REDUCING VISIBILITY
HIGHEST:    91 ON 22,21 GRTST 24HR    M  ON   M        TO 1/4 MILE OR LESS
LOWEST:     54 ON  1                               3 = THUNDER
                        SNOW, ICE PELLETS, HAIL    4 = ICE PELLETS
                        TOTAL MONTH:    M          5 = HAIL
                        GRTST 24HR    M  ON   M    6 = FREEZING RAIN OR DRIZZLE
                        GRTST DEPTH:  M  ON   M    7 = DUSTSTORM OR SANDSTORM:
                                                       VSBY 1/2 MILE OR LESS
                                                   8 = SMOKE OR HAZE
[NO. OF DAYS WITH]      [WEATHER - DAYS WITH]      9 = BLOWING SNOW
                                                   X = TORNADO
MAX 32 OR BELOW:   0    0.01 INCH OR MORE:   0
MAX 90 OR ABOVE:   4    0.10 INCH OR MORE:   0
MIN 32 OR BELOW:   0    0.50 INCH OR MORE:   0
MIN  0 OR BELOW:   0    1.00 INCH OR MORE:   0

[HDD (BASE 65) ]
TOTAL THIS MO.     2    CLEAR  (SCALE 0-3)  20
DPTR FM NORMAL     2    PTCLDY (SCALE 4-7)   5
TOTAL FM JUL 1     2    CLOUDY (SCALE 8-10)  0
DPTR FM NORMAL     2

[CDD (BASE 65) ]
TOTAL THIS MO.   198
DPTR FM NORMAL     7    [PRESSURE DATA]
TOTAL FM JAN 1   450    HIGHEST SLP M ON M
DPTR FM NORMAL    74    LOWEST  SLP M ON M

[REMARKS]
