000
CXUS53 KMPX 271000
CF6MKT
PRELIMINARY LOCAL CLIMATOLOGICAL DATA (WS FORM: F-6)

                                          STATION:   MANKATO MN
                                          MONTH:     MAY
                                          YEAR:      2017
                                          LATITUDE:   44 13 N
                                          LONGITUDE:  93 55 W

  TEMPERATURE IN F:       :PCPN:    SNOW:  WIND      :SUNSHINE: SKY     :PK WND
================================================================================
1   2   3   4   5  6A  6B    7    8   9   10  11  12  13   14  15   16   17  18
                                     12Z  AVG MX 2MIN
DY MAX MIN AVG DEP HDD CDD  WTR  SNW DPTH SPD SPD DIR MIN PSBL S-S WX    SPD DR
================================================================================

 1  41  35  38 -15  27   0 0.14    M    M 17.8 29  10   M    M  10 1      32 320
 2  60  39  50  -4  15   0    T    M    M 10.4 20 330   M    M   3        25 330
 3  64  39  52  -2  13   0    T    M    M  9.0 15 200   M    M   4        22 200
 4  67  42  55   1  10   0 0.00    M    M  8.0 16  50   M    M   2        25  20
 5  77  43  60   5   5   0 0.00    M    M  7.0 20  30   M    M   2        30  30
 6  69  45  57   2   8   0 0.00    M    M  7.8 14 360   M    M   0        21  10
 7  69  49  59   3   6   0 0.00    M    M 11.1 16 120   M    M   2        18  90
 8  79  50  65   9   0   0 0.03    M    M 18.2 23 130   M    M   0 3      29 130
 9  71  48  60   4   5   0 0.01    M    M  7.1 12 340   M    M   1 1       M  M
10  66  53  60   4   5   0    T    M    M  5.2 16 360   M    M   0         M  M
11  65  45  55  -2  10   0 0.00    M    M  8.1 18 360   M    M   0        16 360
12  78  43  61   4   4   0 0.00    M    M  5.0 10 230   M    M   3         M  M
13  85  56  71  13   0   6 0.00    M    M  9.9 17 240   M    M   2        25 240
14  88  57  73  15   0   8 0.00    M    M 10.5 18 170   M    M   1 8      25 170
15  74  62  68  10   0   3 0.04    M    M 10.9 15 140   M    M   2 38      M  M
16  83  64  74  16   0   9 0.25    M    M  9.5 16 210   M    M   5 3      22 210
17  71  57  64   5   1   0 0.88    M    M  8.6 13 160   M    M   9 13      M  M
18  58  47  53  -6  12   0 0.20    M    M 15.4 21  20   M    M   9 1      32  30
19  52  44  48 -12  17   0 0.00    M    M 14.4 18  50   M    M   4        27  50
20  52  41  47 -13  18   0 1.30    M    M 13.3 16  70   M    M  10 1      30  80
21  51  44  48 -12  17   0 0.09    M    M 14.2 21 270   M    M   8 1      28 250
22   M   M   M   M   M   M 0.31    M    M  5.5  9 280   M    M   4         M  M
23  56  47  52  -9  13   0 0.14    M    M  8.5 12 350   M    M   9         M  M
24  60  44  52  -9  13   0 0.00    M    M  7.0 13  10   M    M   7         M  M
25  70  46  58  -3   7   0    T    M    M 11.4 17 150   M    M   2        23 150
26  78  57  68   6   0   3 0.00    M    M  8.7 15 290   M    M   4        24 250
================================================================================
SM 1684 1197       206  29  3.39    M    262.5          M      103
================================================================================
AV 67.4 47.9                              10.1 FASTST   M    M   4    MAX(MPH)
                                 MISC ---->  # 29  10               # 32  320
================================================================================
NOTES:
# LAST OF SEVERAL OCCURRENCES

COLUMN 17 PEAK WIND IN M.P.H.

PRELIMINARY LOCAL CLIMATOLOGICAL DATA (WS FORM: F-6) , PAGE 2

                                          STATION:  MANKATO MN
                                          MONTH:    MAY
                                          YEAR:     2017
                                          LATITUDE:   44 13 N
                                          LONGITUDE:  93 55 W

[TEMPERATURE DATA]      [PRECIPITATION DATA]       SYMBOLS USED IN COLUMN 16

AVERAGE MONTHLY: 57.6   TOTAL FOR MONTH:   3.39    1 = FOG OR MIST
DPTR FM NORMAL:   0.0   DPTR FM NORMAL:    0.56    2 = FOG REDUCING VISIBILITY
HIGHEST:    88 ON 14    GRTST 24HR  1.30 ON 20-20      TO 1/4 MILE OR LESS
LOWEST:     35 ON  1                               3 = THUNDER
                        SNOW, ICE PELLETS, HAIL    4 = ICE PELLETS
                        TOTAL MONTH:    M          5 = HAIL
                        GRTST 24HR    M  ON   M    6 = FREEZING RAIN OR DRIZZLE
                        GRTST DEPTH:  M  ON   M    7 = DUSTSTORM OR SANDSTORM:
                                                       VSBY 1/2 MILE OR LESS
                                                   8 = SMOKE OR HAZE
[NO. OF DAYS WITH]      [WEATHER - DAYS WITH]      9 = BLOWING SNOW
                                                   X = TORNADO
MAX 32 OR BELOW:   0    0.01 INCH OR MORE:  11
MAX 90 OR ABOVE:   0    0.10 INCH OR MORE:   7
MIN 32 OR BELOW:   0    0.50 INCH OR MORE:   2
MIN  0 OR BELOW:   0    1.00 INCH OR MORE:   1

[HDD (BASE 65) ]
TOTAL THIS MO.   206    CLEAR  (SCALE 0-3)  14
DPTR FM NORMAL   -12    PTCLDY (SCALE 4-7)   6
TOTAL FM JUL 1  6487    CLOUDY (SCALE 8-10)  6
DPTR FM NORMAL -1252

[CDD (BASE 65) ]
TOTAL THIS MO.    29
DPTR FM NORMAL     1    [PRESSURE DATA]
TOTAL FM JAN 1    29    HIGHEST SLP M ON M
DPTR FM NORMAL    -4    LOWEST  SLP M ON M

[REMARKS]
