000
CXUS54 KTSA 270840
CF6MLC
PRELIMINARY LOCAL CLIMATOLOGICAL DATA (WS FORM: F-6)

                                          STATION:   MCALESTER OKLAHOMA
                                          MONTH:     MARCH
                                          YEAR:      2015
                                          LATITUDE:   34 52 N
                                          LONGITUDE:  95 47 W

  TEMPERATURE IN F:       :PCPN:    SNOW:  WIND      :SUNSHINE: SKY     :PK WND
================================================================================
1   2   3   4   5  6A  6B    7    8   9   10  11  12  13   14  15   16   17  18
                                     12Z  AVG MX 2MIN
DY MAX MIN AVG DEP HDD CDD  WTR  SNW DPTH SPD SPD DIR MIN PSBL S-S WX    SPD DR
================================================================================

 1  35  31  33 -16  32   0 0.03    M    0  6.6 13  10   M    M  10 16     17  10
 2  41  32  37 -12  28   0    T    M    0  5.8 15  10   M    M  10 18     19 180
 3  51  38  45  -4  20   0 0.04    M    0  6.9 14 200   M    M  10 1      22 180
 4  47  24  36 -14  29   0 0.47    M    0 17.6 29 360   M    M  10 168    36  10
 5  42  18  30 -20  35   0    T    M    0  6.0 21  30   M    M   2 18     32  20
 6  53  21  37 -13  28   0 0.00  0.0    0  7.5 17 220   M    M   2        22 220
 7  65  26  46  -5  19   0 0.00  0.0    0  7.0 16 220   M    M   2        21 210
 8  58  45  52   1  13   0 0.00  0.0    0  6.3 16 190   M    M   8        22 180
 9  50  46  48  -3  17   0 0.74    M    0  4.6  9  10   M    M  10 1      14  40
10  59  39  49  -3  16   0    T    M    0  4.1  9 320   M    M   8 12     11 310
11  73  35  54   2  11   0 0.00  0.0    0  2.7 12  20   M    M   4 12     22  10
12  70  46  58   6   7   0    T    M    0  5.3 14 100   M    M   4        19 110
13  57  54  56   4   9   0 1.46  0.0    0  9.5 22  20   M    M  10 12     29  20
14  57  53  55   2  10   0 0.44  0.0    0 13.2 32  20   M    M   8 18     48  20
15  71  44  58   5   7   0 0.00  0.0    0  3.1 10  30   M    M   7 1      15  30
16  76  49  63  10   2   0 0.00  0.0    0  7.4 18 210   M    M   2 1      24 200
17  74  56  65  11   0   0 0.00  0.0    0  9.2 20 360   M    M   1        23  10
18  58  52  55   1  10   0 0.04  0.0    0  3.1  9  30   M    M  10 18     12 140
19  60  50  55   1  10   0 0.12  0.0    0  6.5 16  20   M    M   9 1      23  20
20  61  47  54   0  11   0 0.22    M    0  6.8 16  10   M    M   2 1      20  10
21  66  47  57   2   8   0    T    M    0  2.2  8  80   M    M   5        12  90
22  66  50  58   3   7   0 0.07  0.0    0  3.0  9  50   M    M   6 1      17  60
23  78  44  61   6   4   0 0.00  0.0    0  5.0 13 210   M    M   1 12     18 200
24  83  61  72  16   0   7 0.01  0.0    0 12.5 30 210   M    M   2 3      36 220
25  84  58  71  15   0   6 0.42  0.0    0 11.7 25 350   M    M   4 13     34 190
26  61  40  51  -5  14   0 0.20    M    0 14.1 26 350   M    M   6 13     35  10
================================================================================
SM 1596 1106       347  13  4.26     0.0 187.7          M      153
================================================================================
AV 61.4 42.5                               7.2 FASTST   M    M   6    MAX(MPH)
                                 MISC ---->  # 32  20               # 48   20
================================================================================
NOTES:
# LAST OF SEVERAL OCCURRENCES

COLUMN 17 PEAK WIND IN M.P.H.

PRELIMINARY LOCAL CLIMATOLOGICAL DATA (WS FORM: F-6) , PAGE 2

                                          STATION:  MCALESTER OKLAHOMA
                                          MONTH:    MARCH
                                          YEAR:     2015
                                          LATITUDE:   34 52 N
                                          LONGITUDE:  95 47 W

[TEMPERATURE DATA]      [PRECIPITATION DATA]       SYMBOLS USED IN COLUMN 16

AVERAGE MONTHLY: 52.0   TOTAL FOR MONTH:   4.26    1 = FOG OR MIST
DPTR FM NORMAL:  -0.6   DPTR FM NORMAL:    1.32    2 = FOG REDUCING VISIBILITY
HIGHEST:    84 ON 25    GRTST 24HR  1.46 ON 13-13      TO 1/4 MILE OR LESS
LOWEST:     18 ON  5                               3 = THUNDER
                        SNOW, ICE PELLETS, HAIL    4 = ICE PELLETS
                        TOTAL MONTH:   0.0 INCH    5 = HAIL
                        GRTST 24HR     0.0         6 = FREEZING RAIN OR DRIZZLE
                        GRTST DEPTH:   0           7 = DUSTSTORM OR SANDSTORM:
                                                       VSBY 1/2 MILE OR LESS
                                                   8 = SMOKE OR HAZE
[NO. OF DAYS WITH]      [WEATHER - DAYS WITH]      9 = BLOWING SNOW
                                                   X = TORNADO
MAX 32 OR BELOW:   0    0.01 INCH OR MORE:  13
MAX 90 OR ABOVE:   0    0.10 INCH OR MORE:   8
MIN 32 OR BELOW:   6    0.50 INCH OR MORE:   2
MIN  0 OR BELOW:   0    1.00 INCH OR MORE:   1

[HDD (BASE 65) ]
TOTAL THIS MO.   347    CLEAR  (SCALE 0-3)   8
DPTR FM NORMAL    12    PTCLDY (SCALE 4-7)  10
TOTAL FM JUL 1  3050    CLOUDY (SCALE 8-10)  8
DPTR FM NORMAL   106

[CDD (BASE 65) ]
TOTAL THIS MO.    13
DPTR FM NORMAL     5    [PRESSURE DATA]
TOTAL FM JAN 1    13    HIGHEST SLP M ON M
DPTR FM NORMAL     2    LOWEST  SLP 29.53 ON 25

[REMARKS]
