031
CXUS54 KTSA 280840
CF6MLC
PRELIMINARY LOCAL CLIMATOLOGICAL DATA (WS FORM: F-6)

                                          STATION:   MCALESTER OKLAHOMA
                                          MONTH:     JUNE
                                          YEAR:      2017
                                          LATITUDE:   34 52 N
                                          LONGITUDE:  95 47 W

  TEMPERATURE IN F:       :PCPN:    SNOW:  WIND      :SUNSHINE: SKY     :PK WND
================================================================================
1   2   3   4   5  6A  6B    7    8   9   10  11  12  13   14  15   16   17  18
                                     12Z  AVG MX 2MIN
DY MAX MIN AVG DEP HDD CDD  WTR  SNW DPTH SPD SPD DIR MIN PSBL S-S WX    SPD DR
================================================================================

 1  85  65  75   1   0  10 0.13  0.0    0  2.7 17 190   M    M   3 1      25 180
 2  83  64  74   0   0   9 0.00  0.0    0  3.1  8  70   M    M   4        13  90
 3  82  70  76   2   0  11 0.55  0.0    0  4.2 13 290   M    M   6 13     17 100
 4  83  70  77   2   0  12 0.17  0.0    0  2.3 12 250   M    M   7 13     14 260
 5  86  69  78   3   0  13 0.15  0.0    0  4.7 16  20   M    M   6 1      23 360
 6  92  65  79   4   0  14 0.00  0.0    0  7.5 18 360   M    M   2 1      27 360
 7  84  61  73  -2   0   8 0.00  0.0    0  4.0 13  10   M    M   2        18  10
 8  84  56  70  -6   0   5 0.00  0.0    0  2.3  9 220   M    M   2        15 160
 9  83  61  72  -4   0   7 0.00  0.0    0  4.9 13 210   M    M   2        21 180
10  86  69  78   2   0  13 0.00  0.0    0  9.0 16 190   M    M   2        26 200
11  87  74  81   5   0  16 0.00  0.0    0  9.0 18 200   M    M   3        26 200
12  91  76  84   7   0  19 0.00  0.0    0  8.5 15 190   M    M   3        24 190
13  91  76  84   7   0  19 0.00  0.0    0  8.9 17 150   M    M   5        27 190
14  92  76  84   7   0  19 0.00  0.0    0  8.9 20 210   M    M   4        27 210
15  94  72  83   6   0  18 0.00  0.0    0  6.8 25  30   M    M   1 3      39  20
16  94  68  81   3   0  16 0.00  0.0    0  5.7 13  30   M    M   2 3      36  30
17  89  78  84   6   0  19 0.00  0.0    0   M   M   M   M    M   M         M  M
18  79  64  72  -6   0   7 0.41  0.0    0   M   M   M   M    M   M         M  M
19  89  63  76  -2   0  11 0.21  0.0    0  3.9 18  30   M    M   1 3      29  50
20  92  66  79   0   0  14 0.00  0.0    0  2.4  9 190   M    M   1        12 180
21  92  65  79   0   0  14 0.00  0.0    0  3.4 13  90   M    M   1 1      19  90
22  90  69  80   1   0  15 0.00  0.0    0  3.5 10 100   M    M   5        17 100
23  97  72  85   6   0  20 0.00  0.0    0  6.7 20  10   M    M   2 3      25  20
24  84  65  75  -4   0  10 0.01  0.0    0  4.5 12  20   M    M   3 3      16  10
25  89  67  78  -2   0  13 0.00  0.0    0  3.7 10 110   M    M   3        17 130
26  86  68  77  -3   0  12 0.00  0.0    0  3.9 12 210   M    M   3        15 200
27  90  65  78  -2   0  13 0.00  0.0    0  4.3 10 140   M    M   3        17 180
================================================================================
SM 2374 1834         0 357  1.63     0.0 128.8          M       76
================================================================================
AV 87.9 67.9                               5.2 FASTST   M    M   3    MAX(MPH)
                                 MISC ---->  # 25  30               # 39   20
================================================================================
NOTES:
# LAST OF SEVERAL OCCURRENCES

COLUMN 17 PEAK WIND IN M.P.H.

PRELIMINARY LOCAL CLIMATOLOGICAL DATA (WS FORM: F-6) , PAGE 2

                                          STATION:  MCALESTER OKLAHOMA
                                          MONTH:    JUNE
                                          YEAR:     2017
                                          LATITUDE:   34 52 N
                                          LONGITUDE:  95 47 W

[TEMPERATURE DATA]      [PRECIPITATION DATA]       SYMBOLS USED IN COLUMN 16

AVERAGE MONTHLY: 77.9   TOTAL FOR MONTH:   1.63    1 = FOG OR MIST
DPTR FM NORMAL:   0.9   DPTR FM NORMAL:   -2.53    2 = FOG REDUCING VISIBILITY
HIGHEST:    97 ON 23    GRTST 24HR  0.55 ON  3- 3      TO 1/4 MILE OR LESS
LOWEST:     56 ON  8                               3 = THUNDER
                        SNOW, ICE PELLETS, HAIL    4 = ICE PELLETS
                        TOTAL MONTH:   0.0 INCH    5 = HAIL
                        GRTST 24HR     0.0         6 = FREEZING RAIN OR DRIZZLE
                        GRTST DEPTH:   0           7 = DUSTSTORM OR SANDSTORM:
                                                       VSBY 1/2 MILE OR LESS
                                                   8 = SMOKE OR HAZE
[NO. OF DAYS WITH]      [WEATHER - DAYS WITH]      9 = BLOWING SNOW
                                                   X = TORNADO
MAX 32 OR BELOW:   0    0.01 INCH OR MORE:   7
MAX 90 OR ABOVE:  11    0.10 INCH OR MORE:   6
MIN 32 OR BELOW:   0    0.50 INCH OR MORE:   1
MIN  0 OR BELOW:   0    1.00 INCH OR MORE:   0

[HDD (BASE 65) ]
TOTAL THIS MO.     0    CLEAR  (SCALE 0-3)  14
DPTR FM NORMAL     0    PTCLDY (SCALE 4-7)  11
TOTAL FM JUL 1  2241    CLOUDY (SCALE 8-10)  0
DPTR FM NORMAL  -948

[CDD (BASE 65) ]
TOTAL THIS MO.   357
DPTR FM NORMAL    31    [PRESSURE DATA]
TOTAL FM JAN 1   691    HIGHEST SLP M ON M
DPTR FM NORMAL   119    LOWEST  SLP 29.57 ON 17

[REMARKS]
