000
CXUS55 KBYZ 211055
CF6MLS
PRELIMINARY LOCAL CLIMATOLOGICAL DATA (WS FORM: F-6)

                                          STATION:   MILES CITY MT
                                          MONTH:     OCTOBER
                                          YEAR:      2014
                                          LATITUDE:   46 25 N
                                          LONGITUDE: 105 53 W

  TEMPERATURE IN F:       :PCPN:    SNOW:  WIND      :SUNSHINE: SKY     :PK WND
================================================================================
1   2   3   4   5  6A  6B    7    8   9   10  11  12  13   14  15   16   17  18
                                     12Z  AVG MX 2MIN
DY MAX MIN AVG DEP HDD CDD  WTR  SNW DPTH SPD SPD DIR MIN PSBL S-S WX    SPD DR
================================================================================

 1  63  40  52  -1  13   0    T    M    M 14.7 28 310   M    M   6        35 310
 2  52  36  44  -8  21   0 0.03    M    M 15.2 31 330   M    M   7 1      39 340
 3  54  26  40 -12  25   0 0.00    M    M 10.3 22 330   M    M   1        29 290
 4  72  34  53   1  12   0 0.00    M    M 11.6 29 330   M    M   4        37 330
 5  70  45  58   7   7   0    T    M    M 15.8 41 320   M    M   4        53 320
 6  75  42  59   8   6   0    T    M    M 14.3 29 320   M    M   6        36 330
 7  62  43  53   3  12   0    T    M    M  8.1 17 320   M    M   6        22 320
 8  73  40  57   7   8   0    T    M    M 10.6 23  40   M    M   2 8      27  30
 9  63  37  50   1  15   0 0.00    M    M  8.6 14  90   M    M   0        19  90
10  68  35  52   3  13   0 0.00    M    M  9.5 18 160   M    M   1        22 160
11  75  43  59  10   6   0 0.06    M    M  9.2 30 280   M    M   2 8      35 290
12  62  39  51   3  14   0 0.30    M    M 12.9 31 330   M    M   5        37 330
13  63  38  51   3  14   0 0.00    M    M  9.2 21 270   M    M   0        27 290
14  74  39  57  10   8   0 0.00    M    M  9.0 13 160   M    M   0        15 150
15  74  38  56   9   9   0 0.00    M    M  6.5 28 300   M    M   0 8      35 300
16  59  38  49   2  16   0 0.00    M    M 15.7 30 300   M    M   3 18     39 290
17  59  30  45  -1  20   0 0.00    M    M  7.1 21 140   M    M   1 12     26 150
18  75  41  58  12   7   0 0.00    M    M  9.2 22 140   M    M   0 8      29 150
19  72  38  55  10  10   0 0.00    M    M  6.1 15 160   M    M   0        20 150
20  77  44  61  16   4   0 0.00    M    M  7.7 17 150   M    M   0        22 140
================================================================================
SM 1342  766       240   0  0.39    M    211.3          M       48
================================================================================
AV 67.1 38.3                              10.6 FASTST   M    M   2    MAX(MPH)
                                 MISC ---->  # 41 320               # 53  320
================================================================================
NOTES:
# LAST OF SEVERAL OCCURRENCES

COLUMN 17 PEAK WIND IN M.P.H.

PRELIMINARY LOCAL CLIMATOLOGICAL DATA (WS FORM: F-6) , PAGE 2

                                          STATION:  MILES CITY MT
                                          MONTH:    OCTOBER
                                          YEAR:     2014
                                          LATITUDE:   46 25 N
                                          LONGITUDE: 105 53 W

[TEMPERATURE DATA]      [PRECIPITATION DATA]       SYMBOLS USED IN COLUMN 16

AVERAGE MONTHLY: 52.7   TOTAL FOR MONTH:   0.39    1 = FOG OR MIST
DPTR FM NORMAL:   3.8   DPTR FM NORMAL:   -0.28    2 = FOG REDUCING VISIBILITY
HIGHEST:    77 ON 20    GRTST 24HR  0.36 ON 11-12      TO 1/4 MILE OR LESS
LOWEST:     26 ON  3                               3 = THUNDER
                        SNOW, ICE PELLETS, HAIL    4 = ICE PELLETS
                        TOTAL MONTH:    M          5 = HAIL
                        GRTST 24HR    M  ON   M    6 = FREEZING RAIN OR DRIZZLE
                        GRTST DEPTH:  M  ON   M    7 = DUSTSTORM OR SANDSTORM:
                                                       VSBY 1/2 MILE OR LESS
                                                   8 = SMOKE OR HAZE
[NO. OF DAYS WITH]      [WEATHER - DAYS WITH]      9 = BLOWING SNOW
                                                   X = TORNADO
MAX 32 OR BELOW:   0    0.01 INCH OR MORE:   3
MAX 90 OR ABOVE:   0    0.10 INCH OR MORE:   1
MIN 32 OR BELOW:   2    0.50 INCH OR MORE:   0
MIN  0 OR BELOW:   0    1.00 INCH OR MORE:   0

[HDD (BASE 65) ]
TOTAL THIS MO.   240    CLEAR  (SCALE 0-3)  13
DPTR FM NORMAL   -85    PTCLDY (SCALE 4-7)   7
TOTAL FM JUL 1   466    CLOUDY (SCALE 8-10)  0
DPTR FM NORMAL   -95

[CDD (BASE 65) ]
TOTAL THIS MO.     0
DPTR FM NORMAL     0    [PRESSURE DATA]
TOTAL FM JAN 1   648    HIGHEST SLP M ON M
DPTR FM NORMAL   -80    LOWEST  SLP 29.55 ON 15

[REMARKS]
