000
CXUS55 KBYZ 241055
CF6MLS
PRELIMINARY LOCAL CLIMATOLOGICAL DATA (WS FORM: F-6)

                                          STATION:   MILES CITY MT
                                          MONTH:     APRIL
                                          YEAR:      2014
                                          LATITUDE:   46 25 N
                                          LONGITUDE: 105 53 W

  TEMPERATURE IN F:       :PCPN:    SNOW:  WIND      :SUNSHINE: SKY     :PK WND
================================================================================
1   2   3   4   5  6A  6B    7    8   9   10  11  12  13   14  15   16   17  18
                                     12Z  AVG MX 2MIN
DY MAX MIN AVG DEP HDD CDD  WTR  SNW DPTH SPD SPD DIR MIN PSBL S-S WX    SPD DR
================================================================================

 1  26   4  15 -26  50   0 0.00    M    M  9.4 15  40   M    M   2 12     17  40
 2  30  11  21 -20  44   0 0.04    M    M  7.3 13  40   M    M  10 1      15  40
 3  39  24  32 -10  33   0 0.00    M    M  4.5 12 320   M    M   6        13 320
 4  57  25  41  -1  24   0 0.00    M    M 10.5 17 220   M    M   0        22 190
 5  58  28  43   1  22   0 0.00    M    M  7.6 22 270   M    M   0        27 310
 6  60  31  46   3  19   0 0.05    M    M 13.1 32 290   M    M   0        38 290
 7  60  32  46   3  19   0 0.00    M    M  9.5 24 300   M    M   M        31 300
 8  72  32  52   9  13   0 0.00    M    M 12.0 17 270   M    M   0        23 270
 9  74  37  56  12   9   0 0.00    M    M 15.6 43 320   M    M   2        52 330
10  62  31  47   3  18   0 0.00    M    M 10.0 23 290   M    M   1        30 280
11  69  30  50   6  15   0 0.00    M    M  7.0 17 300   M    M   3        23 290
12  55  29  42  -3  23   0 0.00    M    M 16.0 25 340   M    M   7        32  10
13  42  25  34 -11  31   0 0.00    M    M 12.6 23 300   M    M   7        28 300
14  44  19  32 -14  33   0 0.00    M    M  7.0 22 160   M    M   1        27 160
15  67  30  49   3  16   0    T    M    M 13.8 29 310   M    M   5        37 310
16  44  29  37  -9  28   0    T    M    M  9.8 17  50   M    M   5 8      23 280
17  60  31  46  -1  19   0 0.00    M    M  8.6 18 160   M    M   5        26 150
18  66  36  51   4  14   0 0.08    M    M 12.9 33 300   M    M   6 18     41 290
19  65  36  51   4  14   0 0.00    M    M  9.9 23 300   M    M   0 8      29 290
20  68  38  53   5  12   0 0.00    M    M 15.1 30 320   M    M   0        38 310
21  68  33  51   3  14   0 0.00    M    M  6.0 16 250   M    M   0        21 280
22  79  43  61  13   4   0    T    M    M 11.8 23 130   M    M   0        32 120
23  59  41  50   1  15   0 0.02    M    M 18.3 33 320   M    M   5 8      41 310
================================================================================
SM 1324  675       489   0  0.19    M    248.3          M       65
================================================================================
AV 57.6 29.3                              10.8 FASTST   M    M   3    MAX(MPH)
                                 MISC ---->  # 43 320               # 52  330
================================================================================
NOTES:
# LAST OF SEVERAL OCCURRENCES

COLUMN 17 PEAK WIND IN M.P.H.

PRELIMINARY LOCAL CLIMATOLOGICAL DATA (WS FORM: F-6) , PAGE 2

                                          STATION:  MILES CITY MT
                                          MONTH:    APRIL
                                          YEAR:     2014
                                          LATITUDE:   46 25 N
                                          LONGITUDE: 105 53 W

[TEMPERATURE DATA]      [PRECIPITATION DATA]       SYMBOLS USED IN COLUMN 16

AVERAGE MONTHLY: 43.5   TOTAL FOR MONTH:   0.19    1 = FOG OR MIST
DPTR FM NORMAL:  -1.4   DPTR FM NORMAL:   -0.77    2 = FOG REDUCING VISIBILITY
HIGHEST:    79 ON 22    GRTST 24HR  0.08 ON 18-18      TO 1/4 MILE OR LESS
LOWEST:      4 ON  1                               3 = THUNDER
                        SNOW, ICE PELLETS, HAIL    4 = ICE PELLETS
                        TOTAL MONTH:    M          5 = HAIL
                        GRTST 24HR    M  ON   M    6 = FREEZING RAIN OR DRIZZLE
                        GRTST DEPTH:  M  ON   M    7 = DUSTSTORM OR SANDSTORM:
                                                       VSBY 1/2 MILE OR LESS
                                                   8 = SMOKE OR HAZE
[NO. OF DAYS WITH]      [WEATHER - DAYS WITH]      9 = BLOWING SNOW
                                                   X = TORNADO
MAX 32 OR BELOW:   2    0.01 INCH OR MORE:   4
MAX 90 OR ABOVE:   0    0.10 INCH OR MORE:   0
MIN 32 OR BELOW:  16    0.50 INCH OR MORE:   0
MIN  0 OR BELOW:   0    1.00 INCH OR MORE:   0

[HDD (BASE 65) ]
TOTAL THIS MO.   489    CLEAR  (SCALE 0-3)  13
DPTR FM NORMAL    25    PTCLDY (SCALE 4-7)   8
TOTAL FM JUL 1  7583    CLOUDY (SCALE 8-10)  1
DPTR FM NORMAL   444

[CDD (BASE 65) ]
TOTAL THIS MO.     0
DPTR FM NORMAL     0    [PRESSURE DATA]
TOTAL FM JAN 1     0    HIGHEST SLP  0.00 ON  8
DPTR FM NORMAL     0    LOWEST  SLP  0.00 ON  8

[REMARKS]
