000
CXUS51 KCAR 310600
CF6MLT
PRELIMINARY LOCAL CLIMATOLOGICAL DATA (WS FORM: F-6)

                                          STATION:   MILLINOCKET ME
                                          MONTH:     JULY
                                          YEAR:      2015
                                          LATITUDE:   45 39 N
                                          LONGITUDE:  68 41 W

  TEMPERATURE IN F:       :PCPN:    SNOW:  WIND      :SUNSHINE: SKY     :PK WND
================================================================================
1   2   3   4   5  6A  6B    7    8   9   10  11  12  13   14  15   16   17  18
                                     12Z  AVG MX 2MIN
DY MAX MIN AVG DEP HDD CDD  WTR  SNW DPTH SPD SPD DIR MIN PSBL S-S WX    SPD DR
================================================================================

 1  69  62  66  -1   0   1 0.49    M    M  3.2 12 130   M    M   9 1      18 160
 2  75  55  65  -2   0   0 0.00    M    M  5.1 15 300   M    M   5        23 300
 3  78  49  64  -3   1   0 0.00    M    M  4.7 21 300   M    M   0        30 260
 4  79  51  65  -3   0   0 0.00    M    M  1.7 15 150   M    M   1 1      28 170
 5  80  56  68   0   0   3    T    M    M  4.2 16 310   M    M   3        20 290
 6  85  58  72   4   0   7 0.00    M    M  1.8  8 290   M    M   1        11 280
 7  85  62  74   6   0   9 0.00    M    M  5.4 14 170   M    M   5        22 180
 8   M   M   M   M   M   M    M    M    M  3.2  7 160   M    M   8 1      17  99
 9  75  49  62  -6   3   0 0.00    M    M  1.2  8  90   M    M   0        10  90
10  84  56  70   2   0   5 0.00    M    M  3.6 12 270   M    M   1 8      16 290
11  85  57  71   3   0   6 0.00    M    M  3.2 13 310   M    M   2 1      17 250
12  85  64  75   7   0  10 0.00    M    M  7.3 15 310   M    M   1        23 290
13  83  54  69   1   0   4 0.00    M    M  2.0  9 350   M    M   0 8      13 350
14  83  57  70   2   0   5    T    M    M  4.5 15 170   M    M   2        25 180
15  74  56  65  -3   0   0 0.19    M    M  7.0 16  30   M    M   6 1      22  40
16  76  48  62  -6   3   0 0.00    M    M  5.7 17 350   M    M   0        25 340
17  78  46  62  -6   3   0 0.00    M    M  1.9  9 100   M    M   0        12 200
18  67  59  63  -5   2   0 0.04    M    M  4.0 10 160   M    M   8 1      19 190
19  73  61  67  -1   0   2 0.25    M    M  3.0  9  90   M    M  10 123    11 110
20  78  64  71   3   0   6 1.09    M    M  5.2 17  80   M    M   8 1      23 130
21  73  65  69   1   0   4 0.02    M    M  2.4 12 130   M    M  10 1      16 120
22  77  61  69   1   0   4 0.00    M    M  9.3 22 300   M    M   5 1      30 310
23  76  58  67  -1   0   2 0.01    M    M  7.5 18 300   M    M   4        25 320
24  71  56  64  -4   1   0 1.10    M    M  3.4 14  40   M    M   9 1      19  30
25  67  55  61  -7   4   0 0.03    M    M  3.2  8  90   M    M  10 1      11  40
26  63  58  61  -7   4   0 0.05    M    M  3.6  9 170   M    M  10 1      15 180
27  76  62  69   1   0   4 0.01    M    M  2.3  8 310   M    M   7 1      11 140
28  86  62  74   6   0   9 0.16    M    M  3.1 10  20   M    M   3 1      18 280
29  87  58  73   5   0   8 0.00    M    M  2.4 13 330   M    M   0        18 320
30  85  58  72   4   0   7 0.07    M    M  2.9 13 160   M    M   2 1      20 170
================================================================================
SM 2253 1657        21  96  3.51    M    118.0          M      130
================================================================================
AV 77.7 57.1                               3.9 FASTST   M    M   4    MAX(MPH)
                                 MISC ---->  # 22 300               # 30  260
================================================================================
NOTES:
# LAST OF SEVERAL OCCURRENCES

COLUMN 17 PEAK WIND IN M.P.H.

PRELIMINARY LOCAL CLIMATOLOGICAL DATA (WS FORM: F-6) , PAGE 2

                                          STATION:  MILLINOCKET ME
                                          MONTH:    JULY
                                          YEAR:     2015
                                          LATITUDE:   45 39 N
                                          LONGITUDE:  68 41 W

[TEMPERATURE DATA]      [PRECIPITATION DATA]       SYMBOLS USED IN COLUMN 16

AVERAGE MONTHLY: 67.4   TOTAL FOR MONTH:   3.51    1 = FOG OR MIST
DPTR FM NORMAL:  -0.5   DPTR FM NORMAL:   -0.22    2 = FOG REDUCING VISIBILITY
HIGHEST:    87 ON 29    GRTST 24HR  1.34 ON 19-20      TO 1/4 MILE OR LESS
LOWEST:     46 ON 17                               3 = THUNDER
                        SNOW, ICE PELLETS, HAIL    4 = ICE PELLETS
                        TOTAL MONTH:    M          5 = HAIL
                        GRTST 24HR    M  ON   M    6 = FREEZING RAIN OR DRIZZLE
                        GRTST DEPTH:  M  ON   M    7 = DUSTSTORM OR SANDSTORM:
                                                       VSBY 1/2 MILE OR LESS
                                                   8 = SMOKE OR HAZE
[NO. OF DAYS WITH]      [WEATHER - DAYS WITH]      9 = BLOWING SNOW
                                                   X = TORNADO
MAX 32 OR BELOW:   0    0.01 INCH OR MORE:  13
MAX 90 OR ABOVE:   0    0.10 INCH OR MORE:   6
MIN 32 OR BELOW:   0    0.50 INCH OR MORE:   2
MIN  0 OR BELOW:   0    1.00 INCH OR MORE:   2

[HDD (BASE 65) ]
TOTAL THIS MO.    21    CLEAR  (SCALE 0-3)  15
DPTR FM NORMAL    -9    PTCLDY (SCALE 4-7)   8
TOTAL FM JUL 1    21    CLOUDY (SCALE 8-10)  7
DPTR FM NORMAL    -9

[CDD (BASE 65) ]
TOTAL THIS MO.    96
DPTR FM NORMAL   -20    [PRESSURE DATA]
TOTAL FM JAN 1   150    HIGHEST SLP M ON M
DPTR FM NORMAL   -21    LOWEST  SLP 29.53 ON M

[REMARKS]
