000
CXUS51 KCAR 230600
CF6MLT
PRELIMINARY LOCAL CLIMATOLOGICAL DATA (WS FORM: F-6)

                                          STATION:   MILLINOCKET ME
                                          MONTH:     APRIL
                                          YEAR:      2017
                                          LATITUDE:   45 39 N
                                          LONGITUDE:  68 41 W

  TEMPERATURE IN F:       :PCPN:    SNOW:  WIND      :SUNSHINE: SKY     :PK WND
================================================================================
1   2   3   4   5  6A  6B    7    8   9   10  11  12  13   14  15   16   17  18
                                     12Z  AVG MX 2MIN
DY MAX MIN AVG DEP HDD CDD  WTR  SNW DPTH SPD SPD DIR MIN PSBL S-S WX    SPD DR
================================================================================

 1  37  30  34   0  31   0    T    M    M  7.2 14  60   M    M   9 1      19  90
 2  47  29  38   4  27   0 0.00    M    M  6.5 16 300   M    M   8        24 310
 3  46  23  35   0  30   0 0.00    M    M  4.9 17 340   M    M   0        23 330
 4  41  20  31  -4  34   0 0.01    M    M  4.3 16 160   M    M   6 18     25 170
 5  36  31  34  -2  31   0 0.08    M    M  4.4 12  90   M    M  10 1      14 110
 6  39  33  36   0  29   0 0.82    M    M  7.3 13  70   M    M  10 1      18 110
 7  51  36  44   7  21   0 0.12    M    M  5.2 14 170   M    M   9 12     24 160
 8  43  36  40   3  25   0 0.03    M    M  8.5 18 310   M    M  10 1      24 310
 9  54  33  44   6  21   0 0.03    M    M  4.7 14 310   M    M   5 1      18 320
10  72  35  54  16  11   0    T    M    M  4.6 12 180   M    M   4 1      21 230
11  61  37  49  10  16   0 0.06    M    M  4.1 12  50   M    M   5 1      15  50
12  47  36  42   3  23   0 0.37    M    M  3.0 10 290   M    M   8 12     15 280
13  46  32  39  -1  26   0    T    M    M  7.5 21 310   M    M   6        29 300
14  55  29  42   2  23   0 0.00    M    M  6.1 16 330   M    M   1        23 350
15  64  32  48   7  17   0 0.00    M    M  4.9 12 270   M    M   0        19 320
16  65  42  54  13  11   0 0.61    M    M  5.3 18 290   M    M  10 1      28 290
17  50  34  42   0  23   0 0.04    M    M  5.4 20 320   M    M  10 1      29 300
18  41  30  36  -6  29   0 0.01    M    M  4.3 12  80   M    M  10 1      15  80
19  43  30  37  -6  28   0 0.19    M    M  6.2 15 160   M    M   8 1      25 170
20  43  32  38  -5  27   0 0.01    M    M  3.3  9  50   M    M  10 12     13  50
21  40  32  36  -8  29   0 0.33    M    M  5.9 13 120   M    M  10 1      20 120
22  37  32  35  -9  30   0 0.18    M    M  1.1  6 140   M    M  10 1      10 160
================================================================================
SM 1058  704       542   0  2.89    M    114.7          M      159
================================================================================
AV 48.1 32.0                               5.2 FASTST   M    M   7    MAX(MPH)
                                 MISC ---->  # 21 310               # 29  300
================================================================================
NOTES:
# LAST OF SEVERAL OCCURRENCES

COLUMN 17 PEAK WIND IN M.P.H.

PRELIMINARY LOCAL CLIMATOLOGICAL DATA (WS FORM: F-6) , PAGE 2

                                          STATION:  MILLINOCKET ME
                                          MONTH:    APRIL
                                          YEAR:     2017
                                          LATITUDE:   45 39 N
                                          LONGITUDE:  68 41 W

[TEMPERATURE DATA]      [PRECIPITATION DATA]       SYMBOLS USED IN COLUMN 16

AVERAGE MONTHLY: 40.1   TOTAL FOR MONTH:   2.89    1 = FOG OR MIST
DPTR FM NORMAL:   1.0   DPTR FM NORMAL:    0.21    2 = FOG REDUCING VISIBILITY
HIGHEST:    72 ON 10    GRTST 24HR  0.82 ON  6- 6      TO 1/4 MILE OR LESS
LOWEST:     20 ON  4                               3 = THUNDER
                        SNOW, ICE PELLETS, HAIL    4 = ICE PELLETS
                        TOTAL MONTH:    M          5 = HAIL
                        GRTST 24HR    M  ON   M    6 = FREEZING RAIN OR DRIZZLE
                        GRTST DEPTH:  M  ON   M    7 = DUSTSTORM OR SANDSTORM:
                                                       VSBY 1/2 MILE OR LESS
                                                   8 = SMOKE OR HAZE
[NO. OF DAYS WITH]      [WEATHER - DAYS WITH]      9 = BLOWING SNOW
                                                   X = TORNADO
MAX 32 OR BELOW:   0    0.01 INCH OR MORE:  15
MAX 90 OR ABOVE:   0    0.10 INCH OR MORE:   7
MIN 32 OR BELOW:  13    0.50 INCH OR MORE:   2
MIN  0 OR BELOW:   0    1.00 INCH OR MORE:   0

[HDD (BASE 65) ]
TOTAL THIS MO.   542    CLEAR  (SCALE 0-3)   3
DPTR FM NORMAL   -30    PTCLDY (SCALE 4-7)   6
TOTAL FM JUL 1  7338    CLOUDY (SCALE 8-10) 13
DPTR FM NORMAL  -433

[CDD (BASE 65) ]
TOTAL THIS MO.     0
DPTR FM NORMAL     0    [PRESSURE DATA]
TOTAL FM JAN 1     0    HIGHEST SLP M ON M
DPTR FM NORMAL     0    LOWEST  SLP 29.21 ON  7

[REMARKS]
