000
CXUS54 KSHV 271300
CF6MLU
PRELIMINARY LOCAL CLIMATOLOGICAL DATA (WS FORM: F-6)

                                          STATION:   MONROE
                                          MONTH:     DECEMBER
                                          YEAR:      2014
                                          LATITUDE:   32 30 N
                                          LONGITUDE:  92  2 W

  TEMPERATURE IN F:       :PCPN:    SNOW:  WIND      :SUNSHINE: SKY     :PK WND
================================================================================
1   2   3   4   5  6A  6B    7    8   9   10  11  12  13   14  15   16   17  18
                                     12Z  AVG MX 2MIN
DY MAX MIN AVG DEP HDD CDD  WTR  SNW DPTH SPD SPD DIR MIN PSBL S-S WX    SPD DR
================================================================================

 1  78  40  59   8   6   0 0.10  0.0    0  6.5 24 360   M    M   6 12     29 360
 2  46  39  43  -8  22   0 0.01  0.0    0  3.9 10 340   M    M  10 1      13 330
 3  59  43  51   0  14   0 0.00  0.0    0  4.8 10  60   M    M   9 12     12  50
 4  73  48  61  11   4   0 0.00  0.0    0  2.3  8  40   M    M   5 128     9 210
 5  74  57  66  16   0   1 0.18  0.0    0  6.4 15 190   M    M   9 128    22 200
 6  68  48  58   8   7   0    T  0.0    0 10.5 18 350   M    M   8 1      22 340
 7  51  43  47  -3  18   0 0.00  0.0    0  9.4 20  40   M    M   6 18     25  50
 8  61  38  50   0  15   0 0.00  0.0    0  3.4 10 280   M    M   1 18     13  40
 9  68  36  52   3  13   0 0.00  0.0    0  6.3 20  50   M    M   0 12     25  50
10  52  32  42  -7  23   0 0.00  0.0    0  3.9 10  30   M    M   0 1      12  20
11  50  38  44  -5  21   0 0.07  0.0    0  2.9  8  30   M    M  10 1      10  70
12  53  45  49   0  16   0 0.06  0.0    0  4.2  8  70   M    M   9 18     10  80
13  69  45  57   9   8   0 0.00  0.0    0  1.5  8 160   M    M   4 1      10 200
14  70  38  54   6  11   0 0.00  0.0    0  4.0 12 160   M    M   2 12     17 160
15  74  54  64  16   1   0 0.26  0.0    0 11.6 22 250   M    M   5 18     29 250
16  56  37  47  -1  18   0 0.00  0.0    0  8.6 21 300   M    M   0        27 330
17  52  32  42  -6  23   0 0.00  0.0    0  5.6 12  70   M    M   3        15  90
18  55  44  50   2  15   0 0.02  0.0    0  5.8 13  40   M    M   9 1      16  50
19  49  46  48   1  17   0 0.59  0.0    0  8.5 15  40   M    M  10 1      20 130
20  57  38  48   1  17   0 0.00  0.0    0  6.3 14  60   M    M   2 1      18  50
21  61  33  47   0  18   0 0.00  0.0    0  3.5  9  60   M    M   0 1      13  90
22  66  45  56   9   9   0 0.00  0.0    0  5.5 14 170   M    M   8 1      19 180
23  59  48  54   7  11   0 0.47    M    0  9.2 22 360   M    M   9 123    31  10
24  49  37  43  -4  22   0 0.01    M    0 10.7 18 290   M    M   7        25 300
25  59  29  44  -3  21   0 0.00  0.0    0  5.2 15 180   M    M   0 1      20 170
26  57  38  48   2  17   0 0.15  0.0    0  3.9 10 160   M    M   7 18     14 130
================================================================================
SM 1566 1071       367   1  1.92     0.0 154.4          M      139
================================================================================
AV 60.2 41.2                               5.9 FASTST   M    M   5    MAX(MPH)
                                 MISC ---->  # 24 360               # 31   10
================================================================================
NOTES:
# LAST OF SEVERAL OCCURRENCES

COLUMN 17 PEAK WIND IN M.P.H.

PRELIMINARY LOCAL CLIMATOLOGICAL DATA (WS FORM: F-6) , PAGE 2

                                          STATION:  MONROE
                                          MONTH:    DECEMBER
                                          YEAR:     2014
                                          LATITUDE:   32 30 N
                                          LONGITUDE:  92  2 W

[TEMPERATURE DATA]      [PRECIPITATION DATA]       SYMBOLS USED IN COLUMN 16

AVERAGE MONTHLY: 50.7   TOTAL FOR MONTH:   1.92    1 = FOG OR MIST
DPTR FM NORMAL:   2.2   DPTR FM NORMAL:   -2.57    2 = FOG REDUCING VISIBILITY
HIGHEST:    78 ON  1    GRTST 24HR  0.59 ON 19-19      TO 1/4 MILE OR LESS
LOWEST:     29 ON 25                               3 = THUNDER
                        SNOW, ICE PELLETS, HAIL    4 = ICE PELLETS
                        TOTAL MONTH:   0.0 INCH    5 = HAIL
                        GRTST 24HR     0.0         6 = FREEZING RAIN OR DRIZZLE
                        GRTST DEPTH:   0           7 = DUSTSTORM OR SANDSTORM:
                                                       VSBY 1/2 MILE OR LESS
                                                   8 = SMOKE OR HAZE
[NO. OF DAYS WITH]      [WEATHER - DAYS WITH]      9 = BLOWING SNOW
                                                   X = TORNADO
MAX 32 OR BELOW:   0    0.01 INCH OR MORE:  11
MAX 90 OR ABOVE:   0    0.10 INCH OR MORE:   6
MIN 32 OR BELOW:   3    0.50 INCH OR MORE:   1
MIN  0 OR BELOW:   0    1.00 INCH OR MORE:   0

[HDD (BASE 65) ]
TOTAL THIS MO.   367    CLEAR  (SCALE 0-3)   9
DPTR FM NORMAL   -69    PTCLDY (SCALE 4-7)   9
TOTAL FM JUL 1   841    CLOUDY (SCALE 8-10)  8
DPTR FM NORMAL    33

[CDD (BASE 65) ]
TOTAL THIS MO.     1
DPTR FM NORMAL     1    [PRESSURE DATA]
TOTAL FM JAN 1  2284    HIGHEST SLP M ON M
DPTR FM NORMAL  -224    LOWEST  SLP 29.53 ON 22

[REMARKS]
