000
CXUS55 KBOU 261210
CF6MNH
PRELIMINARY LOCAL CLIMATOLOGICAL DATA (WS FORM: F-6)

                                          STATION:   ELBERT 6W CO
                                          MONTH:     FEBRUARY
                                          YEAR:      2015
                                          LATITUDE:   39 13 N
                                          LONGITUDE: 104 38 W

  TEMPERATURE IN F:       :PCPN:    SNOW:  WIND      :SUNSHINE: SKY     :PK WND
================================================================================
1   2   3   4   5  6A  6B    7    8   9   10  11  12  13   14  15   16   17  18
                                     12Z  AVG MX 2MIN
DY MAX MIN AVG DEP HDD CDD  WTR  SNW DPTH SPD SPD DIR MIN PSBL S-S WX    SPD DR
================================================================================

 1  27  10  19   M  46   0    M    M    M  9.6 21 190   M    M   5 1      21 180
 2  43  18  31   M  34   0    M    M    M  8.7 18 200   M    M   0        17 340
 3  54  32  43   M  22   0    M    M    M  7.7 12 220   M    M   0         M  M
 4  37  19  28   M  37   0    M    M    M 10.3 20 360   M    M   6 1      28 360
 5  59  21  40   M  25   0    M    M    M  7.2 14 270   M    M   0        17 270
 6  66  39  53   M  12   0    M    M    M 12.9 20 260   M    M   0        24 260
 7  64  34  49   M  16   0    M    M    M  8.7 17 300   M    M   0         M  M
 8  61  32  47   M  18   0    M    M    M  8.3 14 360   M    M   0        20  10
 9  64  32  48   M  17   0    M    M    M 10.7 18 250   M    M   0        24 250
10  50  34  42   M  23   0    M    M    M  8.9 17 270   M    M   5        22 270
11  37  27  32   M  33   0    M    M    M  5.8 13  60   M    M   4         M  M
12  55  27  41   M  24   0    M    M    M  9.2 15 200   M    M   0        18 340
13  55  30  43   M  22   0    M    M    M  5.9 12 220   M    M   2         M  M
14  61  30  46   M  19   0    M    M    M  8.4 13 200   M    M   0         M  M
15  41  23  32   M  33   0    M    M    M  9.4 15 350   M    M   6 1      23 330
16  27  14  21   M  44   0    M    M    M  4.7 14  30   M    M  10 2      20  30
17  28   1  15   M  50   0    M    M    M  5.6 12 340   M    M   3 12      M  M
18  43  10  27   M  38   0    M    M    M  6.7 16 200   M    M   0         M  M
19  55  30  43   M  22   0    M    M    M  9.6 16 320   M    M   0        22 320
20  54  28  41   M  24   0    M    M    M  8.2 22  30   M    M   5        33  30
21  30   9  20   M  45   0    M    M    M  8.5 24 340   M    M  10 1      32 340
22  12   3   8   M  57   0    M    M    M  6.1 14 160   M    M  10 8       M  M
23  18   1  10   M  55   0    M    M    M 12.4 18 180   M    M   5 1      22 190
24  36   9  23   M  42   0    M    M    M  6.2 12 240   M    M   0         M  M
25  37  14  26   M  39   0    M    M    M 10.8 18  30   M    M   6        27  30
================================================================================
SM 1114  527       797   0    M     M    210.5          M       77
================================================================================
AV 44.6 21.1                               8.4 FASTST   M    M   3    MAX(MPH)
                                 MISC ---->    24   M                 33    M
================================================================================
NOTES:
# LAST OF SEVERAL OCCURRENCES

COLUMN 17 PEAK WIND IN M.P.H.

PRELIMINARY LOCAL CLIMATOLOGICAL DATA (WS FORM: F-6) , PAGE 2

                                          STATION:  ELBERT 6W CO
                                          MONTH:    FEBRUARY
                                          YEAR:     2015
                                          LATITUDE:   39 13 N
                                          LONGITUDE: 104 38 W

[TEMPERATURE DATA]      [PRECIPITATION DATA]       SYMBOLS USED IN COLUMN 16

AVERAGE MONTHLY: 32.8   TOTAL FOR MONTH:      M    1 = FOG OR MIST
DPTR FM NORMAL:     M   DPTR FM NORMAL:       M    2 = FOG REDUCING VISIBILITY
HIGHEST:    66 ON  6    GRTST 24HR    M  ON   M        TO 1/4 MILE OR LESS
LOWEST:      1 ON 23,17                            3 = THUNDER
                        SNOW, ICE PELLETS, HAIL    4 = ICE PELLETS
                        TOTAL MONTH:    M          5 = HAIL
                        GRTST 24HR    M  ON   M    6 = FREEZING RAIN OR DRIZZLE
                        GRTST DEPTH:  M  ON   M    7 = DUSTSTORM OR SANDSTORM:
                                                       VSBY 1/2 MILE OR LESS
                                                   8 = SMOKE OR HAZE
[NO. OF DAYS WITH]      [WEATHER - DAYS WITH]      9 = BLOWING SNOW
                                                   X = TORNADO
MAX 32 OR BELOW:   6    0.01 INCH OR MORE:   0
MAX 90 OR ABOVE:   0    0.10 INCH OR MORE:   0
MIN 32 OR BELOW:  22    0.50 INCH OR MORE:   0
MIN  0 OR BELOW:   0    1.00 INCH OR MORE:   0

[HDD (BASE 65) ]
TOTAL THIS MO.   797    CLEAR  (SCALE 0-3)  14
DPTR FM NORMAL     M    PTCLDY (SCALE 4-7)   8
TOTAL FM JUL 1  4764    CLOUDY (SCALE 8-10)  3
DPTR FM NORMAL     M

[CDD (BASE 65) ]
TOTAL THIS MO.     0
DPTR FM NORMAL     M    [PRESSURE DATA]
TOTAL FM JAN 1     0    HIGHEST SLP M ON M
DPTR FM NORMAL     M    LOWEST  SLP M ON M

[REMARKS]
