000
CXUS56 KSTO 231355
CF6MOD
PRELIMINARY LOCAL CLIMATOLOGICAL DATA (WS FORM: F-6)

                                          STATION:   MODESTO CA
                                          MONTH:     AUGUST
                                          YEAR:      2016
                                          LATITUDE:   37 37 N
                                          LONGITUDE: 120 57 W

  TEMPERATURE IN F:       :PCPN:    SNOW:  WIND      :SUNSHINE: SKY     :PK WND
================================================================================
1   2   3   4   5  6A  6B    7    8   9   10  11  12  13   14  15   16   17  18
                                     12Z  AVG MX 2MIN
DY MAX MIN AVG DEP HDD CDD  WTR  SNW DPTH SPD SPD DIR MIN PSBL S-S WX    SPD DR
================================================================================

 1  95  61  78  -1   0  13 0.00  0.0    0  8.4 15 330   M    M   0 8      26 290
 2  99  63  81   2   0  16 0.00  0.0    0  7.3 14 330   M    M   0        27 290
 3 101  66  84   5   0  19 0.00  0.0    0  6.5 18 320   M    M   0        23 290
 4  92  63  78  -1   0  13 0.00  0.0    0  8.7 13 340   M    M   0         M  M
 5  88  58  73  -6   0   8 0.00  0.0    0  9.0 14 330   M    M   0        22 290
 6  93  59  76  -3   0  11 0.00  0.0    0  7.5 17 320   M    M   0        26 300
 7  93  60  77  -2   0  12 0.00  0.0    0  8.0 14 320   M    M   0        22 280
 8  96  62  79   0   0  14 0.00  0.0    0  7.0 16 300   M    M   0        19 310
 9  94  62  78  -1   0  13 0.00  0.0    0  6.1 15 300   M    M   0        26 290
10  96  63  80   2   0  15 0.00  0.0    0  5.8 13 320   M    M   0        16 300
11  96  64  80   2   0  15 0.00  0.0    0  7.4 15 320   M    M   0        19  10
12  99  65  82   4   0  17 0.00  0.0    0  7.3 16 320   M    M   0        21 310
13 103  65  84   6   0  19 0.00  0.0    0  6.4 16 320   M    M   0        28 290
14 103  69  86   8   0  21 0.00  0.0    0  7.2 18 320   M    M   0        25 290
15  96  66  81   3   0  16 0.00  0.0    0  8.1 14 330   M    M   0        21 340
16 100  63  82   4   0  17 0.00  0.0    0  6.6 12 350   M    M   0        17 340
17 102  66  84   6   0  19 0.00  0.0    0  5.4 13 330   M    M   0        20 270
18  97  67  82   4   0  17 0.00  0.0    0  7.6 15 340   M    M   0        41  90
19  96  66  81   3   0  16 0.00  0.0    0  7.6 14 330   M    M   0        18 320
20  97  65  81   3   0  16 0.00  0.0    0  7.5 14 320   M    M   0        19 320
21  95  64  80   2   0  15 0.00  0.0    0  7.9 17 330   M    M   0        22 320
22  92  64  78   0   0  13 0.00  0.0    0  8.1 15 320   M    M   0        29 290
================================================================================
SM 2123 1401         0 335  0.00     0.0 161.4          M        0
================================================================================
AV 96.5 63.7                               7.3 FASTST   M    M   0    MAX(MPH)
                                 MISC ---->  # 18 320               # 41   90
================================================================================
NOTES:
# LAST OF SEVERAL OCCURRENCES

COLUMN 17 PEAK WIND IN M.P.H.

PRELIMINARY LOCAL CLIMATOLOGICAL DATA (WS FORM: F-6) , PAGE 2

                                          STATION:  MODESTO CA
                                          MONTH:    AUGUST
                                          YEAR:     2016
                                          LATITUDE:   37 37 N
                                          LONGITUDE: 120 57 W

[TEMPERATURE DATA]      [PRECIPITATION DATA]       SYMBOLS USED IN COLUMN 16

AVERAGE MONTHLY: 80.1   TOTAL FOR MONTH:   0.00    1 = FOG OR MIST
DPTR FM NORMAL:   1.7   DPTR FM NORMAL:   -0.01    2 = FOG REDUCING VISIBILITY
HIGHEST:   103 ON 14,13 GRTST 24HR  0.00 ON 22-22      TO 1/4 MILE OR LESS
LOWEST:     58 ON  5                               3 = THUNDER
                        SNOW, ICE PELLETS, HAIL    4 = ICE PELLETS
                        TOTAL MONTH:   0.0 INCH    5 = HAIL
                        GRTST 24HR     0.0         6 = FREEZING RAIN OR DRIZZLE
                        GRTST DEPTH:   0           7 = DUSTSTORM OR SANDSTORM:
                                                       VSBY 1/2 MILE OR LESS
                                                   8 = SMOKE OR HAZE
[NO. OF DAYS WITH]      [WEATHER - DAYS WITH]      9 = BLOWING SNOW
                                                   X = TORNADO
MAX 32 OR BELOW:   0    0.01 INCH OR MORE:   0
MAX 90 OR ABOVE:  21    0.10 INCH OR MORE:   0
MIN 32 OR BELOW:   0    0.50 INCH OR MORE:   0
MIN  0 OR BELOW:   0    1.00 INCH OR MORE:   0

[HDD (BASE 65) ]
TOTAL THIS MO.     0    CLEAR  (SCALE 0-3)  22
DPTR FM NORMAL     0    PTCLDY (SCALE 4-7)   0
TOTAL FM JUL 1     0    CLOUDY (SCALE 8-10)  0
DPTR FM NORMAL     0

[CDD (BASE 65) ]
TOTAL THIS MO.   335
DPTR FM NORMAL    41    [PRESSURE DATA]
TOTAL FM JAN 1  1512    HIGHEST SLP M ON M
DPTR FM NORMAL   283    LOWEST  SLP 29.71 ON 17

[REMARKS]
