000
CXUS52 KMHX 280700
CF6MRH
PRELIMINARY LOCAL CLIMATOLOGICAL DATA (WS FORM: F-6)

                                          STATION:   BEAUFORT/SMITH FIELD NC
                                          MONTH:     MARCH
                                          YEAR:      2015
                                          LATITUDE:   34 43 N
                                          LONGITUDE:  76 39 W

  TEMPERATURE IN F:       :PCPN:    SNOW:  WIND      :SUNSHINE: SKY     :PK WND
================================================================================
1   2   3   4   5  6A  6B    7    8   9   10  11  12  13   14  15   16   17  18
                                     12Z  AVG MX 2MIN
DY MAX MIN AVG DEP HDD CDD  WTR  SNW DPTH SPD SPD DIR MIN PSBL S-S WX    SPD DR
================================================================================

 1  65  34  50   0  15   0 0.22    M    0  8.8 14 320   M    M   9 1      20  30
 2  64  40  52   2  13   0 0.00  0.0    0  9.2 17  50   M    M   6 12     25  40
 3  60  37  49  -1  16   0 0.09    M    0  9.0 18 210   M    M   8 1      26 220
 4  62  51  57   7   8   0    T  0.0    0 14.0 25 220   M    M  10 12     31 220
 5  64  35  50   0  15   0 0.25    M    0 15.9 28 350   M    M  10 12     37  10
 6  37  28  33 -18  32   0    T    M    0 15.2 28  20   M    M   8        34  20
 7  52  25  39 -12  26   0 0.00  0.0    0  7.5 14 340   M    M   0        17 340
 8  58  44  51   0  14   0 0.00  0.0    0  9.9 17 220   M    M   0        22 220
 9  59  46  53   2  12   0 0.00  0.0    0  5.0 13 230   M    M   2        14 230
10  73  47  60   8   5   0 0.00  0.0    0  6.9 16 190   M    M   5 1      22 210
11  66  57  62  10   3   0    T  0.0    0 11.2 21 210   M    M   9 12     26 210
12  63  46  55   3  10   0 0.06    M    M 11.9 24  20   M    M   2 1      34  20
13  64  46  55   3  10   0    M  0.0    0   M   M   M   M    M   M         M  M
14  67  56  62   9   3   0 1.08  0.0    M 16.8 28 230   M    M   9 1      42 230
15  70  52  61   8   4   0 0.00  0.0    0 11.6 24 320   M    M   2 1      31 320
16  62  42  52  -1  13   0 0.00  0.0    0  8.3 17 230   M    M   0        23 240
17  68  50  59   6   6   0 0.00  0.0    0  9.3 18 240   M    M   0        23 240
18  59  43  51  -3  14   0 0.00  0.0    0  9.4 25  20   M    M   0        33  30
19  58  45  52  -2  13   0 0.02    M    0  7.3 16  50   M    M   7        20  60
20  68  48  58   4   7   0 1.07    M    0  9.6 16 300   M    M   6 1      21 120
21  61  44  53  -1  12   0 0.00  0.0    0  7.1 15 350   M    M   2        20 340
22  64  49  57   2   8   0 0.07  0.0    0  8.2 17  20   M    M   3        23  20
23  52  44  48  -7  17   0 0.38  0.0    0 12.1 26  20   M    M   8        34  20
24  63  44  54  -1  11   0 0.00  0.0    0 10.9 18  20   M    M   3        26  10
25  72  48  60   5   5   0 0.02 90.0    0 10.4 15  50   M    M   2        19  60
26  70  61  66  10   0   1 0.13  0.0    0 15.6 30 170   M    M   6 1      39 170
27  65  43  54  -2  11   0 0.35  0.0    0 11.1 21 340   M    M   9 1      26  60
================================================================================
SM 1686 1205       303   1  3.74    90.0 272.2          M      126
================================================================================
AV 62.4 44.6                              10.5 FASTST   M    M   5    MAX(MPH)
                                 MISC ---->  # 30 170               # 42  230
================================================================================
NOTES:
# LAST OF SEVERAL OCCURRENCES

COLUMN 17 PEAK WIND IN M.P.H.

PRELIMINARY LOCAL CLIMATOLOGICAL DATA (WS FORM: F-6) , PAGE 2

                                          STATION:  BEAUFORT/SMITH FIELD NC
                                          MONTH:    MARCH
                                          YEAR:     2015
                                          LATITUDE:   34 43 N
                                          LONGITUDE:  76 39 W

[TEMPERATURE DATA]      [PRECIPITATION DATA]       SYMBOLS USED IN COLUMN 16

AVERAGE MONTHLY: 53.5   TOTAL FOR MONTH:   3.74    1 = FOG OR MIST
DPTR FM NORMAL:   0.9   DPTR FM NORMAL:    0.11    2 = FOG REDUCING VISIBILITY
HIGHEST:    73 ON 10    GRTST 24HR  1.08 ON 14-14      TO 1/4 MILE OR LESS
LOWEST:     25 ON  7                               3 = THUNDER
                        SNOW, ICE PELLETS, HAIL    4 = ICE PELLETS
                        TOTAL MONTH:  90.0 INCHES  5 = HAIL
                        GRTST 24HR  90.0 ON 25-25  6 = FREEZING RAIN OR DRIZZLE
                        GRTST DEPTH:   0           7 = DUSTSTORM OR SANDSTORM:
                                                       VSBY 1/2 MILE OR LESS
                                                   8 = SMOKE OR HAZE
[NO. OF DAYS WITH]      [WEATHER - DAYS WITH]      9 = BLOWING SNOW
                                                   X = TORNADO
MAX 32 OR BELOW:   0    0.01 INCH OR MORE:  12
MAX 90 OR ABOVE:   0    0.10 INCH OR MORE:   7
MIN 32 OR BELOW:   2    0.50 INCH OR MORE:   2
MIN  0 OR BELOW:   0    1.00 INCH OR MORE:   2

[HDD (BASE 65) ]
TOTAL THIS MO.   303    CLEAR  (SCALE 0-3)  12
DPTR FM NORMAL   -30    PTCLDY (SCALE 4-7)   8
TOTAL FM JUL 1  2540    CLOUDY (SCALE 8-10)  6
DPTR FM NORMAL   203

[CDD (BASE 65) ]
TOTAL THIS MO.     1
DPTR FM NORMAL     1    [PRESSURE DATA]
TOTAL FM JAN 1     1    HIGHEST SLP M ON M
DPTR FM NORMAL     1    LOWEST  SLP 29.65 ON 27

[REMARKS]
