000
CXUS51 KBTV 200700
CF6MSS
PRELIMINARY LOCAL CLIMATOLOGICAL DATA (WS FORM: F-6)

                                          STATION:   MASSENA NY
                                          MONTH:     OCTOBER
                                          YEAR:      2017
                                          LATITUDE:   44 55 N
                                          LONGITUDE:  74 51 W

  TEMPERATURE IN F:       :PCPN:    SNOW:  WIND      :SUNSHINE: SKY     :PK WND
================================================================================
1   2   3   4   5  6A  6B    7    8   9   10  11  12  13   14  15   16   17  18
                                     12Z  AVG MX 2MIN
DY MAX MIN AVG DEP HDD CDD  WTR  SNW DPTH SPD SPD DIR MIN PSBL S-S WX    SPD DR
================================================================================

 1  65  33  49  -3  16   0 0.00  0.0    0  5.1 15 240   M    M   0 1      19 240
 2  70  35  53   1  12   0 0.00  0.0    0  1.8 12  40   M    M   1 1      15  30
 3  76  37  57   6   8   0 0.00  0.0    0  4.3 18 220   M    M   0 1      22 210
 4  80  55  68  17   0   3 0.09  0.0    0 14.6 28 220   M    M   6 13     36 210
 5  69  53  61  11   4   0 0.00  0.0    0  9.4 20 230   M    M   4        27 220
 6  63  48  56   6   9   0    T    M    0  5.3 14 220   M    M   7 1      17 220
 7  73  46  60  10   5   0 0.11    M    0  3.7 17 200   M    M   6 1      25 190
 8  75  56  66  17   0   1 0.32  0.0    0 12.1 31 230   M    M   6 1      41 250
 9  65  55  60  11   5   0 1.70  0.0    0  5.7 17 100   M    M   7 1      24  90
10  73  52  63  15   2   0 0.00  0.0    0  7.1 15 280   M    M   6 1      18 220
11  56  42  49   1  16   0 0.00  0.0    0  7.9 14  30   M    M   1        19  90
12  62  38  50   2  15   0 0.00  0.0    0  8.3 17  60   M    M   0        22  60
13  68  35  52   5  13   0    T    M    0  3.5 15 210   M    M   6        22 190
14  67  58  63  16   2   0 0.03  0.0    0  6.0 15 220   M    M  10 1      23 210
15  76  48  62  16   3   0 0.49    M    0 13.6 28 290   M    M   9 1      39 270
16  48  32  40  -6  25   0 0.00  0.0    0  7.9 22 290   M    M   8        29 290
17  59  29  44  -2  21   0 0.00  0.0    0 12.0 29 220   M    M   2        38 220
18  70  42  56  11   9   0 0.00  0.0    0  6.9 17 220   M    M   0        21 230
19  70  42  56  11   9   0 0.00  0.0    0 14.4 31 220   M    M   0        42 220
================================================================================
SM 1285  836       174   4  2.74     0.0 149.6          M       79
================================================================================
AV 67.6 44.0                               7.9 FASTST   M    M   4    MAX(MPH)
                                 MISC ---->  # 31 230               # 42  220
================================================================================
NOTES:
# LAST OF SEVERAL OCCURRENCES

COLUMN 17 PEAK WIND IN M.P.H.

PRELIMINARY LOCAL CLIMATOLOGICAL DATA (WS FORM: F-6) , PAGE 2

                                          STATION:  MASSENA NY
                                          MONTH:    OCTOBER
                                          YEAR:     2017
                                          LATITUDE:   44 55 N
                                          LONGITUDE:  74 51 W

[TEMPERATURE DATA]      [PRECIPITATION DATA]       SYMBOLS USED IN COLUMN 16

AVERAGE MONTHLY: 55.8   TOTAL FOR MONTH:   2.74    1 = FOG OR MIST
DPTR FM NORMAL:   7.4   DPTR FM NORMAL:    0.67    2 = FOG REDUCING VISIBILITY
HIGHEST:    80 ON  4    GRTST 24HR  1.70 ON  9- 9      TO 1/4 MILE OR LESS
LOWEST:     29 ON 17                               3 = THUNDER
                        SNOW, ICE PELLETS, HAIL    4 = ICE PELLETS
                        TOTAL MONTH:   0.0 INCH    5 = HAIL
                        GRTST 24HR     0.0         6 = FREEZING RAIN OR DRIZZLE
                        GRTST DEPTH:   0           7 = DUSTSTORM OR SANDSTORM:
                                                       VSBY 1/2 MILE OR LESS
                                                   8 = SMOKE OR HAZE
[NO. OF DAYS WITH]      [WEATHER - DAYS WITH]      9 = BLOWING SNOW
                                                   X = TORNADO
MAX 32 OR BELOW:   0    0.01 INCH OR MORE:   6
MAX 90 OR ABOVE:   0    0.10 INCH OR MORE:   4
MIN 32 OR BELOW:   2    0.50 INCH OR MORE:   1
MIN  0 OR BELOW:   0    1.00 INCH OR MORE:   1

[HDD (BASE 65) ]
TOTAL THIS MO.   174    CLEAR  (SCALE 0-3)   8
DPTR FM NORMAL  -143    PTCLDY (SCALE 4-7)   9
TOTAL FM JUL 1   351    CLOUDY (SCALE 8-10)  2
DPTR FM NORMAL  -266

[CDD (BASE 65) ]
TOTAL THIS MO.     4
DPTR FM NORMAL     4    [PRESSURE DATA]
TOTAL FM JAN 1   399    HIGHEST SLP M ON M
DPTR FM NORMAL    38    LOWEST  SLP 29.72 ON 16

[REMARKS]
