000
CXUS55 KLIX 251000
CF6MSY
PRELIMINARY LOCAL CLIMATOLOGICAL DATA (WS FORM: F-6)

                                          STATION:   NEW ORLEANS
                                          MONTH:     MAY
                                          YEAR:      2015
                                          LATITUDE:   29 58 N
                                          LONGITUDE:  90 15 W

  TEMPERATURE IN F:       :PCPN:    SNOW:  WIND      :SUNSHINE: SKY     :PK WND
================================================================================
1   2   3   4   5  6A  6B    7    8   9   10  11  12  13   14  15   16   17  18
                                     12Z  AVG MX 2MIN
DY MAX MIN AVG DEP HDD CDD  WTR  SNW DPTH SPD SPD DIR MIN PSBL S-S WX    SPD DR
================================================================================

 1  82  62  72  -1   0   7 0.00  0.0    0  6.9 14 280   M    M   2        18 280
 2  82  64  73   0   0   8 0.00  0.0    0  6.9 13  30   M    M   2        17  30
 3  82  64  73  -1   0   8 0.00  0.0    0  6.0 15  40   M    M   3        18 130
 4  82  63  73  -1   0   8 0.02  0.0    0  8.7 22 140   M    M   6 3      26 120
 5  84  68  76   2   0  11 0.00  0.0    0  9.6 21 150   M    M   2        27 150
 6  85  68  77   3   0  12 0.00  0.0    0  8.9 20  60   M    M   4        24  50
 7  86  71  79   4   0  14 0.00  0.0    0  8.2 17 140   M    M   4 1      24 140
 8  85  68  77   2   0  12 0.00  0.0    0  8.0 17 170   M    M   6        22 150
 9  86  72  79   4   0  14 0.00  0.0    0  9.1 16 150   M    M   6        20 150
10  87  72  80   5   0  15 0.00  0.0    0  9.1 17 180   M    M   6        20 160
11  87  74  81   5   0  16    T  0.0    0  8.7 18 330   M    M   8 3      25 340
12  87  76  82   6   0  17 0.00  0.0    0  6.8 16  30   M    M   9 138    19  30
13  87  72  80   4   0  15 0.00  0.0    0  6.5 17  50   M    M   8        22  50
14  87  74  81   5   0  16    T  0.0    0  6.9 14 180   M    M   8        17 190
15  84  72  78   1   0  13 2.98  0.0    0  7.9 22 280   M    M   8 138    29 270
16  87  73  80   3   0  15 0.02  0.0    0 11.5 23 170   M    M   7 8      29 160
17  87  78  83   6   0  18 0.00  0.0    0 11.3 20 170   M    M   7        24 170
18  87  71  79   2   0  14 0.81  0.0    0  6.5 25 270   M    M   7 13     32 260
19  87  73  80   2   0  15 0.00  0.0    0  4.9 15 220   M    M   7 3      19 140
20  90  73  82   4   0  17 0.15  0.0    0  3.3 14 220   M    M   5 13     19 220
21  91  69  80   2   0  15 1.45  0.0    0  6.2 33 100   M    M   7 13     43 100
22  83  68  76  -2   0  11 0.00  0.0    0  8.4 17  40   M    M   7 18     20  40
23  87  72  80   2   0  15    T  0.0    0  8.4 18 150   M    M   5        24 140
24  88  73  81   3   0  16 0.12  0.0    0 13.1 25 170   M    M   6 38     35 140
================================================================================
SM 2060 1690         0 322  5.55     0.0 191.8          M      140
================================================================================
AV 85.8 70.4                               8.0 FASTST   M    M   6    MAX(MPH)
                                 MISC ---->  # 33 100               # 43  100
================================================================================
NOTES:
# LAST OF SEVERAL OCCURRENCES

COLUMN 17 PEAK WIND IN M.P.H.

PRELIMINARY LOCAL CLIMATOLOGICAL DATA (WS FORM: F-6) , PAGE 2

                                          STATION:  NEW ORLEANS
                                          MONTH:    MAY
                                          YEAR:     2015
                                          LATITUDE:   29 58 N
                                          LONGITUDE:  90 15 W

[TEMPERATURE DATA]      [PRECIPITATION DATA]       SYMBOLS USED IN COLUMN 16

AVERAGE MONTHLY: 78.1   TOTAL FOR MONTH:   5.55    1 = FOG OR MIST
DPTR FM NORMAL:   2.2   DPTR FM NORMAL:    2.16    2 = FOG REDUCING VISIBILITY
HIGHEST:    91 ON 21    GRTST 24HR  2.98 ON 15-15      TO 1/4 MILE OR LESS
LOWEST:     62 ON  1                               3 = THUNDER
                        SNOW, ICE PELLETS, HAIL    4 = ICE PELLETS
                        TOTAL MONTH:   0.0 INCH    5 = HAIL
                        GRTST 24HR     0.0         6 = FREEZING RAIN OR DRIZZLE
                        GRTST DEPTH:   0           7 = DUSTSTORM OR SANDSTORM:
                                                       VSBY 1/2 MILE OR LESS
                                                   8 = SMOKE OR HAZE
[NO. OF DAYS WITH]      [WEATHER - DAYS WITH]      9 = BLOWING SNOW
                                                   X = TORNADO
MAX 32 OR BELOW:   0    0.01 INCH OR MORE:   7
MAX 90 OR ABOVE:   2    0.10 INCH OR MORE:   5
MIN 32 OR BELOW:   0    0.50 INCH OR MORE:   3
MIN  0 OR BELOW:   0    1.00 INCH OR MORE:   2

[HDD (BASE 65) ]
TOTAL THIS MO.     0    CLEAR  (SCALE 0-3)   3
DPTR FM NORMAL     0    PTCLDY (SCALE 4-7)  19
TOTAL FM JUL 1  1274    CLOUDY (SCALE 8-10)  2
DPTR FM NORMAL    -5

[CDD (BASE 65) ]
TOTAL THIS MO.   322
DPTR FM NORMAL    61    [PRESSURE DATA]
TOTAL FM JAN 1   732    HIGHEST SLP M ON M
DPTR FM NORMAL   214    LOWEST  SLP 29.95 ON M

[REMARKS]
