696
CXUS52 KKEY 251024
CF6MTH
PRELIMINARY LOCAL CLIMATOLOGICAL DATA (WS FORM: F-6)

                                          STATION:   MARATHON
                                          MONTH:     AUGUST
                                          YEAR:      2016
                                          LATITUDE:   24 43 N
                                          LONGITUDE:  81  5 W

  TEMPERATURE IN F:       :PCPN:    SNOW:  WIND      :SUNSHINE: SKY     :PK WND
================================================================================
1   2   3   4   5  6A  6B    7    8   9   10  11  12  13   14  15   16   17  18
                                     12Z  AVG MX 2MIN
DY MAX MIN AVG DEP HDD CDD  WTR  SNW DPTH SPD SPD DIR MIN PSBL S-S WX    SPD DR
================================================================================

 1  91  80  86   0   0  21    T  0.0    0 10.2 17 120   M    M   2 3      28 110
 2  90  76  83  -3   0  18 1.42  0.0    0  8.9 24  70   M    M   3 13     29  60
 3  90  77  84  -2   0  19 0.07  0.0    0  7.9 15  80   M    M   1 18     23 100
 4  90  83  87   1   0  22 0.00  0.0    0  7.0 13 160   M    M   1        19 150
 5  90  83  87   1   0  22 0.00  0.0    0  6.5 12 160   M    M   2        19 130
 6  91  83  87   1   0  22 0.00  0.0    0  6.4 13 160   M    M   1        18 160
 7  89  83  86   0   0  21 0.00  0.0    0  4.8  8 130   M    M   2 3      13 160
 8  89  81  85  -1   0  20    T  0.0    0  5.7 14  50   M    M   1        18  40
 9  93  76  85  -1   0  20 0.05  0.0    0  6.0 18 230   M    M   2 13     33 240
10  92  77  85  -1   0  20 0.00  0.0    0  5.3 17  30   M    M   0        24  30
11  88  81  85  -1   0  20 0.00  0.0    0  8.5 15  60   M    M   1        20 120
12  91  76  84  -2   0  19 0.13  0.0    0  6.9 14  90   M    M   2 13     22 120
13  91  74  83  -3   0  18 1.04  0.0    0  8.2 23  70   M    M   2 138    37 130
14  90  74  82  -4   0  17 0.04  0.0    0  9.2 15 130   M    M   1 13     23 100
15  91  79  85  -1   0  20 0.08  0.0    0  9.5 17 110   M    M   1 38     31 100
16  91  81  86   1   0  21 0.10  0.0    0  8.6 15  60   M    M   2 3      26 120
17  90  77  84  -1   0  19 0.03  0.0    0  7.7 14  50   M    M   2 3      18  50
18  92  83  88   3   0  23 0.00  0.0    0  6.9 12  90   M    M   1 3      16 100
19  92  81  87   2   0  22 0.00  0.0    0  3.5 10  90   M    M   1        15 100
20  92  81  87   2   0  22 0.00  0.0    0  3.0  9 150   M    M   1        11 150
21  93  79  86   1   0  21 0.00  0.0    0  2.5  8 150   M    M   0        12 130
22  94  82  88   3   0  23 0.00  0.0    0  3.9  9  90   M    M   0        13 110
23  93  83  88   3   0  23 0.05  0.0    0  7.9 18  70   M    M   2 3      23  80
24  92  79  86   1   0  21 0.38  0.0    0 10.8 22 350   M    M   3 13     28 360
================================================================================
SM 2185 1909         0 494  3.39     0.0 165.8          M       34
================================================================================
AV 91.0 79.5                               6.9 FASTST   M    M   1    MAX(MPH)
                                 MISC ---->  # 24  70               # 37  130
================================================================================
NOTES:
# LAST OF SEVERAL OCCURRENCES

COLUMN 17 PEAK WIND IN M.P.H.

PRELIMINARY LOCAL CLIMATOLOGICAL DATA (WS FORM: F-6) , PAGE 2

                                          STATION:  MARATHON
                                          MONTH:    AUGUST
                                          YEAR:     2016
                                          LATITUDE:   24 43 N
                                          LONGITUDE:  81  5 W

[TEMPERATURE DATA]      [PRECIPITATION DATA]       SYMBOLS USED IN COLUMN 16

AVERAGE MONTHLY: 85.3   TOTAL FOR MONTH:   3.39    1 = FOG OR MIST
DPTR FM NORMAL:  -0.3   DPTR FM NORMAL:   -1.68    2 = FOG REDUCING VISIBILITY
HIGHEST:    94 ON 22    GRTST 24HR  1.49 ON  2- 3      TO 1/4 MILE OR LESS
LOWEST:     74 ON 14,13                            3 = THUNDER
                        SNOW, ICE PELLETS, HAIL    4 = ICE PELLETS
                        TOTAL MONTH:   0.0 INCH    5 = HAIL
                        GRTST 24HR     0.0         6 = FREEZING RAIN OR DRIZZLE
                        GRTST DEPTH:   0           7 = DUSTSTORM OR SANDSTORM:
                                                       VSBY 1/2 MILE OR LESS
                                                   8 = SMOKE OR HAZE
[NO. OF DAYS WITH]      [WEATHER - DAYS WITH]      9 = BLOWING SNOW
                                                   X = TORNADO
MAX 32 OR BELOW:   0    0.01 INCH OR MORE:  11
MAX 90 OR ABOVE:  21    0.10 INCH OR MORE:   5
MIN 32 OR BELOW:   0    0.50 INCH OR MORE:   2
MIN  0 OR BELOW:   0    1.00 INCH OR MORE:   2

[HDD (BASE 65) ]
TOTAL THIS MO.     0    CLEAR  (SCALE 0-3)  24
DPTR FM NORMAL     0    PTCLDY (SCALE 4-7)   0
TOTAL FM JUL 1     0    CLOUDY (SCALE 8-10)  0
DPTR FM NORMAL     0

[CDD (BASE 65) ]
TOTAL THIS MO.   494
DPTR FM NORMAL     2    [PRESSURE DATA]
TOTAL FM JAN 1  3353    HIGHEST SLP M ON M
DPTR FM NORMAL   104    LOWEST  SLP 29.94 ON M

[REMARKS]
