000
CXUS52 KKEY 240531
CF6MTH
PRELIMINARY LOCAL CLIMATOLOGICAL DATA (WS FORM: F-6)

                                          STATION:   MARATHON
                                          MONTH:     SEPTEMBER
                                          YEAR:      2016
                                          LATITUDE:   24 43 N
                                          LONGITUDE:  81  5 W

  TEMPERATURE IN F:       :PCPN:    SNOW:  WIND      :SUNSHINE: SKY     :PK WND
================================================================================
1   2   3   4   5  6A  6B    7    8   9   10  11  12  13   14  15   16   17  18
                                     12Z  AVG MX 2MIN
DY MAX MIN AVG DEP HDD CDD  WTR  SNW DPTH SPD SPD DIR MIN PSBL S-S WX    SPD DR
================================================================================

 1  90  83  87   2   0  22 0.00  0.0    0 10.2 15 170   M    M   1        23 160
 2  90  84  87   2   0  22 0.00  0.0    0  7.6 15 190   M    M   1        24 180
 3  91  82  87   3   0  22 0.00  0.0    0  5.0 10 160   M    M   1        15 160
 4  91  82  87   3   0  22 0.00  0.0    0  7.4 13  90   M    M   1        19 110
 5  90  82  86   2   0  21 0.00  0.0    0  4.9 12  20   M    M   1 3      16  20
 6  90  78  84   0   0  19 0.01  0.0    0  6.8 16  60   M    M   2 13     23 360
 7  91  80  86   2   0  21    T  0.0    0  8.3 14  50   M    M   2 3      17  70
 8  91  80  86   2   0  21 0.02  0.0    0  9.2 14  70   M    M   2 1      18  70
 9  90  81  86   2   0  21 0.02  0.0    0 12.1 22  60   M    M   4 1      29  60
10  88  79  84   0   0  19 0.26  0.0    0  9.2 16 130   M    M   6        24 140
11  90  80  85   1   0  20    T  0.0    0  6.3 13  80   M    M   3        20 150
12  89  76  83  -1   0  18 0.20  0.0    0  3.7 12 170   M    M   1        19 150
13  90  77  84   0   0  19 0.06  0.0    0  7.1 13 170   M    M   1        20 160
14  90  79  85   1   0  20 0.01  0.0    0  4.5 13 160   M    M   1        19 140
15  91  82  87   3   0  22 0.00  0.0    0  4.1  9 110   M    M   1        13 130
16  91  80  86   2   0  21 0.00  0.0    0  3.2  9 170   M    M   1        14 180
17  91  79  85   1   0  20 0.00  0.0    0  3.4  8 130   M    M   0        12 140
18  91  79  85   1   0  20 0.00  0.0    0  2.8  8 150   M    M   1        11 140
19  91  82  87   3   0  22 0.00  0.0    0  3.4  7 160   M    M   0        11 130
20  90  78  84   0   0  19 0.03  0.0    0  2.4 13  30   M    M   2 3      17  30
21  92  78  85   1   0  20 0.00  0.0    0  3.6  9 120   M    M   1 3      13 140
22  92  81  87   3   0  22    T  0.0    0  4.3 18  50   M    M   1 3      21  30
23  92  81  87   3   0  22 0.00  0.0    0  4.6 10  80   M    M   2 3      14  80
================================================================================
SM 2082 1843         0 475  0.61     0.0 134.1          M       36
================================================================================
AV 90.5 80.1                               5.8 FASTST   M    M   2    MAX(MPH)
                                 MISC ---->  # 22  60               # 29   60
================================================================================
NOTES:
# LAST OF SEVERAL OCCURRENCES

COLUMN 17 PEAK WIND IN M.P.H.

PRELIMINARY LOCAL CLIMATOLOGICAL DATA (WS FORM: F-6) , PAGE 2

                                          STATION:  MARATHON
                                          MONTH:    SEPTEMBER
                                          YEAR:     2016
                                          LATITUDE:   24 43 N
                                          LONGITUDE:  81  5 W

[TEMPERATURE DATA]      [PRECIPITATION DATA]       SYMBOLS USED IN COLUMN 16

AVERAGE MONTHLY: 85.3   TOTAL FOR MONTH:   0.61    1 = FOG OR MIST
DPTR FM NORMAL:   1.2   DPTR FM NORMAL:   -5.70    2 = FOG REDUCING VISIBILITY
HIGHEST:    92 ON 23,22 GRTST 24HR  0.26 ON 10-10      TO 1/4 MILE OR LESS
LOWEST:     76 ON 12                               3 = THUNDER
                        SNOW, ICE PELLETS, HAIL    4 = ICE PELLETS
                        TOTAL MONTH:   0.0 INCH    5 = HAIL
                        GRTST 24HR     0.0         6 = FREEZING RAIN OR DRIZZLE
                        GRTST DEPTH:   0           7 = DUSTSTORM OR SANDSTORM:
                                                       VSBY 1/2 MILE OR LESS
                                                   8 = SMOKE OR HAZE
[NO. OF DAYS WITH]      [WEATHER - DAYS WITH]      9 = BLOWING SNOW
                                                   X = TORNADO
MAX 32 OR BELOW:   0    0.01 INCH OR MORE:   8
MAX 90 OR ABOVE:  21    0.10 INCH OR MORE:   2
MIN 32 OR BELOW:   0    0.50 INCH OR MORE:   0
MIN  0 OR BELOW:   0    1.00 INCH OR MORE:   0

[HDD (BASE 65) ]
TOTAL THIS MO.     0    CLEAR  (SCALE 0-3)  21
DPTR FM NORMAL     0    PTCLDY (SCALE 4-7)   2
TOTAL FM JUL 1     0    CLOUDY (SCALE 8-10)  0
DPTR FM NORMAL     0

[CDD (BASE 65) ]
TOTAL THIS MO.   475
DPTR FM NORMAL    35    [PRESSURE DATA]
TOTAL FM JAN 1  3955    HIGHEST SLP M ON M
DPTR FM NORMAL   129    LOWEST  SLP 29.87 ON  1

[REMARKS]
