000
CXUS55 KGJT 221000
CF6MTJ
PRELIMINARY LOCAL CLIMATOLOGICAL DATA (WS FORM: F-6)

                                          STATION:   MONTROSE CO
                                          MONTH:     NOVEMBER
                                          YEAR:      2017
                                          LATITUDE:   38 30 N
                                          LONGITUDE: 107 53 W

  TEMPERATURE IN F:       :PCPN:    SNOW:  WIND      :SUNSHINE: SKY     :PK WND
================================================================================
1   2   3   4   5  6A  6B    7    8   9   10  11  12  13   14  15   16   17  18
                                     12Z  AVG MX 2MIN
DY MAX MIN AVG DEP HDD CDD  WTR  SNW DPTH SPD SPD DIR MIN PSBL S-S WX    SPD DR
================================================================================

 1  68  33  51   7  14   0 0.00    M    M  7.3 18 240   M    M   0        25 270
 2  67  37  52   9  13   0 0.00    M    M  6.5 16 230   M    M   0        24 200
 3  67  40  54  11  11   0 0.00    M    M  7.9 23 250   M    M   0        31 260
 4  64  44  54  12  11   0 0.00    M    M 11.5 30 220   M    M   1        43 210
 5  61  41  51   9  14   0    T    M    M  8.7 24 220   M    M   3        32 230
 6  60  39  50   8  15   0 0.00    M    M  6.9 24 230   M    M   3        33 230
 7  56  32  44   3  21   0 0.03    M    M  6.1 24 300   M    M   4        31 320
 8  49  25  37  -4  28   0 0.00    M    M  4.0  9 150   M    M   1        12 160
 9  61  28  45   5  20   0 0.00    M    M  5.8 13 160   M    M   0        14 140
10  67  31  49   9  16   0 0.00    M    M  6.2 17 260   M    M   0        22 260
11  59  33  46   7  19   0 0.00    M    M  7.5 15 130   M    M   1        16 120
12  56  25  41   2  24   0 0.00    M    M  5.4 13 140   M    M   0        14 140
13  69  35  52  14  13   0 0.00    M    M  6.0 12 150   M    M   2        13 150
14  64  33  49  11  16   0 0.00    M    M  6.3 15 150   M    M   0        17 310
15  59  25  42   4  23   0 0.00    M    M  6.7 16 140   M    M   0        17 140
16  67  32  50  13  15   0 0.00    M    M  8.9 26 230   M    M   1        36 230
17  61  33  47  10  18   0 0.11    M    M 18.4 41 300   M    M   4 18     53 300
18  41  21  31  -5  34   0 0.00    M    M  6.2 21 300   M    M   0        29 290
19  46  16  31  -5  34   0 0.00    M    M  5.5 13 150   M    M   0        15 150
20  41  20  31  -4  34   0 0.00    M    M  3.9 10 170   M    M   1        11 170
21  55  31  43   8  22   0 0.00    M    M  3.5 10 160   M    M   3        12 160
================================================================================
SM 1238  654       415   0  0.14    M    149.2          M       24
================================================================================
AV 59.0 31.1                               7.1 FASTST   M    M   1    MAX(MPH)
                                 MISC ---->  # 41 300               # 53  300
================================================================================
NOTES:
# LAST OF SEVERAL OCCURRENCES

COLUMN 17 PEAK WIND IN M.P.H.

PRELIMINARY LOCAL CLIMATOLOGICAL DATA (WS FORM: F-6) , PAGE 2

                                          STATION:  MONTROSE CO
                                          MONTH:    NOVEMBER
                                          YEAR:     2017
                                          LATITUDE:   38 30 N
                                          LONGITUDE: 107 53 W

[TEMPERATURE DATA]      [PRECIPITATION DATA]       SYMBOLS USED IN COLUMN 16

AVERAGE MONTHLY: 45.1   TOTAL FOR MONTH:   0.14    1 = FOG OR MIST
DPTR FM NORMAL:   5.7   DPTR FM NORMAL:   -0.46    2 = FOG REDUCING VISIBILITY
HIGHEST:    69 ON 13    GRTST 24HR  0.11 ON 17-17      TO 1/4 MILE OR LESS
LOWEST:     16 ON 19                               3 = THUNDER
                        SNOW, ICE PELLETS, HAIL    4 = ICE PELLETS
                        TOTAL MONTH:    M          5 = HAIL
                        GRTST 24HR    M  ON   M    6 = FREEZING RAIN OR DRIZZLE
                        GRTST DEPTH:  M  ON   M    7 = DUSTSTORM OR SANDSTORM:
                                                       VSBY 1/2 MILE OR LESS
                                                   8 = SMOKE OR HAZE
[NO. OF DAYS WITH]      [WEATHER - DAYS WITH]      9 = BLOWING SNOW
                                                   X = TORNADO
MAX 32 OR BELOW:   0    0.01 INCH OR MORE:   2
MAX 90 OR ABOVE:   0    0.10 INCH OR MORE:   1
MIN 32 OR BELOW:  11    0.50 INCH OR MORE:   0
MIN  0 OR BELOW:   0    1.00 INCH OR MORE:   0

[HDD (BASE 65) ]
TOTAL THIS MO.   415    CLEAR  (SCALE 0-3)  17
DPTR FM NORMAL  -124    PTCLDY (SCALE 4-7)   4
TOTAL FM JUL 1  1024    CLOUDY (SCALE 8-10)  0
DPTR FM NORMAL  -106

[CDD (BASE 65) ]
TOTAL THIS MO.     0
DPTR FM NORMAL     0    [PRESSURE DATA]
TOTAL FM JAN 1   807    HIGHEST SLP M ON M
DPTR FM NORMAL   164    LOWEST  SLP 29.43 ON 17

[REMARKS]
