000
CXUS55 KBOI 281002
CF6MUO
PRELIMINARY LOCAL CLIMATOLOGICAL DATA (WS FORM: F-6)

                                          STATION:   MOUNTAIN HOME AFB
                                          MONTH:     APRIL
                                          YEAR:      2016
                                          LATITUDE:   43  2 N
                                          LONGITUDE: 115 52 W

  TEMPERATURE IN F:       :PCPN:    SNOW:  WIND      :SUNSHINE: SKY     :PK WND
================================================================================
1   2   3   4   5  6A  6B    7    8   9   10  11  12  13   14  15   16   17  18
                                     12Z  AVG MX 2MIN
DY MAX MIN AVG DEP HDD CDD  WTR  SNW DPTH SPD SPD DIR MIN PSBL S-S WX    SPD DR
================================================================================

 1  65  34  50   4  15   0 0.00    M    M  7.7 17 130   M    M   0        23 130
 2  72  32  52   5  13   0 0.00    M    M  5.0  9 340   M    M   0         M  M
 3  74  39  57  10   8   0 0.00    M    M  3.5 10 100   M    M   1         M  M
 4  67  33  50   3  15   0    T    M    M 13.1 33 330   M    M   4 7      48 330
 5  58  33  46  -1  19   0 0.00    M    M 15.0 25 320   M    M   2        38 290
 6  72  33  53   6  12   0 0.00    M    M  6.9 15 330   M    M   0        20 330
 7  76  32  54   7  11   0 0.00    M    M  4.3 10 310   M    M   0         M  M
 8  80  39  60  12   5   0 0.00    M    M  2.8  7 100   M    M   0         M  M
 9  79  41  60  12   5   0 0.00    M    M  5.7 13 330   M    M   1         M  M
10  77  44  61  13   4   0 0.00    M    M  4.6 13 100   M    M   0 8       M  M
11  76  42  59  11   6   0 0.00    M    M  5.6 13 100   M    M   0        20 310
12   M   M   M   M   M   M 0.17    M    M  8.9 20 330   M    M   5        24 330
13  61  44  53   4  12   0 0.02    M    M  6.2 12 130   M    M   6         M  M
14   M   M   M   M   M   M 0.01    M    M 12.5 24 320   M    M   7        31 260
15  58  35  47  -2  18   0    T    M    M 21.2 30 310   M    M   3        41 320
16  66  34  50   1  15   0 0.00    M    M 12.0 20 310   M    M   0        21 320
17  70  34  52   2  13   0 0.00    M    M  7.0 17 120   M    M   0        22 110
18  72  35  54   4  11   0 0.00    M    M  6.6 17 120   M    M   0         M  M
19  78  37  58   8   7   0 0.00    M    M  6.7 13 330   M    M   0        18 280
20  82  39  61  11   4   0 0.00    M    M  8.5 12  90   M    M   2         M  M
21  86  49  68  17   0   3 0.00    M    M 12.9 28 120   M    M   3        36 120
22  77  51  64  13   1   0 0.06    M    M 11.0 32 310   M    M   7 38     43 310
23  57  43  50  -1  15   0 0.39    M    M 21.5 35 300   M    M   8 1      46 300
24  61  38  50  -2  15   0 0.00    M    M 12.7 21 310   M    M   5        24 310
25  57  41  49  -3  16   0 0.29    M    M 24.4 36 300   M    M   7 1      47 300
26  64  42  53   1  12   0 0.00    M    M 17.6 28 290   M    M   3        38 310
27  63  43  53   1  12   0 0.00    M    M  9.9 20 330   M    M   9        24 330
================================================================================
SM 1748  967       264   3  0.94    M    273.8          M       73
================================================================================
AV 69.9 38.7                              10.1 FASTST   M    M   3    MAX(MPH)
                                 MISC ---->    36   M                 48    M
================================================================================
NOTES:
# LAST OF SEVERAL OCCURRENCES

COLUMN 17 PEAK WIND IN M.P.H.

PRELIMINARY LOCAL CLIMATOLOGICAL DATA (WS FORM: F-6) , PAGE 2

                                          STATION:  MOUNTAIN HOME AFB
                                          MONTH:    APRIL
                                          YEAR:     2016
                                          LATITUDE:   43  2 N
                                          LONGITUDE: 115 52 W

[TEMPERATURE DATA]      [PRECIPITATION DATA]       SYMBOLS USED IN COLUMN 16

AVERAGE MONTHLY: 54.3   TOTAL FOR MONTH:   0.94    1 = FOG OR MIST
DPTR FM NORMAL:   5.2   DPTR FM NORMAL:    0.01    2 = FOG REDUCING VISIBILITY
HIGHEST:    86 ON 21    GRTST 24HR  0.39 ON 23-23      TO 1/4 MILE OR LESS
LOWEST:     32 ON  7, 2                            3 = THUNDER
                        SNOW, ICE PELLETS, HAIL    4 = ICE PELLETS
                        TOTAL MONTH:    M          5 = HAIL
                        GRTST 24HR    M  ON   M    6 = FREEZING RAIN OR DRIZZLE
                        GRTST DEPTH:  M  ON   M    7 = DUSTSTORM OR SANDSTORM:
                                                       VSBY 1/2 MILE OR LESS
                                                   8 = SMOKE OR HAZE
[NO. OF DAYS WITH]      [WEATHER - DAYS WITH]      9 = BLOWING SNOW
                                                   X = TORNADO
MAX 32 OR BELOW:   0    0.01 INCH OR MORE:   6
MAX 90 OR ABOVE:   0    0.10 INCH OR MORE:   3
MIN 32 OR BELOW:   2    0.50 INCH OR MORE:   0
MIN  0 OR BELOW:   0    1.00 INCH OR MORE:   0

[HDD (BASE 65) ]
TOTAL THIS MO.   264    CLEAR  (SCALE 0-3)  18
DPTR FM NORMAL  -175    PTCLDY (SCALE 4-7)   7
TOTAL FM JUL 1  4701    CLOUDY (SCALE 8-10)  2
DPTR FM NORMAL  -771

[CDD (BASE 65) ]
TOTAL THIS MO.     3
DPTR FM NORMAL     3    [PRESSURE DATA]
TOTAL FM JAN 1     3    HIGHEST SLP M ON M
DPTR FM NORMAL     3    LOWEST  SLP M ON M

[REMARKS]
