000
CXUS51 KBTV 300700
CF6MVL
PRELIMINARY LOCAL CLIMATOLOGICAL DATA (WS FORM: F-6)

                                          STATION:   MORRISVILLE VT
                                          MONTH:     MAY
                                          YEAR:      2015
                                          LATITUDE:   44 31 N
                                          LONGITUDE:  72 37 W

  TEMPERATURE IN F:       :PCPN:    SNOW:  WIND      :SUNSHINE: SKY     :PK WND
================================================================================
1   2   3   4   5  6A  6B    7    8   9   10  11  12  13   14  15   16   17  18
                                     12Z  AVG MX 2MIN
DY MAX MIN AVG DEP HDD CDD  WTR  SNW DPTH SPD SPD DIR MIN PSBL S-S WX    SPD DR
================================================================================

 1  60  40  50   1  15   0 0.00  0.0    0  0.8  9 100   M    M   8        11 110
 2  72  32  52   3  13   0 0.00  0.0    0  2.1 14 340   M    M   2 18     18 340
 3  76  35  56   6   9   0 0.00  0.0    0  1.5 12 330   M    M   3        16 300
 4  82  39  61  11   4   0 0.02    M    0  4.8 21 200   M    M   4 1      30 220
 5  69  42  56   6   9   0    T    M    0  6.9 16 350   M    M   2 1      21  10
 6  75  36  56   5   9   0 0.00  0.0    0  3.9 14 330   M    M   0        23 320
 7  83  38  61  10   4   0 0.00  0.0    0  2.1 17 330   M    M   0        22 340
 8  88  42  65  13   0   0 0.00  0.0    0  3.6 13 190   M    M   0        19 180
 9  86  53  70  18   0   5 0.00  0.0    0  4.6 14 200   M    M   0        17 190
10  79  64  72  20   0   7 0.43  0.0    0  4.0 16 340   M    M   4 18     22 340
11   M   M   M   M   M   M 0.84    M    0  4.1  8 180   M    M   9 128    17 180
12  76  54  65  12   0   0 0.15  0.0    0  6.7 20 300   M    M   6 1      34 220
13  58  39  49  -4  16   0 0.02    M    0  7.9 20 340   M    M   6 1      29 260
14  64  32  48  -6  17   0 0.00  0.0    0  3.5 13 350   M    M   0        22 360
15  72  32  52  -2  13   0    T    M    0  1.3  8 200   M    M   1        11 170
16  75  52  64  10   1   0    T  0.0    0  2.6  9 190   M    M   9 8      14 190
17  78  54  66  12   0   1    T  0.0    0  4.0 10 340   M    M   4 18     17 350
18  81  48  65  10   0   0 0.00  0.0    0  5.4 16 190   M    M   3        23 190
19  81  59  70  15   0   5    T  0.0    0  5.3 18 310   M    M   6 1      24 260
20  60  42  51  -4  14   0    T    M    0  8.9 20 300   M    M   7        31 320
21  69  35  52  -4  13   0 0.00  0.0    0  3.0 14 200   M    M   5        20 200
22  59  39  49  -7  16   0    T    M    0  8.1 22 300   M    M   8        27 300
23  62  34  48  -8  17   0 0.00  0.0    0  6.1 20 300   M    M   3        32 300
24  80  48  64   8   1   0    T    M    0  7.7 17 230   M    M   3        34 220
25  74  54  64   7   1   0 0.03  0.0    0  2.4 12 200   M    M   7 8      17 190
26  87  62  75  18   0  10    T  0.0    0  4.7 14 260   M    M   4        22 260
27  89  61  75  18   0  10 0.01  0.0    0  4.5 20 200   M    M   2        28 200
28  80  58  69  12   0   4 0.01  0.0    0  4.7 16 200   M    M   6        26 200
29  82  55  69  11   0   4 0.00  0.0    0  1.7  9 190   M    M   2 1      14 200
================================================================================
SM 2097 1279       172  46  1.51     0.0 126.9          M      114
================================================================================
AV 74.9 45.7                               4.4 FASTST   M    M   4    MAX(MPH)
                                 MISC ---->  # 22 300               # 34  220
================================================================================
NOTES:
# LAST OF SEVERAL OCCURRENCES

COLUMN 17 PEAK WIND IN M.P.H.

PRELIMINARY LOCAL CLIMATOLOGICAL DATA (WS FORM: F-6) , PAGE 2

                                          STATION:  MORRISVILLE VT
                                          MONTH:    MAY
                                          YEAR:     2015
                                          LATITUDE:   44 31 N
                                          LONGITUDE:  72 37 W

[TEMPERATURE DATA]      [PRECIPITATION DATA]       SYMBOLS USED IN COLUMN 16

AVERAGE MONTHLY: 60.3   TOTAL FOR MONTH:   1.51    1 = FOG OR MIST
DPTR FM NORMAL:   6.6   DPTR FM NORMAL:   -1.48    2 = FOG REDUCING VISIBILITY
HIGHEST:    89 ON 27    GRTST 24HR  0.84 ON 11-11      TO 1/4 MILE OR LESS
LOWEST:     32 ON 15,14                            3 = THUNDER
                        SNOW, ICE PELLETS, HAIL    4 = ICE PELLETS
                        TOTAL MONTH:   0.0 INCH    5 = HAIL
                        GRTST 24HR     0.0         6 = FREEZING RAIN OR DRIZZLE
                        GRTST DEPTH:   0           7 = DUSTSTORM OR SANDSTORM:
                                                       VSBY 1/2 MILE OR LESS
                                                   8 = SMOKE OR HAZE
[NO. OF DAYS WITH]      [WEATHER - DAYS WITH]      9 = BLOWING SNOW
                                                   X = TORNADO
MAX 32 OR BELOW:   0    0.01 INCH OR MORE:   8
MAX 90 OR ABOVE:   0    0.10 INCH OR MORE:   3
MIN 32 OR BELOW:   3    0.50 INCH OR MORE:   1
MIN  0 OR BELOW:   0    1.00 INCH OR MORE:   0

[HDD (BASE 65) ]
TOTAL THIS MO.   172    CLEAR  (SCALE 0-3)  13
DPTR FM NORMAL  -165    PTCLDY (SCALE 4-7)  14
TOTAL FM JUL 1  7870    CLOUDY (SCALE 8-10)  2
DPTR FM NORMAL  -247

[CDD (BASE 65) ]
TOTAL THIS MO.    46
DPTR FM NORMAL    46    [PRESSURE DATA]
TOTAL FM JAN 1    46    HIGHEST SLP M ON M
DPTR FM NORMAL    45    LOWEST  SLP 29.69 ON 12

[REMARKS]
