000
CXUS56 KOTX 230900
CF6MWH
PRELIMINARY LOCAL CLIMATOLOGICAL DATA (WS FORM: F-6)

                                          STATION:   MOSES LAKE WA AIRPORT
                                          MONTH:     APRIL
                                          YEAR:      2014
                                          LATITUDE:   47 12 N
                                          LONGITUDE: 119 19 W

  TEMPERATURE IN F:       :PCPN:    SNOW:  WIND      :SUNSHINE: SKY     :PK WND
================================================================================
1   2   3   4   5  6A  6B    7    8   9   10  11  12  13   14  15   16   17  18
                                     12Z  AVG MX 2MIN
DY MAX MIN AVG DEP HDD CDD  WTR  SNW DPTH SPD SPD DIR MIN PSBL S-S WX    SPD DR
================================================================================

 1  64  37  51   4  14   0 0.00    M    M  9.0 18  20   M    M   2        23  10
 2  65  40  53   6  12   0 0.00    M    M  7.4 18 260   M    M   0        23 260
 3  61  32  47  -1  18   0 0.00    M    M  9.0 21 210   M    M   3        25 210
 4  63  43  53   5  12   0 0.00    M    M 10.5 22 230   M    M   5        29 280
 5  62  34  48   0  17   0    T    M    M  9.3 18 210   M    M   5        24 240
 6  69  44  57   9   8   0 0.00    M    M 10.0 18 270   M    M   0        24 240
 7  72  43  58  10   7   0 0.00    M    M  6.4 13 170   M    M   1        19 170
 8  77  38  58  10   7   0 0.00    M    M 10.0 23 240   M    M   1 8      28 250
 9  67  44  56   7   9   0 0.00    M    M  9.7 21 290   M    M   0        26 240
10  64  37  51   2  14   0 0.00    M    M  6.8 14 160   M    M   1        21 180
11  72  38  55   6  10   0 0.00    M    M  8.8 31 280   M    M   0        36 280
12  68  38  53   4  12   0 0.00    M    M 13.4 30 360   M    M   1        36 360
13  64  32  48  -1  17   0 0.00    M    M  5.1 12  60   M    M   0        17  70
14  66  28  47  -3  18   0 0.00    M    M  6.1 14 280   M    M   0        18 290
15  68  51  60  10   5   0    T    M    M 17.7 29 280   M    M   1        37 320
16  62  48  55   5  10   0    T    M    M  7.9 17 230   M    M   8        24 190
17  59  48  54   4  11   0 0.05    M    M 10.5 18 170   M    M   8        23 220
18  63  39  51   0  14   0 0.00    M    M  9.8 22 250   M    M   0        29 260
19  66  28  47  -4  18   0 0.00    M    M  9.7 26 250   M    M   3        31 230
20  63  40  52   1  13   0 0.00    M    M  8.6 21 240   M    M   0        25 220
21  67  42  55   4  10   0 0.05    M    M  8.0 25 220   M    M   3 1      31 230
22  61  43  52   0  13   0 0.21    M    M 11.4 24 250   M    M   5 1      31 260
================================================================================
SM 1443  867       269   0  0.31    M    205.1          M       47
================================================================================
AV 65.6 39.4                               9.3 FASTST   M    M   2    MAX(MPH)
                                 MISC ---->  # 31 280               # 37  320
================================================================================
NOTES:
# LAST OF SEVERAL OCCURRENCES

COLUMN 17 PEAK WIND IN M.P.H.

PRELIMINARY LOCAL CLIMATOLOGICAL DATA (WS FORM: F-6) , PAGE 2

                                          STATION:  MOSES LAKE WA AIRPORT
                                          MONTH:    APRIL
                                          YEAR:     2014
                                          LATITUDE:   47 12 N
                                          LONGITUDE: 119 19 W

[TEMPERATURE DATA]      [PRECIPITATION DATA]       SYMBOLS USED IN COLUMN 16

AVERAGE MONTHLY: 52.5   TOTAL FOR MONTH:   0.31    1 = FOG OR MIST
DPTR FM NORMAL:   3.3   DPTR FM NORMAL:   -0.21    2 = FOG REDUCING VISIBILITY
HIGHEST:    77 ON  8    GRTST 24HR  0.26 ON 21-22      TO 1/4 MILE OR LESS
LOWEST:     28 ON 19,14                            3 = THUNDER
                        SNOW, ICE PELLETS, HAIL    4 = ICE PELLETS
                        TOTAL MONTH:    M          5 = HAIL
                        GRTST 24HR    M  ON   M    6 = FREEZING RAIN OR DRIZZLE
                        GRTST DEPTH:  M  ON   M    7 = DUSTSTORM OR SANDSTORM:
                                                       VSBY 1/2 MILE OR LESS
                                                   8 = SMOKE OR HAZE
[NO. OF DAYS WITH]      [WEATHER - DAYS WITH]      9 = BLOWING SNOW
                                                   X = TORNADO
MAX 32 OR BELOW:   0    0.01 INCH OR MORE:   3
MAX 90 OR ABOVE:   0    0.10 INCH OR MORE:   1
MIN 32 OR BELOW:   4    0.50 INCH OR MORE:   0
MIN  0 OR BELOW:   0    1.00 INCH OR MORE:   0

[HDD (BASE 65) ]
TOTAL THIS MO.   269    CLEAR  (SCALE 0-3)  16
DPTR FM NORMAL   -78    PTCLDY (SCALE 4-7)   6
TOTAL FM JUL 1  5414    CLOUDY (SCALE 8-10)  0
DPTR FM NORMAL  -105

[CDD (BASE 65) ]
TOTAL THIS MO.     0
DPTR FM NORMAL     0    [PRESSURE DATA]
TOTAL FM JAN 1     0    HIGHEST SLP M ON M
DPTR FM NORMAL     0    LOWEST  SLP  0.00 ON M

[REMARKS]
