000
CXUS54 KFWD 170730
CF6MWL
PRELIMINARY LOCAL CLIMATOLOGICAL DATA (WS FORM: F-6)

                                          STATION:   MINERAL WELLS
                                          MONTH:     JANUARY
                                          YEAR:      2018
                                          LATITUDE:   32 46 N
                                          LONGITUDE:  98  4 W

  TEMPERATURE IN F:       :PCPN:    SNOW:  WIND      :SUNSHINE: SKY     :PK WND
================================================================================
1   2   3   4   5  6A  6B    7    8   9   10  11  12  13   14  15   16   17  18
                                     12Z  AVG MX 2MIN
DY MAX MIN AVG DEP HDD CDD  WTR  SNW DPTH SPD SPD DIR MIN PSBL S-S WX    SPD DR
================================================================================

 1  27  12  20 -24  45   0 0.00  0.0    0  7.8 17  10   M    M   1        21  20
 2  25  14  20 -24  45   0 0.00  0.0    0  5.6 12 350   M    M   8        14 350
 3  51  11  31 -13  34   0 0.00    M    0  4.9 15 330   M    M   0        19 340
 4  52  20  36  -8  29   0 0.00    M    0  5.0 12 160   M    M   0        15 130
 5  63  26  45   1  20   0 0.00  0.0    0  6.3 13 250   M    M   0        16 250
 6  65  32  49   5  16   0 0.00  0.0    0  9.8 18 170   M    M   0        23 170
 7  65  48  57  13   8   0 0.01  0.0    0 11.5 21 170   M    M   9        28 170
 8  64  36  50   6  15   0 0.00  0.0    0  8.1 17 320   M    M   0        22 330
 9  68  28  48   4  17   0 0.00  0.0    0  8.3 21 140   M    M   0 1      26 130
10  64  41  53   9  12   0 0.00  0.0    0 14.9 26 150   M    M   3 18     31 150
11  56  30  43  -1  22   0    T    M    0 17.7 32 310   M    M   4 8      40 330
12  46  21  34 -11  31   0 0.00  0.0    0  9.7 18 340   M    M   0        27 340
13  47  20  34 -11  31   0 0.00  0.0    0  6.8 13 360   M    M   0        17 360
14  58  24  41  -4  24   0 0.00  0.0    0  7.8 16 220   M    M   0        22 240
15  62  25  44  -1  21   0    T    M    0 12.0 29  20   M    M   4        39  30
16  29  13  21 -24  44   0    T    M    0 12.7 26 360   M    M   4        33 360
================================================================================
SM  842  401       414   0  0.01     0.0 148.9          M       33
================================================================================
AV 52.6 25.1                               9.3 FASTST   M    M   2    MAX(MPH)
                                 MISC ---->  # 32 310               # 40  330
================================================================================
NOTES:
# LAST OF SEVERAL OCCURRENCES

COLUMN 17 PEAK WIND IN M.P.H.

PRELIMINARY LOCAL CLIMATOLOGICAL DATA (WS FORM: F-6) , PAGE 2

                                          STATION:  MINERAL WELLS
                                          MONTH:    JANUARY
                                          YEAR:     2018
                                          LATITUDE:   32 46 N
                                          LONGITUDE:  98  4 W

[TEMPERATURE DATA]      [PRECIPITATION DATA]       SYMBOLS USED IN COLUMN 16

AVERAGE MONTHLY: 38.8   TOTAL FOR MONTH:   0.01    1 = FOG OR MIST
DPTR FM NORMAL:  -5.5   DPTR FM NORMAL:   -0.62    2 = FOG REDUCING VISIBILITY
HIGHEST:    68 ON  9    GRTST 24HR  0.01 ON  7- 7      TO 1/4 MILE OR LESS
LOWEST:     11 ON  3                               3 = THUNDER
                        SNOW, ICE PELLETS, HAIL    4 = ICE PELLETS
                        TOTAL MONTH:   0.0 INCH    5 = HAIL
                        GRTST 24HR     0.0         6 = FREEZING RAIN OR DRIZZLE
                        GRTST DEPTH:   0           7 = DUSTSTORM OR SANDSTORM:
                                                       VSBY 1/2 MILE OR LESS
                                                   8 = SMOKE OR HAZE
[NO. OF DAYS WITH]      [WEATHER - DAYS WITH]      9 = BLOWING SNOW
                                                   X = TORNADO
MAX 32 OR BELOW:   3    0.01 INCH OR MORE:   1
MAX 90 OR ABOVE:   0    0.10 INCH OR MORE:   0
MIN 32 OR BELOW:  13    0.50 INCH OR MORE:   0
MIN  0 OR BELOW:   0    1.00 INCH OR MORE:   0

[HDD (BASE 65) ]
TOTAL THIS MO.   414    CLEAR  (SCALE 0-3)  11
DPTR FM NORMAL    83    PTCLDY (SCALE 4-7)   4
TOTAL FM JUL 1  1322    CLOUDY (SCALE 8-10)  1
DPTR FM NORMAL   -38

[CDD (BASE 65) ]
TOTAL THIS MO.     0
DPTR FM NORMAL     0    [PRESSURE DATA]
TOTAL FM JAN 1     0    HIGHEST SLP M ON M
DPTR FM NORMAL     0    LOWEST  SLP 29.64 ON 11

[REMARKS]
