000
CXUS54 KFWD 200730
CF6MWL
PRELIMINARY LOCAL CLIMATOLOGICAL DATA (WS FORM: F-6)

                                          STATION:   MINERAL WELLS
                                          MONTH:     AUGUST
                                          YEAR:      2014
                                          LATITUDE:   32 46 N
                                          LONGITUDE:  98  4 W

  TEMPERATURE IN F:       :PCPN:    SNOW:  WIND      :SUNSHINE: SKY     :PK WND
================================================================================
1   2   3   4   5  6A  6B    7    8   9   10  11  12  13   14  15   16   17  18
                                     12Z  AVG MX 2MIN
DY MAX MIN AVG DEP HDD CDD  WTR  SNW DPTH SPD SPD DIR MIN PSBL S-S WX    SPD DR
================================================================================

 1  86  65  76  -8   0  11 0.00  0.0    0  7.3 13  20   M    M   6        18  40
 2  90  61  76  -8   0  11 0.00  0.0    0  5.3 16  50   M    M   0 1      21  90
 3  94  65  80  -4   0  15 0.00  0.0    0  5.5 16  60   M    M   1        21  60
 4  94  67  81  -3   0  16 0.00  0.0    0  4.8 15  80   M    M   1 1       M  M
 5  98  69  84   0   0  19 0.00  0.0    0  5.4 14 100   M    M   0        18 130
 6 100  73  87   3   0  22 0.00  0.0    0  9.4 16 130   M    M   1        24 110
 7 104  74  89   5   0  24 0.00  0.0    0  9.0 21 130   M    M   0        26 130
 8 104  76  90   6   0  25 0.00  0.0    0  7.8 26 330   M    M   2 3      32 320
 9 103  74  89   5   0  24 0.00  0.0    0  7.2 16  30   M    M   1        22 190
10 102  72  87   3   0  22 0.85  0.0    0  8.7 26  30   M    M   2 13     40  20
11  93  72  83  -1   0  18 0.00  0.0    0  7.0 18  10   M    M   1        22 350
12  94  74  84   0   0  19 0.00  0.0    0  6.6 15  50   M    M   0        20 350
13  94  67  81  -3   0  16 0.00  0.0    0  5.3 10  80   M    M   0         M  M
14  96  67  82  -2   0  17 0.00  0.0    0  7.2 15 120   M    M   0        20 110
15 101  70  86   3   0  21 0.00  0.0    0  9.0 16 120   M    M   0        22 110
16 101  74  88   5   0  23    T  0.0    0  9.0 20 240   M    M   1        30 260
17  93  77  85   2   0  20    T  0.0    0 10.2 21 160   M    M   2        28 170
18  92  71  82  -1   0  17 0.19  0.0    0  6.0 29 180   M    M   0 13     39 170
19  92  71  82  -1   0  17 0.35  0.0    0  8.4 28 220   M    M   4 13     39 210
================================================================================
SM 1831 1339         0 357  1.39     0.0 139.1          M       22
================================================================================
AV 96.4 70.5                               7.3 FASTST   M    M   1    MAX(MPH)
                                 MISC ---->  # 29 180               # 40   20
================================================================================
NOTES:
# LAST OF SEVERAL OCCURRENCES

COLUMN 17 PEAK WIND IN M.P.H.

PRELIMINARY LOCAL CLIMATOLOGICAL DATA (WS FORM: F-6) , PAGE 2

                                          STATION:  MINERAL WELLS
                                          MONTH:    AUGUST
                                          YEAR:     2014
                                          LATITUDE:   32 46 N
                                          LONGITUDE:  98  4 W

[TEMPERATURE DATA]      [PRECIPITATION DATA]       SYMBOLS USED IN COLUMN 16

AVERAGE MONTHLY: 83.4   TOTAL FOR MONTH:   1.39    1 = FOG OR MIST
DPTR FM NORMAL:  -0.3   DPTR FM NORMAL:    0.04    2 = FOG REDUCING VISIBILITY
HIGHEST:   104 ON  8, 7 GRTST 24HR  0.85 ON 10-10      TO 1/4 MILE OR LESS
LOWEST:     61 ON  2                               3 = THUNDER
                        SNOW, ICE PELLETS, HAIL    4 = ICE PELLETS
                        TOTAL MONTH:   0.0 INCH    5 = HAIL
                        GRTST 24HR     0.0         6 = FREEZING RAIN OR DRIZZLE
                        GRTST DEPTH:   0           7 = DUSTSTORM OR SANDSTORM:
                                                       VSBY 1/2 MILE OR LESS
                                                   8 = SMOKE OR HAZE
[NO. OF DAYS WITH]      [WEATHER - DAYS WITH]      9 = BLOWING SNOW
                                                   X = TORNADO
MAX 32 OR BELOW:   0    0.01 INCH OR MORE:   3
MAX 90 OR ABOVE:  18    0.10 INCH OR MORE:   3
MIN 32 OR BELOW:   0    0.50 INCH OR MORE:   1
MIN  0 OR BELOW:   0    1.00 INCH OR MORE:   0

[HDD (BASE 65) ]
TOTAL THIS MO.     0    CLEAR  (SCALE 0-3)  17
DPTR FM NORMAL     0    PTCLDY (SCALE 4-7)   2
TOTAL FM JUL 1     0    CLOUDY (SCALE 8-10)  0
DPTR FM NORMAL     0

[CDD (BASE 65) ]
TOTAL THIS MO.   357
DPTR FM NORMAL     1    [PRESSURE DATA]
TOTAL FM JAN 1  1663    HIGHEST SLP M ON M
DPTR FM NORMAL   -38    LOWEST  SLP 29.75 ON  7

[REMARKS]
