000
CXUS54 KLZK 261130
CF6MWT
PRELIMINARY LOCAL CLIMATOLOGICAL DATA (WS FORM: F-6)

                                          STATION:   Mount Ida
                                          MONTH:     APRIL
                                          YEAR:      2017
                                          LATITUDE:   34 32 N
                                          LONGITUDE:  93 35 W

  TEMPERATURE IN F:       :PCPN:    SNOW:  WIND      :SUNSHINE: SKY     :PK WND
================================================================================
1   2   3   4   5  6A  6B    7    8   9   10  11  12  13   14  15   16   17  18
                                     12Z  AVG MX 2MIN
DY MAX MIN AVG DEP HDD CDD  WTR  SNW DPTH SPD SPD DIR MIN PSBL S-S WX    SPD DR
================================================================================

 1  77  50  64   8   1   0 0.00  0.0    0  3.2 12 130   M    M   1        19 130
 2  67  55  61   4   4   0 0.87  0.0    0  2.7 12 110   M    M   6 1      18 130
 3  76  53  65   8   0   0 0.04  0.0    0  3.5 14 250   M    M   4 1      23 260
 4  83  48  66   9   0   1 0.35    M    0  4.3 16 310   M    M   0 1      27 310
 5  60  51  56  -1   9   0 0.22  0.0    0  7.1 18 310   M    M   5 1      33 330
 6  69  42  56  -2   9   0 0.00  0.0    0  5.0 16 310   M    M   0        28 320
 7  75  36  56  -2   9   0 0.00  0.0    0  0.9  7 330   M    M   0        12 350
 8  79  47  63   5   2   0 0.00  0.0    0  4.7 14 210   M    M   0        26 190
 9  79  63  71  13   0   6 0.00  0.0    0  5.1 14 190   M    M   5        28 150
10  70  64  67   8   0   2 0.23  0.0    0  2.7 13 140   M    M   8 18     20 220
11  73  58  66   7   0   1 0.03  0.0    M  2.0  7  80   M    M   9        11  80
12  78  54  66   7   0   1 0.00  0.0    M  3.0 13 140   M    M   3 12     19 130
13  82  56  69   9   0   4 0.00  0.0    M  1.9 13 140   M    M   2 12     19 130
14  81  56  69   9   0   4 0.00  0.0    0  2.1 12 150   M    M   1 1      20 140
15  81  64  73  13   0   8 0.00  0.0    0  3.5 13 170   M    M   2        19 170
16  80  61  71  11   0   6    T  0.0    0  2.7 12 160   M    M   2        22 130
17  68  57  63   2   2   0 0.57  0.0    0  1.3  7 310   M    M   7 1      10 290
18  82  57  70   9   0   5 0.00  0.0    0  1.1  7 250   M    M   6 12     12 200
19  82  60  71  10   0   6 0.00  0.0    0  3.0 10 180   M    M   1        19 150
20  81  64  73  11   0   8 0.00  0.0    0  1.9  7 270   M    M   2 1       M  M
21  73  62  68   6   0   3 1.57  0.0    0  3.1 14 310   M    M   7 1      22  20
22  64  51  58  -4   7   0 0.07  0.0    0  5.8 14 330   M    M  10 1      23 340
23  74  45  60  -2   5   0 0.00  0.0    M  3.6 10 330   M    M   3        16  30
24  78  40  59  -4   6   0 0.00  0.0    0  1.4  9 140   M    M   0        13 130
25  82  62  72   9   0   7 0.00  0.0    0  6.0 17 140   M    M   2        26 130
================================================================================
SM 1894 1356        54  62  3.95     0.0  81.6          M       86
================================================================================
AV 75.8 54.2                               3.3 FASTST   M    M   3    MAX(MPH)
                                 MISC ---->  # 18 310               # 33  330
================================================================================
NOTES:
# LAST OF SEVERAL OCCURRENCES

COLUMN 17 PEAK WIND IN M.P.H.

PRELIMINARY LOCAL CLIMATOLOGICAL DATA (WS FORM: F-6) , PAGE 2

                                          STATION:  Mount Ida
                                          MONTH:    APRIL
                                          YEAR:     2017
                                          LATITUDE:   34 32 N
                                          LONGITUDE:  93 35 W

[TEMPERATURE DATA]      [PRECIPITATION DATA]       SYMBOLS USED IN COLUMN 16

AVERAGE MONTHLY: 65.0   TOTAL FOR MONTH:   3.95    1 = FOG OR MIST
DPTR FM NORMAL:   5.4   DPTR FM NORMAL:   -0.46    2 = FOG REDUCING VISIBILITY
HIGHEST:    83 ON  4    GRTST 24HR  1.57 ON 21-21      TO 1/4 MILE OR LESS
LOWEST:     36 ON  7                               3 = THUNDER
                        SNOW, ICE PELLETS, HAIL    4 = ICE PELLETS
                        TOTAL MONTH:   0.0 INCH    5 = HAIL
                        GRTST 24HR     0.0         6 = FREEZING RAIN OR DRIZZLE
                        GRTST DEPTH:   0           7 = DUSTSTORM OR SANDSTORM:
                                                       VSBY 1/2 MILE OR LESS
                                                   8 = SMOKE OR HAZE
[NO. OF DAYS WITH]      [WEATHER - DAYS WITH]      9 = BLOWING SNOW
                                                   X = TORNADO
MAX 32 OR BELOW:   0    0.01 INCH OR MORE:   9
MAX 90 OR ABOVE:   0    0.10 INCH OR MORE:   6
MIN 32 OR BELOW:   0    0.50 INCH OR MORE:   3
MIN  0 OR BELOW:   0    1.00 INCH OR MORE:   1

[HDD (BASE 65) ]
TOTAL THIS MO.    54    CLEAR  (SCALE 0-3)  15
DPTR FM NORMAL  -110    PTCLDY (SCALE 4-7)   8
TOTAL FM JUL 1  2173    CLOUDY (SCALE 8-10)  2
DPTR FM NORMAL -1065

[CDD (BASE 65) ]
TOTAL THIS MO.    62
DPTR FM NORMAL    37    [PRESSURE DATA]
TOTAL FM JAN 1   109    HIGHEST SLP M ON M
DPTR FM NORMAL    70    LOWEST  SLP 29.45 ON 25

[REMARKS]
ALL SNOWFALL DATA IS FROM THE MT IDA 4 S COOPERATIVE OBSERVER SITE
