000
CXUS56 KSGX 011445
CF6MYF
PRELIMINARY LOCAL CLIMATOLOGICAL DATA (WS FORM: F-6)

                                          STATION:   SAN DIEGO/MONTGOMERY FLD CA
                                          MONTH:     SEPTEMBER
                                          YEAR:      2014
                                          LATITUDE:   32 49 N
                                          LONGITUDE: 117  9 W

  TEMPERATURE IN F:       :PCPN:    SNOW:  WIND      :SUNSHINE: SKY     :PK WND
================================================================================
1   2   3   4   5  6A  6B    7    8   9   10  11  12  13   14  15   16   17  18
                                     12Z  AVG MX 2MIN
DY MAX MIN AVG DEP HDD CDD  WTR  SNW DPTH SPD SPD DIR MIN PSBL S-S WX    SPD DR
================================================================================

 1  79  66  73   0   0   8 0.00  0.0    0  6.2 12 200   M    M   4 8      17 200
 2  81  68  75   2   0  10 0.00  0.0    0  4.5 12 260   M    M   4        16 280
 3  79  69  74   1   0   9 0.00  0.0    0  4.9 14 240   M    M   5        18 250
 4  81  67  74   1   0   9 0.00  0.0    0  5.2 13 310   M    M   5        17 320
 5  81  66  74   1   0   9 0.00  0.0    0  5.9 13 280   M    M   3        20 290
 6  86  69  78   5   0  13 0.00  0.0    0  6.1 13 320   M    M   2        21 290
 7  91  71  81   9   0  16 0.00  0.0    0  4.5 12 240   M    M   1        14 230
 8  92  74  83  11   0  18 0.00  0.0    0  4.0 13 240   M    M   3        17 240
 9  87  71  79   7   0  14 0.00  0.0    0  4.2 15 240   M    M   2        20 270
10  87  69  78   6   0  13 0.00  0.0    0  4.7 14 310   M    M   1        18 290
11  87  73  80   8   0  15 0.00  0.0    0  5.3 13 280   M    M   0        19 270
12  89  70  80   8   0  15 0.00  0.0    0  5.5 14 290   M    M   0        22 290
13  90  69  80   8   0  15 0.00  0.0    0  6.9 15 320   M    M   1 1      18 330
14  96  72  84  12   0  19 0.00  0.0    0  5.0 12 290   M    M   0        17 270
15  96  74  85  13   0  20 0.00  0.0    0  4.4 12 290   M    M   0        17 320
16 103  74  89  18   0  24 1.08  0.0    0  5.4 40  20   M    M   0        56  20
17  95  73  84  13   0  19 0.00  0.0    0  5.1 15 310   M    M   0        18 310
18  81  71  76   5   0  11 0.00  0.0    0  5.7 14 300   M    M   5        18 300
19  80  69  75   4   0  10 0.00  0.0    0  6.8 15 280   M    M   6        19 270
20  78  69  74   3   0   9 0.00  0.0    0  4.4 14 280   M    M   5        18 280
21  79  68  74   4   0   9 0.00  0.0    0  6.4 14 300   M    M   4        21 280
22  82  67  75   5   0  10 0.00  0.0    0  5.0 14 290   M    M   3        17 290
23  84  64  74   4   0   9 0.00  0.0    0  6.0 13 330   M    M   4 128    17 300
24  86  65  76   6   0  11 0.00  0.0    0  6.6 15 300   M    M   2 1      17 300
25  88  70  79   9   0  14 0.00  0.0    0  6.8 18 310   M    M   0        21 310
26  81  67  74   4   0   9 0.00  0.0    0  6.2 15 300   M    M   3        22 290
27  74  63  69   0   0   4 0.00  0.0    0  7.1 16 250   M    M   5        20 260
28  76  63  70   1   0   5 0.00  0.0    0  6.2 15 230   M    M   6        21 260
29  76  59  68  -1   0   3 0.00  0.0    0  6.7 17 300   M    M   0        22 300
30  83  62  73   4   0   8 0.00  0.0    0  3.6 13 210   M    M   0        16 250
================================================================================
SM 2548 2052         0 358  1.08     0.0 165.3          M       74
================================================================================
AV 84.9 68.4                               5.5 FASTST   M    M   2    MAX(MPH)
                                 MISC ---->  # 40  20               # 56   20
================================================================================
NOTES:
# LAST OF SEVERAL OCCURRENCES

COLUMN 17 PEAK WIND IN M.P.H.

PRELIMINARY LOCAL CLIMATOLOGICAL DATA (WS FORM: F-6) , PAGE 2

                                          STATION:  SAN DIEGO/MONTGOMERY FLD CA
                                          MONTH:    SEPTEMBER
                                          YEAR:     2014
                                          LATITUDE:   32 49 N
                                          LONGITUDE: 117  9 W

[TEMPERATURE DATA]      [PRECIPITATION DATA]       SYMBOLS USED IN COLUMN 16

AVERAGE MONTHLY: 76.7   TOTAL FOR MONTH:   1.08    1 = FOG OR MIST
DPTR FM NORMAL:   5.4   DPTR FM NORMAL:    0.87    2 = FOG REDUCING VISIBILITY
HIGHEST:   103 ON 16    GRTST 24HR  1.08 ON 16-16      TO 1/4 MILE OR LESS
LOWEST:     59 ON 29                               3 = THUNDER
                        SNOW, ICE PELLETS, HAIL    4 = ICE PELLETS
                        TOTAL MONTH:   0.0 INCH    5 = HAIL
                        GRTST 24HR     0.0         6 = FREEZING RAIN OR DRIZZLE
                        GRTST DEPTH:   0           7 = DUSTSTORM OR SANDSTORM:
                                                       VSBY 1/2 MILE OR LESS
                                                   8 = SMOKE OR HAZE
[NO. OF DAYS WITH]      [WEATHER - DAYS WITH]      9 = BLOWING SNOW
                                                   X = TORNADO
MAX 32 OR BELOW:   0    0.01 INCH OR MORE:   1
MAX 90 OR ABOVE:   7    0.10 INCH OR MORE:   1
MIN 32 OR BELOW:   0    0.50 INCH OR MORE:   1
MIN  0 OR BELOW:   0    1.00 INCH OR MORE:   1

[HDD (BASE 65) ]
TOTAL THIS MO.     0    CLEAR  (SCALE 0-3)  18
DPTR FM NORMAL    -3    PTCLDY (SCALE 4-7)  12
TOTAL FM JUL 1     0    CLOUDY (SCALE 8-10)  0
DPTR FM NORMAL    -4

[CDD (BASE 65) ]
TOTAL THIS MO.   358
DPTR FM NORMAL   168    [PRESSURE DATA]
TOTAL FM JAN 1  1272    HIGHEST SLP 29.98 ON 22
DPTR FM NORMAL   524    LOWEST  SLP 29.66 ON 16

[REMARKS]
#FINAL-09-14#
