774
CXUS56 KSGX 271545
CF6MYF
PRELIMINARY LOCAL CLIMATOLOGICAL DATA (WS FORM: F-6)

                                          STATION:   SAN DIEGO/MONTGOMERY FLD CA
                                          MONTH:     SEPTEMBER
                                          YEAR:      2016
                                          LATITUDE:   32 49 N
                                          LONGITUDE: 117  9 W

  TEMPERATURE IN F:       :PCPN:    SNOW:  WIND      :SUNSHINE: SKY     :PK WND
================================================================================
1   2   3   4   5  6A  6B    7    8   9   10  11  12  13   14  15   16   17  18
                                     12Z  AVG MX 2MIN
DY MAX MIN AVG DEP HDD CDD  WTR  SNW DPTH SPD SPD DIR MIN PSBL S-S WX    SPD DR
================================================================================

 1  78  65  72  -1   0   7 0.00  0.0    0  5.5 13 220   M    M   6 18     16 250
 2  76  64  70  -3   0   5 0.00  0.0    0  4.7 12 260   M    M   6        16 240
 3  73  64  69  -4   0   4 0.00  0.0    0  6.6 16 270   M    M   6        21 260
 4  74  64  69  -4   0   4 0.00  0.0    0  6.1 14 230   M    M   6        20 220
 5  74  63  69  -4   0   4 0.00  0.0    0  4.7 15 270   M    M   4        20 240
 6  78  60  69  -4   0   4 0.00  0.0    0  5.2 14 290   M    M   2        19 260
 7  77  65  71  -1   0   6 0.00  0.0    0  4.8 13 220   M    M   7 18     20 250
 8  78  67  73   1   0   8 0.00  0.0    0  6.0 13 300   M    M   6        17 320
 9   M   M   M   M   M   M    M    M    M   M   M   M   M    M   M         M  M
10  79  65  72   0   0   7 0.00  0.0    0  6.0 12 300   M    M   5 18     17 300
11  78  65  72   0   0   7 0.00  0.0    0  6.0 12 280   M    M   6 8      17 280
12  73  65  69  -3   0   4 0.00  0.0    0  6.7 15 260   M    M  10        22 260
13  73  62  68  -4   0   3 0.00  0.0    0  6.6 14 260   M    M   7        18 260
14  75  59  67  -5   0   2 0.00  0.0    0  6.4 15 300   M    M   1        19 270
15  79  56  68  -4   0   3 0.00  0.0    0  4.5 13 280   M    M   0        17 310
16  78  56  67  -4   0   2 0.00  0.0    0  4.2 12 290   M    M   1 18     16 280
17  78  61  70  -1   0   5 0.00  0.0    0  5.0 14 280   M    M   3 18     17 300
18  84  59  72   1   0   7 0.00  0.0    0  3.0 10 220   M    M   1 128    14 240
19  87  65  76   5   0  11 0.01  0.0    0  3.3 16 260   M    M   4 8      20 210
20  79  72  76   5   0  11 0.21  0.0    0  3.4  6 360   M    M   9 8       M  M
21   M   M   M   M   M   M 0.16    M    0  6.2 12 280   M    M   7 18      M  M
22  84  60  72   2   0   7 0.00  0.0    0  7.8 15 250   M    M   6 8      20 250
23  76  58  67  -3   0   2 0.00  0.0    0  5.6 17 320   M    M   1        20 320
24  90  58  74   4   0   9 0.00  0.0    0  3.8 16 330   M    M   0        19 340
25  96  61  79   9   0  14 0.00  0.0    0  5.8 17 300   M    M   0        21 300
26 100  70  85  15   0  20 0.00  0.0    0  6.2 21 100   M    M   0        25  40
================================================================================
SM 1917 1504         0 156  0.38     0.0 134.1          M      104
================================================================================
AV 79.9 62.7                               5.4 FASTST   M    M   4    MAX(MPH)
                                 MISC ---->  # 21 100               # 25   40
================================================================================
NOTES:
# LAST OF SEVERAL OCCURRENCES

COLUMN 17 PEAK WIND IN M.P.H.

PRELIMINARY LOCAL CLIMATOLOGICAL DATA (WS FORM: F-6) , PAGE 2

                                          STATION:  SAN DIEGO/MONTGOMERY FLD CA
                                          MONTH:    SEPTEMBER
                                          YEAR:     2016
                                          LATITUDE:   32 49 N
                                          LONGITUDE: 117  9 W

[TEMPERATURE DATA]      [PRECIPITATION DATA]       SYMBOLS USED IN COLUMN 16

AVERAGE MONTHLY: 71.3   TOTAL FOR MONTH:   0.38    1 = FOG OR MIST
DPTR FM NORMAL:  -0.3   DPTR FM NORMAL:    0.21    2 = FOG REDUCING VISIBILITY
HIGHEST:   100 ON 26    GRTST 24HR  0.21 ON 20-20      TO 1/4 MILE OR LESS
LOWEST:     56 ON 16,15                            3 = THUNDER
                        SNOW, ICE PELLETS, HAIL    4 = ICE PELLETS
                        TOTAL MONTH:   0.0 INCH    5 = HAIL
                        GRTST 24HR     0.0         6 = FREEZING RAIN OR DRIZZLE
                        GRTST DEPTH:   0           7 = DUSTSTORM OR SANDSTORM:
                                                       VSBY 1/2 MILE OR LESS
                                                   8 = SMOKE OR HAZE
[NO. OF DAYS WITH]      [WEATHER - DAYS WITH]      9 = BLOWING SNOW
                                                   X = TORNADO
MAX 32 OR BELOW:   0    0.01 INCH OR MORE:   3
MAX 90 OR ABOVE:   3    0.10 INCH OR MORE:   2
MIN 32 OR BELOW:   0    0.50 INCH OR MORE:   0
MIN  0 OR BELOW:   0    1.00 INCH OR MORE:   0

[HDD (BASE 65) ]
TOTAL THIS MO.     0    CLEAR  (SCALE 0-3)  10
DPTR FM NORMAL     0    PTCLDY (SCALE 4-7)  13
TOTAL FM JUL 1     0    CLOUDY (SCALE 8-10)  2
DPTR FM NORMAL    -1

[CDD (BASE 65) ]
TOTAL THIS MO.   156
DPTR FM NORMAL   -17    [PRESSURE DATA]
TOTAL FM JAN 1  1023    HIGHEST SLP M ON M
DPTR FM NORMAL   292    LOWEST  SLP 29.74 ON  5

[REMARKS]
