000
CXUS53 KBIS 290911
CF6N60
PRELIMINARY LOCAL CLIMATOLOGICAL DATA (WS FORM: F-6)

                                          STATION:   GARRISON (AMOS) ND
                                          MONTH:     MAY
                                          YEAR:      2015
                                          LATITUDE:   47 39 N
                                          LONGITUDE: 101 23 W

  TEMPERATURE IN F:       :PCPN:    SNOW:  WIND      :SUNSHINE: SKY     :PK WND
================================================================================
1   2   3   4   5  6A  6B    7    8   9   10  11  12  13   14  15   16   17  18
                                     12Z  AVG MX 2MIN
DY MAX MIN AVG DEP HDD CDD  WTR  SNW DPTH SPD SPD DIR MIN PSBL S-S WX    SPD DR
================================================================================

 1  78  34  56   M   9   0 0.00    M    M  7.9 24 250   M    M   0        32 240
 2  82  42  62   M   3   0 0.00    M    M  9.1 25 300   M    M   0        34 300
 3  66  37  52   M  13   0 0.00    M    M 12.0 25 320   M    M   0        33 320
 4  71  29  50   M  15   0 0.00    M    M  8.2 17 160   M    M   0        21 190
 5  77  50  64   M   1   0 0.00    M    M 14.3 28 170   M    M   0        35 170
 6  63  55  59   M   6   0 1.64    M    M 10.6 22 340   M    M   0        27 340
 7  55  40  48   M  17   0 0.04    M    M 24.3 36 320   M    M   0        46 340
 8  48  34  41   M  24   0 0.00    M    M  8.3 14  20   M    M   0        19  20
 9  50  36  43   M  22   0 0.00    M    M  7.6 16  80   M    M   0        24  90
10  44  39  42   M  23   0 0.01    M    M 11.5 22  30   M    M   0        28  30
11  59  35  47   M  18   0 0.00    M    M 11.3 23 360   M    M   0        32  30
12  64  34  49   M  16   0 0.03    M    M 13.2 25 160   M    M   0        31 170
13  68  43  56   M   9   0 0.08    M    M 15.6 26 100   M    M   0        37 100
14  50  43  47   M  18   0 0.31    M    M  9.5 20 360   M    M   0        27  30
15  61  35  48   M  17   0 0.00    M    M  8.9 15 130   M    M   0        21  90
16  59  48  54   M  11   0 1.10    M    M 13.5 28 100   M    M   0        43  90
17  51  32  42   M  23   0 0.06    M    M 23.9 36 340   M    M   0        46 350
18  52  32  42   M  23   0 0.00    M    M 14.6 32 350   M    M   0        42 350
19  60  28  44   M  21   0 0.00    M    M  3.1 12 180   M    M   0        16 170
20  72  33  53   M  12   0 0.00    M    M  6.5 18 340   M    M   0        22 320
21  76  41  59   M   6   0 0.00    M    M  6.2 15 350   M    M   0        18 330
22  76  41  59   M   6   0 0.00    M    M  6.5 18 180   M    M   0        23 200
23  73  42  58   M   7   0 0.00    M    M  6.0 18 130   M    M   0        23  90
24  71  50  61   M   4   0 0.00    M    M  5.0 16 110   M    M   0        20 110
25  77  54  66   M   0   1 0.00    M    M  6.9 18 280   M    M   0        24 340
26  82  51  67   M   0   2 0.00    M    M  8.2 18 310   M    M   0        22 330
27  83  53  68   M   0   3 0.27    M    M  6.8 24 280   M    M   0        30 280
28  76  52  64   M   1   0 0.01    M    M  8.9 22  20   M    M   0        32  20
================================================================================
SM 1844 1143       325   6  3.55    M    288.4          M        0
================================================================================
AV 65.9 40.8                              10.3 FASTST   M    M   0    MAX(MPH)
                                 MISC ---->  # 36 320               # 46  340
================================================================================
NOTES:
# LAST OF SEVERAL OCCURRENCES

COLUMN 17 PEAK WIND IN M.P.H.

PRELIMINARY LOCAL CLIMATOLOGICAL DATA (WS FORM: F-6) , PAGE 2

                                          STATION:  GARRISON (AMOS) ND
                                          MONTH:    MAY
                                          YEAR:     2015
                                          LATITUDE:   47 39 N
                                          LONGITUDE: 101 23 W

[TEMPERATURE DATA]      [PRECIPITATION DATA]       SYMBOLS USED IN COLUMN 16

AVERAGE MONTHLY: 53.3   TOTAL FOR MONTH:   3.55    1 = FOG OR MIST
DPTR FM NORMAL:     M   DPTR FM NORMAL:       M    2 = FOG REDUCING VISIBILITY
HIGHEST:    83 ON 27    GRTST 24HR  1.67 ON  6- 7      TO 1/4 MILE OR LESS
LOWEST:     28 ON 19                               3 = THUNDER
                        SNOW, ICE PELLETS, HAIL    4 = ICE PELLETS
                        TOTAL MONTH:    M          5 = HAIL
                        GRTST 24HR    M  ON   M    6 = FREEZING RAIN OR DRIZZLE
                        GRTST DEPTH:  M  ON   M    7 = DUSTSTORM OR SANDSTORM:
                                                       VSBY 1/2 MILE OR LESS
                                                   8 = SMOKE OR HAZE
[NO. OF DAYS WITH]      [WEATHER - DAYS WITH]      9 = BLOWING SNOW
                                                   X = TORNADO
MAX 32 OR BELOW:   0    0.01 INCH OR MORE:  10
MAX 90 OR ABOVE:   0    0.10 INCH OR MORE:   4
MIN 32 OR BELOW:   4    0.50 INCH OR MORE:   2
MIN  0 OR BELOW:   0    1.00 INCH OR MORE:   2

[HDD (BASE 65) ]
TOTAL THIS MO.   325    CLEAR  (SCALE 0-3)  28
DPTR FM NORMAL     M    PTCLDY (SCALE 4-7)   0
TOTAL FM JUL 1  8582    CLOUDY (SCALE 8-10)  0
DPTR FM NORMAL     M

[CDD (BASE 65) ]
TOTAL THIS MO.     6
DPTR FM NORMAL     M    [PRESSURE DATA]
TOTAL FM JAN 1     6    HIGHEST SLP M ON M
DPTR FM NORMAL     M    LOWEST  SLP 29.56 ON 16

[REMARKS]
