000
CXHW50 PHFO 301250
CF6NGF
PRELIMINARY LOCAL CLIMATOLOGICAL DATA (WS FORM: F-6)

                                          STATION:   KANEOHE BAY MCAS HI
                                          MONTH:     SEPTEMBER
                                          YEAR:      2016
                                          LATITUDE:   21 25 N
                                          LONGITUDE: 157 46 W

  TEMPERATURE IN F:       :PCPN:    SNOW:  WIND      :SUNSHINE: SKY     :PK WND
================================================================================
1   2   3   4   5  6A  6B    7    8   9   10  11  12  13   14  15   16   17  18
                                     12Z  AVG MX 2MIN
DY MAX MIN AVG DEP HDD CDD  WTR  SNW DPTH SPD SPD DIR MIN PSBL S-S WX    SPD DR
================================================================================

 1  85  78  82   3   0  17    T  0.0    0 14.0 20  70   M    M   7        30  60
 2  85  76  81   2   0  16 0.00  0.0    0 13.6 17  50   M    M   7 1      32  70
 3  84  76  80   1   0  15 0.02  0.0    0 11.9 17  40   M    M   8        22  50
 4  86  76  81   2   0  16 0.05  0.0    0  5.9 14 100   M    M   7        22  90
 5  85  75  80   1   0  15 0.00  0.0    0  9.1 13  60   M    M   8        22  70
 6  84  76  80   0   0  15 0.00  0.0    0  9.7 13  70   M    M   7 8      20  70
 7  83  75  79  -1   0  14 0.01  0.0    0 11.3 16  70   M    M   7        25  80
 8  85  77  81   1   0  16 0.01  0.0    0 11.6 14  60   M    M   5        22  70
 9  85  78  82   2   0  17    T  0.0    0 10.4 14  70   M    M   4        20  60
10  83  75  79  -1   0  14 0.13  0.0    0  7.0 12  70   M    M   7        18  70
11   M   M   M   M   M   M    T    M    0  6.7 12  60   M    M   7 1      27  60
12   M   M   M   M   M   M 0.04    M    0 10.2 17  30   M    M   8 1       M  M
13  83  77  80   0   0  15 0.35  0.0    0 12.2 16  30   M    M   8 1      22  50
14  83  77  80   0   0  15 0.01  0.0    0 11.1 20  50   M    M   8        25  90
15  83  78  81   1   0  16 0.00  0.0    0  8.9 15  80   M    M   6 8      23  80
16   M   M   M   M   M   M    T    M    0 11.7 16  70   M    M   8        22  80
17  84  80  82   3   0  17 0.02  0.0    0  9.6 13  70   M    M   8        22  70
18  83  78  81   2   0  16 0.02  0.0    0 11.8 17  70   M    M   6        23  70
19  84  76  80   1   0  15 0.00  0.0    0 11.7 15  60   M    M   5        24  70
20  83  74  79   0   0  14 0.07  0.0    0 11.6 17  70   M    M   6        25  70
21  82  77  80   1   0  15    T  0.0    0  9.4 13  70   M    M   9        18  70
22  84  76  80   1   0  15 0.10  0.0    0  8.1 12  70   M    M   8        17  70
23  85  78  82   3   0  17 0.08  0.0    0  6.9 13  70   M    M   8        21  60
24  84  79  82   3   0  17    T  0.0    0  8.1 10  50   M    M   7         M  M
25  84  78  81   2   0  16    T  0.0    0 10.2 15  50   M    M   4        20  50
26  83  76  80   1   0  15 0.03  0.0    0 11.3 17  70   M    M   7        23  70
27  84  77  81   2   0  16    T  0.0    0 11.3 14  60   M    M   4        21  70
28  84  77  81   2   0  16    T  0.0    0  9.4 13  70   M    M   5 8      20  70
29  83  76  80   1   0  15 0.02  0.0    0 11.4 14  70   M    M   8 1      22  60
================================================================================
SM 2181 1996         0 405  0.96     0.0 296.1          M      197
================================================================================
AV 83.9 76.8                              10.2 FASTST   M    M   7    MAX(MPH)
                                 MISC ---->    20   M                 32    M
================================================================================
NOTES:
# LAST OF SEVERAL OCCURRENCES

COLUMN 17 PEAK WIND IN M.P.H.

PRELIMINARY LOCAL CLIMATOLOGICAL DATA (WS FORM: F-6) , PAGE 2

                                          STATION:  KANEOHE BAY MCAS HI
                                          MONTH:    SEPTEMBER
                                          YEAR:     2016
                                          LATITUDE:   21 25 N
                                          LONGITUDE: 157 46 W

[TEMPERATURE DATA]      [PRECIPITATION DATA]       SYMBOLS USED IN COLUMN 16

AVERAGE MONTHLY: 80.3   TOTAL FOR MONTH:   0.96    1 = FOG OR MIST
DPTR FM NORMAL:   0.9   DPTR FM NORMAL:   -0.69    2 = FOG REDUCING VISIBILITY
HIGHEST:    86 ON  4    GRTST 24HR  0.35 ON 13-13      TO 1/4 MILE OR LESS
LOWEST:     74 ON 20                               3 = THUNDER
                        SNOW, ICE PELLETS, HAIL    4 = ICE PELLETS
                        TOTAL MONTH:   0.0 INCH    5 = HAIL
                        GRTST 24HR     0.0         6 = FREEZING RAIN OR DRIZZLE
                        GRTST DEPTH:   0           7 = DUSTSTORM OR SANDSTORM:
                                                       VSBY 1/2 MILE OR LESS
                                                   8 = SMOKE OR HAZE
[NO. OF DAYS WITH]      [WEATHER - DAYS WITH]      9 = BLOWING SNOW
                                                   X = TORNADO
MAX 32 OR BELOW:   0    0.01 INCH OR MORE:  15
MAX 90 OR ABOVE:   0    0.10 INCH OR MORE:   3
MIN 32 OR BELOW:   0    0.50 INCH OR MORE:   0
MIN  0 OR BELOW:   0    1.00 INCH OR MORE:   0

[HDD (BASE 65) ]
TOTAL THIS MO.     0    CLEAR  (SCALE 0-3)   0
DPTR FM NORMAL     0    PTCLDY (SCALE 4-7)  25
TOTAL FM JUL 1     0    CLOUDY (SCALE 8-10)  4
DPTR FM NORMAL     0

[CDD (BASE 65) ]
TOTAL THIS MO.   405
DPTR FM NORMAL    -1    [PRESSURE DATA]
TOTAL FM JAN 1  3184    HIGHEST SLP M ON M
DPTR FM NORMAL   234    LOWEST  SLP M ON M

[REMARKS]
