000
CXUS55 KPSR 271005
CF6NYL
PRELIMINARY LOCAL CLIMATOLOGICAL DATA (WS FORM: F-6)

                                          STATION:   YUMA AZ
                                          MONTH:     MARCH
                                          YEAR:      2017
                                          LATITUDE:   32 39 N
                                          LONGITUDE: 114 37 W

  TEMPERATURE IN F:       :PCPN:    SNOW:  WIND      :SUNSHINE: SKY     :PK WND
================================================================================
1   2   3   4   5  6A  6B    7    8   9   10  11  12  13   14  15   16   17  18
                                     12Z  AVG MX 2MIN
DY MAX MIN AVG DEP HDD CDD  WTR  SNW DPTH SPD SPD DIR MIN PSBL S-S WX    SPD DR
================================================================================

 1  72  49  61  -3   4   0 0.00  0.0    0  8.1 17 340   M    M   0        25  30
 2   M  54   M   M   M   M 0.00  0.0    0  9.7 14  10   M    M   0        24 360
 3  81  56  69   4   0   4 0.00  0.0    0  6.3 17 350   M    M   3        24  10
 4  80  51  66   1   0   1 0.00  0.0    0  8.5 17 150   M    M   0        28 160
 5  71  59  65   0   0   0 0.00  0.0    0  9.0 21 280   M    M   0        29 330
 6  68  49  59  -7   6   0 0.00  0.0    0  8.8 23 290   M    M   0        30 290
 7  76  48  62  -4   3   0 0.00  0.0    0  6.3 13 340   M    M   0        19  30
 8  84  53  69   3   0   4 0.00  0.0    0  6.9 17 340   M    M   3        22 360
 9  89  56  73   7   0   8 0.00  0.0    0  4.4 10 350   M    M   2        16  20
10  91  57  74   8   0   9 0.00  0.0    0  3.8 13  30   M    M   1        16  20
11  93  60  77  11   0  12 0.00  0.0    0  4.0 13 340   M    M   0        16 330
12  95  59  77  10   0  12 0.00  0.0    M  3.9 13 350   M    M   1        22  90
13  95  59  77  10   0  12 0.00  0.0    0  2.4 12  30   M    M   0        16  40
14  96  61  79  12   0  14 0.00  0.0    M  3.6 10 170   M    M   0        12 160
15  94  65  80  13   0  15 0.00  0.0    0  1.9  9 200   M    M   3        12 200
16  95  63  79  12   0  14 0.00  0.0    0  2.8 10 150   M    M   0 8      14 150
17  95  63  79  12   0  14 0.00  0.0    0  3.5  9 250   M    M   2        19  30
18  96  64  80  12   0  15 0.00  0.0    0  5.2 12 200   M    M   0        16 170
19  98  66  82  14   0  17 0.00  0.0    0  5.2 12 200   M    M   0        17 210
20  94  67  81  13   0  16 0.00  0.0    0  5.3 14 220   M    M   3        17 190
21  88  64  76   8   0  11 0.00  0.0    0  6.5 17 300   M    M   2        22 290
22  81  58  70   2   0   5 0.19  0.0    0  9.5 31 280   M    M   5 37     40 290
23  75  55  65  -3   0   0 0.00  0.0    0 11.0 25 280   M    M   1        32 270
24  81  53  67  -1   0   2 0.00  0.0    0  4.4 10 220   M    M   0        14 240
25  83  59  71   2   0   6 0.00  0.0    0  9.3 23 270   M    M   0        30 300
26  83  59  71   2   0   6 0.00  0.0    0  5.9 12 280   M    M   0        15 280
================================================================================
SM 2154 1507        13 197  0.19     0.0 156.2          M       26
================================================================================
AV 86.2 58.0                               6.0 FASTST   M    M   1    MAX(MPH)
                                 MISC ---->  # 31 280               # 40  290
================================================================================
NOTES:
# LAST OF SEVERAL OCCURRENCES

COLUMN 17 PEAK WIND IN M.P.H.

PRELIMINARY LOCAL CLIMATOLOGICAL DATA (WS FORM: F-6) , PAGE 2

                                          STATION:  YUMA AZ
                                          MONTH:    MARCH
                                          YEAR:     2017
                                          LATITUDE:   32 39 N
                                          LONGITUDE: 114 37 W

[TEMPERATURE DATA]      [PRECIPITATION DATA]       SYMBOLS USED IN COLUMN 16

AVERAGE MONTHLY: 72.1   TOTAL FOR MONTH:   0.19    1 = FOG OR MIST
DPTR FM NORMAL:   5.3   DPTR FM NORMAL:   -0.10    2 = FOG REDUCING VISIBILITY
HIGHEST:    98 ON 19    GRTST 24HR  0.19 ON 22-22      TO 1/4 MILE OR LESS
LOWEST:     48 ON  7                               3 = THUNDER
                        SNOW, ICE PELLETS, HAIL    4 = ICE PELLETS
                        TOTAL MONTH:   0.0 INCH    5 = HAIL
                        GRTST 24HR     0.0         6 = FREEZING RAIN OR DRIZZLE
                        GRTST DEPTH:   0           7 = DUSTSTORM OR SANDSTORM:
                                                       VSBY 1/2 MILE OR LESS
                                                   8 = SMOKE OR HAZE
[NO. OF DAYS WITH]      [WEATHER - DAYS WITH]      9 = BLOWING SNOW
                                                   X = TORNADO
MAX 32 OR BELOW:   0    0.01 INCH OR MORE:   1
MAX 90 OR ABOVE:  11    0.10 INCH OR MORE:   1
MIN 32 OR BELOW:   0    0.50 INCH OR MORE:   0
MIN  0 OR BELOW:   0    1.00 INCH OR MORE:   0

[HDD (BASE 65) ]
TOTAL THIS MO.    13    CLEAR  (SCALE 0-3)  25
DPTR FM NORMAL   -33    PTCLDY (SCALE 4-7)   1
TOTAL FM JUL 1   526    CLOUDY (SCALE 8-10)  0
DPTR FM NORMAL  -143

[CDD (BASE 65) ]
TOTAL THIS MO.   197
DPTR FM NORMAL   105    [PRESSURE DATA]
TOTAL FM JAN 1   238    HIGHEST SLP M ON M
DPTR FM NORMAL   110    LOWEST  SLP 29.73 ON 22

[REMARKS]
