000
CXUS53 KOAX 251200
CF6OAX
PRELIMINARY LOCAL CLIMATOLOGICAL DATA (WS FORM: F-6)

                                          STATION:   VALLEY  NWS  NE
                                          MONTH:     FEBRUARY
                                          YEAR:      2018
                                          LATITUDE:   41 19 N
                                          LONGITUDE:  96 22 W

  TEMPERATURE IN F:       :PCPN:    SNOW:  WIND      :SUNSHINE: SKY     :PK WND
================================================================================
1   2   3   4   5  6A  6B    7    8   9   10  11  12  13   14  15   16   17  18
                                     12Z  AVG MX 2MIN
DY MAX MIN AVG DEP HDD CDD  WTR  SNW DPTH SPD SPD DIR MIN PSBL S-S WX    SPD DR
================================================================================

 1  30  10  20  -4  45   0 0.00  0.0    0   M   M   M   M    M   M        39  M
 2  35   8  22  -2  43   0    T    T    0   M   M   M   M    M   M        33  M
 3  51  23  37  12  28   0    T  0.0    0   M   M   M   M    M   M        37  M
 4  23   3  13 -12  52   0 0.03  0.5    0   M   M   M   M    M   M        37  M
 5  18   2  10 -15  55   0 0.14  1.7    2   M   M   M   M    M   M        29  M
 6  10  -3   4 -21  61   0 0.04  0.7    2   M   M   M   M    M   M        16  M
 7  16   5  11 -14  54   0 0.00  0.0    2   M   M   M   M    M   M        22  M
 8  26  11  19  -6  46   0 0.00  0.0    2   M   M   M   M    M   M 1      16  M
 9  20   7  14 -12  51   0 0.15  3.4    4   M   M   M   M    M   M 49     28  M
10  10   5   8 -18  57   0 0.03  0.6    5   M   M   M   M    M   M        18  M
11  21   0  11 -15  54   0    T    T    5   M   M   M   M    M   M        15  M
12  19  -2   9 -17  56   0    T    T    3   M   M   M   M    M   M        20  M
13  40  19  30   4  35   0 0.00  0.0    3   M   M   M   M    M   M        25  M
14  44  20  32   5  33   0 0.00  0.0    2   M   M   M   M    M   M        21  M
15  43  21  32   5  33   0    T    T    T   M   M   M   M    M   M        43  M
16  30  11  21  -6  44   0 0.00  0.0    0   M   M   M   M    M   M        35  M
17  47  28  38  10  27   0 0.00  0.0    0   M   M   M   M    M   M        22  M
18  55  30  43  15  22   0    T  0.0    0   M   M   M   M    M   M        43  M
19  33  21  27  -1  38   0 0.10    T    0   M   M   M   M    M   M 1346    M  M
20  21  10  16 -12  49   0 0.05    T    T   M   M   M   M    M   M 16     28  M
21  25   7  16 -13  49   0 0.00  0.0    T   M   M   M   M    M   M        18  M
22  30  21  26  -3  39   0 0.22  2.1    2   M   M   M   M    M   M 6      15  M
23  29  17  23  -7  42   0 0.00  0.0    1   M   M   M   M    M   M        17  M
24  29  20  25  -5  40   0 0.12  0.4    1   M   M   M   M    M   M 146    20  M
================================================================================
SM  705  294      1053   0  0.88     9.4     M          M        M
================================================================================
AV 29.4 12.3                                 M FASTST   M    M   7    MAX(MPH)
                                 MISC ---->     M   M                 43    M
================================================================================
NOTES:
# LAST OF SEVERAL OCCURRENCES

COLUMN 17 PEAK WIND IN M.P.H.

PRELIMINARY LOCAL CLIMATOLOGICAL DATA (WS FORM: F-6) , PAGE 2

                                          STATION:  VALLEY  NWS  NE
                                          MONTH:    FEBRUARY
                                          YEAR:     2018
                                          LATITUDE:   41 19 N
                                          LONGITUDE:  96 22 W

[TEMPERATURE DATA]      [PRECIPITATION DATA]       SYMBOLS USED IN COLUMN 16

AVERAGE MONTHLY: 20.8   TOTAL FOR MONTH:   0.88    1 = FOG OR MIST
DPTR FM NORMAL:  -5.8   DPTR FM NORMAL:    0.10    2 = FOG REDUCING VISIBILITY
HIGHEST:    55 ON 18    GRTST 24HR  0.22 ON 22-22      TO 1/4 MILE OR LESS
LOWEST:     -3 ON  6                               3 = THUNDER
                        SNOW, ICE PELLETS, HAIL    4 = ICE PELLETS
                        TOTAL MONTH:   9.4 INCHES  5 = HAIL
                        GRTST 24HR   3.4 ON  9- 9  6 = FREEZING RAIN OR DRIZZLE
                        GRTST DEPTH:   5 ON 11,10  7 = DUSTSTORM OR SANDSTORM:
                                                       VSBY 1/2 MILE OR LESS
                                                   8 = SMOKE OR HAZE
[NO. OF DAYS WITH]      [WEATHER - DAYS WITH]      9 = BLOWING SNOW
                                                   X = TORNADO
MAX 32 OR BELOW:  16    0.01 INCH OR MORE:   9
MAX 90 OR ABOVE:   0    0.10 INCH OR MORE:   5
MIN 32 OR BELOW:  24    0.50 INCH OR MORE:   0
MIN  0 OR BELOW:   3    1.00 INCH OR MORE:   0

[HDD (BASE 65) ]
TOTAL THIS MO.  1053    CLEAR  (SCALE 0-3)   0
DPTR FM NORMAL   134    PTCLDY (SCALE 4-7)   0
TOTAL FM JUL 1  4569    CLOUDY (SCALE 8-10)  0
DPTR FM NORMAL  -124

[CDD (BASE 65) ]
TOTAL THIS MO.     0
DPTR FM NORMAL     0    [PRESSURE DATA]
TOTAL FM JAN 1     0    HIGHEST SLP M ON M
DPTR FM NORMAL     0    LOWEST  SLP M ON M

[REMARKS]
