000
CXUS53 KOAX 221000
CF6OAX
PRELIMINARY LOCAL CLIMATOLOGICAL DATA (WS FORM: F-6)

                                          STATION:   VALLEY  NWS, NEBRASKA
                                          MONTH:     NOVEMBER
                                          YEAR:      2014
                                          LATITUDE:   41 19 N
                                          LONGITUDE:  96 22 W

  TEMPERATURE IN F:       :PCPN:    SNOW:  WIND      :SUNSHINE: SKY     :PK WND
================================================================================
1   2   3   4   5  6A  6B    7    8   9   10  11  12  13   14  15   16   17  18
                                     12Z  AVG MX 2MIN
DY MAX MIN AVG DEP HDD CDD  WTR  SNW DPTH SPD SPD DIR MIN PSBL S-S WX    SPD DR
================================================================================

 1  51  30  41  -5  24   0 0.00  0.0    0   M   M   M   M    M   M        31  M
 2  64  43  54   8  11   0 0.00  0.0    0   M   M   M   M    M   M        36  M
 3  66  45  56  11   9   0 0.07  0.0    0   M   M   M   M    M   M        32  M
 4  63  36  50   5  15   0 0.00  0.0    0   M   M   M   M    M   M        24  M
 5  68  40  54  10  11   0 0.02  0.0    0   M   M   M   M    M   M        28  M
 6  51  36  44   0  21   0 0.00  0.0    0   M   M   M   M    M   M        33  M
 7  61  38  50   7  15   0 0.00  0.0    0   M   M   M   M    M   M        41  M
 8  50  35  43   0  22   0 0.00  0.0    0   M   M   M   M    M   M        43  M
 9  60  39  50   8  15   0 0.00  0.0    0   M   M   M   M    M   M        20  M
10  55  23  39  -3  26   0 0.02  0.3    0   M   M   M   M    M   M        45  M
11  26  16  21 -20  44   0 0.02  0.3    1   M   M   M   M    M   M        41  M
12  25  11  18 -23  47   0    T    T    T   M   M   M   M    M   M        29  M
13  27  11  19 -21  46   0    T    T    T   M   M   M   M    M   M        28  M
14  27   7  17 -23  48   0 0.00  0.0    T   M   M   M   M    M   M        18  M
15  28  15  22 -17  43   0 0.14  2.4    T   M   M   M   M    M   M        29  M
16  24   2  13 -25  52   0    T    T    2   M   M   M   M    M   M        29  M
17  18   9  14 -24  51   0 0.00  0.0    2   M   M   M   M    M   M        35  M
18  34   6  20 -17  45   0 0.00  0.0    2   M   M   M   M    M   M        18  M
19  37  18  28  -9  37   0    T    T    1   M   M   M   M    M   M        36  M
20  30  11  21 -15  44   0 0.00  0.0    1   M   M   M   M    M   M        13  M
21  38  19  29  -7  36   0 0.00    M    1   M   M   M   M    M   M 1      23  M
================================================================================
SM  903  490       662   0  0.27     3.0     M          M        M
================================================================================
AV 43.0 23.3                                 M FASTST   M    M   6    MAX(MPH)
                                 MISC ---->     M   M                 45    M
================================================================================
NOTES:
# LAST OF SEVERAL OCCURRENCES

COLUMN 17 PEAK WIND IN M.P.H.

PRELIMINARY LOCAL CLIMATOLOGICAL DATA (WS FORM: F-6) , PAGE 2

                                          STATION:  VALLEY  NWS, NEBRASKA
                                          MONTH:    NOVEMBER
                                          YEAR:     2014
                                          LATITUDE:   41 19 N
                                          LONGITUDE:  96 22 W

[TEMPERATURE DATA]      [PRECIPITATION DATA]       SYMBOLS USED IN COLUMN 16

AVERAGE MONTHLY: 33.2   TOTAL FOR MONTH:   0.27    1 = FOG OR MIST
DPTR FM NORMAL:  -7.9   DPTR FM NORMAL:   -0.79    2 = FOG REDUCING VISIBILITY
HIGHEST:    68 ON  5    GRTST 24HR  0.14 ON 15-15      TO 1/4 MILE OR LESS
LOWEST:      2 ON 16                               3 = THUNDER
                        SNOW, ICE PELLETS, HAIL    4 = ICE PELLETS
                        TOTAL MONTH:   3.0 INCHES  5 = HAIL
                        GRTST 24HR   2.4 ON   M    6 = FREEZING RAIN OR DRIZZLE
                        GRTST DEPTH:   2 ON 18,17  7 = DUSTSTORM OR SANDSTORM:
                                                       VSBY 1/2 MILE OR LESS
                                                   8 = SMOKE OR HAZE
[NO. OF DAYS WITH]      [WEATHER - DAYS WITH]      9 = BLOWING SNOW
                                                   X = TORNADO
MAX 32 OR BELOW:   8    0.01 INCH OR MORE:   5
MAX 90 OR ABOVE:   0    0.10 INCH OR MORE:   1
MIN 32 OR BELOW:  13    0.50 INCH OR MORE:   0
MIN  0 OR BELOW:   0    1.00 INCH OR MORE:   0

[HDD (BASE 65) ]
TOTAL THIS MO.   662    CLEAR  (SCALE 0-3)   0
DPTR FM NORMAL   160    PTCLDY (SCALE 4-7)   0
TOTAL FM JUL 1  1040    CLOUDY (SCALE 8-10)  0
DPTR FM NORMAL    57

[CDD (BASE 65) ]
TOTAL THIS MO.     0
DPTR FM NORMAL     0    [PRESSURE DATA]
TOTAL FM JAN 1  1039    HIGHEST SLP M ON M
DPTR FM NORMAL   -36    LOWEST  SLP M ON M

[REMARKS]
