000
CXUS53 KOAX 281000
CF6OAX
PRELIMINARY LOCAL CLIMATOLOGICAL DATA (WS FORM: F-6)

                                          STATION:   VALLEY  NWS, NEBRASKA
                                          MONTH:     APRIL
                                          YEAR:      2016
                                          LATITUDE:   41 19 N
                                          LONGITUDE:  96 22 W

  TEMPERATURE IN F:       :PCPN:    SNOW:  WIND      :SUNSHINE: SKY     :PK WND
================================================================================
1   2   3   4   5  6A  6B    7    8   9   10  11  12  13   14  15   16   17  18
                                     12Z  AVG MX 2MIN
DY MAX MIN AVG DEP HDD CDD  WTR  SNW DPTH SPD SPD DIR MIN PSBL S-S WX    SPD DR
================================================================================

 1  45  32  39  -6  26   0 0.01  0.0    0   M   M   M   M    M   M        33  M
 2  58  32  45  -1  20   0 0.00  0.0    0   M   M   M   M    M   M        35  M
 3  82  42  62  16   3   0    T  0.0    0   M   M   M   M    M   M        37  M
 4  58  38  48   2  17   0 0.00  0.0    0   M   M   M   M    M   M        23  M
 5  71  43  57  10   8   0    T  0.0    0   M   M   M   M    M   M        38  M
 6  60  42  51   4  14   0 0.00  0.0    0   M   M   M   M    M   M        39  M
 7  58  39  49   2  16   0 0.00  0.0    0   M   M   M   M    M   M        51  M
 8  54  32  43  -5  22   0 0.00  0.0    0   M   M   M   M    M   M        37  M
 9  58  27  43  -5  22   0 0.00  0.0    0   M   M   M   M    M   M        33  M
10  67  45  56   7   9   0    T  0.0    0   M   M   M   M    M   M        31  M
11  53  31  42  -7  23   0 0.00  0.0    0   M   M   M   M    M   M        38  M
12  67  30  49   0  16   0 0.00  0.0    0   M   M   M   M    M   M        30  M
13  76  44  60  10   5   0 0.00  0.0    0   M   M   M   M    M   M        26  M
14  74  51  63  13   2   0 0.00  0.0    0   M   M   M   M    M   M 8      32  M
15  75  52  64  14   1   0 0.00  0.0    0   M   M   M   M    M   M        35  M
16  71  58  65  14   0   0 0.00  0.0    0   M   M   M   M    M   M        33  M
17  72  58  65  14   0   0 0.16  0.0    0   M   M   M   M    M   M        30  M
18  58  48  53   1  12   0 0.48  0.0    0   M   M   M   M    M   M 1      23  M
19  59  44  52   0  13   0    T  0.0    0   M   M   M   M    M   M        16  M
20  56  50  53   1  12   0 1.79  0.0    0   M   M   M   M    M   M 1      32  M
21  67  51  59   6   6   0 0.10  0.0    0   M   M   M   M    M   M 1      29  M
22  66  44  55   2  10   0 0.00  0.0    0   M   M   M   M    M   M        16  M
23  77  52  65  12   0   0 0.00  0.0    0   M   M   M   M    M   M        36  M
24  77  52  65  11   0   0 0.87  0.0    0   M   M   M   M    M   M 35     40  M
25  72  51  62   8   3   0 0.00  0.0    0   M   M   M   M    M   M         M  M
26  73  50  62   8   3   0 0.20  0.0    0   M   M   M   M    M   M 3      28  M
27  62  46  54  -1  11   0 1.67  0.0    0   M   M   M   M    M   M 135    46  M
================================================================================
SM 1766 1184       274   0  5.28     0.0     M          M        M
================================================================================
AV 65.4 43.9                                 M FASTST   M    M   5    MAX(MPH)
                                 MISC ---->     M   M                 51    M
================================================================================
NOTES:
# LAST OF SEVERAL OCCURRENCES

COLUMN 17 PEAK WIND IN M.P.H.

PRELIMINARY LOCAL CLIMATOLOGICAL DATA (WS FORM: F-6) , PAGE 2

                                          STATION:  VALLEY  NWS, NEBRASKA
                                          MONTH:    APRIL
                                          YEAR:     2016
                                          LATITUDE:   41 19 N
                                          LONGITUDE:  96 22 W

[TEMPERATURE DATA]      [PRECIPITATION DATA]       SYMBOLS USED IN COLUMN 16

AVERAGE MONTHLY: 54.6   TOTAL FOR MONTH:   5.28    1 = FOG OR MIST
DPTR FM NORMAL:   4.6   DPTR FM NORMAL:    2.63    2 = FOG REDUCING VISIBILITY
HIGHEST:    82 ON  3    GRTST 24HR  1.79 ON 20-20      TO 1/4 MILE OR LESS
LOWEST:     27 ON  9                               3 = THUNDER
                        SNOW, ICE PELLETS, HAIL    4 = ICE PELLETS
                        TOTAL MONTH:   0.0 INCH    5 = HAIL
                        GRTST 24HR     0.0         6 = FREEZING RAIN OR DRIZZLE
                        GRTST DEPTH:   0           7 = DUSTSTORM OR SANDSTORM:
                                                       VSBY 1/2 MILE OR LESS
                                                   8 = SMOKE OR HAZE
[NO. OF DAYS WITH]      [WEATHER - DAYS WITH]      9 = BLOWING SNOW
                                                   X = TORNADO
MAX 32 OR BELOW:   0    0.01 INCH OR MORE:   8
MAX 90 OR ABOVE:   0    0.10 INCH OR MORE:   7
MIN 32 OR BELOW:   6    0.50 INCH OR MORE:   3
MIN  0 OR BELOW:   0    1.00 INCH OR MORE:   2

[HDD (BASE 65) ]
TOTAL THIS MO.   274    CLEAR  (SCALE 0-3)   0
DPTR FM NORMAL  -136    PTCLDY (SCALE 4-7)   0
TOTAL FM JUL 1  4815    CLOUDY (SCALE 8-10)  0
DPTR FM NORMAL -1254

[CDD (BASE 65) ]
TOTAL THIS MO.     0
DPTR FM NORMAL     0    [PRESSURE DATA]
TOTAL FM JAN 1     0    HIGHEST SLP M ON M
DPTR FM NORMAL     0    LOWEST  SLP M ON M

[REMARKS]
