000
CXUS54 KMAF 311100
CF6ODO
PRELIMINARY LOCAL CLIMATOLOGICAL DATA (WS FORM: F-6)

                                          STATION:   Odessa Schleymeyer
                                          MONTH:     OCTOBER
                                          YEAR:      2014
                                          LATITUDE:   31 55 N
                                          LONGITUDE: 102 23 W

  TEMPERATURE IN F:       :PCPN:    SNOW:  WIND      :SUNSHINE: SKY     :PK WND
================================================================================
1   2   3   4   5  6A  6B    7    8   9   10  11  12  13   14  15   16   17  18
                                     12Z  AVG MX 2MIN
DY MAX MIN AVG DEP HDD CDD  WTR  SNW DPTH SPD SPD DIR MIN PSBL S-S WX    SPD DR
================================================================================

 1  89  66  78   8   0  13 0.00  0.0    0  8.5 16 240   M    M   0        26 260
 2  83  58  71   1   0   6 0.00  0.0    0 10.3 20 340   M    M   0 1      24 350
 3  83  54  69  -1   0   4 0.00  0.0    0  6.2 20  70   M    M   0        27  70
 4  85  52  69  -1   0   4 0.00  0.0    0 11.0 23 200   M    M   0        28 180
 5  88  57  73   4   0   8 0.00  0.0    0  9.1 20 280   M    M   0        26 300
 6  89  56  73   4   0   8 0.00  0.0    0  5.5 12 240   M    M   0        22 270
 7  90  60  75   7   0  10 0.00  0.0    0  8.0 16 240   M    M   0        20 210
 8  91  65  78  10   0  13 0.00  0.0    0 12.4 21 170   M    M   0        35 180
 9  89  69  79  11   0  14 0.00  0.0    0 13.7 22 200   M    M   0        29 190
10  84  59  72   5   0   7 0.00  0.0    0 11.9 24  30   M    M   2        32  30
11  67  51  59  -8   6   0 0.00  0.0    0  7.9 17  40   M    M   6        23  30
12  87  52  70   3   0   5 0.00  0.0    0 11.3 30 360   M    M   1 8      39  10
13  71  52  62  -4   3   0 0.00  0.0    0 16.9 32 360   M    M   1        43  10
14  75  43  59  -7   6   0 0.00  0.0    0  5.0 13 210   M    M   0        17 210
15  83  53  68   2   0   3 0.00  0.0    0  4.2 12 240   M    M   0        16 180
16  91  55  73   8   0   8 0.00  0.0    0  7.3 17 270   M    M   0 8      22 270
17  86  54  70   5   0   5 0.00  0.0    0  9.4 16  70   M    M   0        19  70
18  78  56  67   2   0   2 0.00  0.0    0 13.8 20  60   M    M   2        25  60
19  81  55  68   4   0   3    T  0.0    0  9.7 25 140   M    M   2        32 150
20  76  58  67   3   0   2 0.00  0.0    0  8.3 17 130   M    M   2 18     23 140
21  73  58  66   2   0   1 0.03  0.0    0  7.8 18 210   M    M   6        23 220
22  73  59  66   3   0   1 0.01  0.0    0 10.3 17 170   M    M   7 18     22 170
23  81  54  68   5   0   3 0.00  0.0    0  5.9 12 180   M    M   3 128    14 180
24  86  59  73  11   0   8 0.00  0.0    0  6.9 14 200   M    M   0 18     20 200
25  87  59  73  11   0   8 0.00  0.0    0  8.9 16 180   M    M   0 8      21 180
26  89  62  76  14   0  11 0.00  0.0    0  9.5 16 190   M    M   0        21 180
27  88  62  75  14   0  10 0.00  0.0    0  9.8 18 260   M    M   0        23 270
28  72  53  63   2   2   0 0.00  0.0    0  9.9 23  40   M    M   0        30  30
29  77  48  63   2   2   0 0.00  0.0    0  8.0 15 120   M    M   0        18 110
30  85  55  70  10   0   5 0.00  0.0    0  9.2 20  70   M    M   0 18     26  70
================================================================================
SM 2477 1694        19 162  0.04     0.0 276.6          M       32
================================================================================
AV 82.6 56.5                               9.2 FASTST   M    M   1    MAX(MPH)
                                 MISC ---->  # 32 360               # 43   10
================================================================================
NOTES:
# LAST OF SEVERAL OCCURRENCES

COLUMN 17 PEAK WIND IN M.P.H.

PRELIMINARY LOCAL CLIMATOLOGICAL DATA (WS FORM: F-6) , PAGE 2

                                          STATION:  Odessa Schleymeyer
                                          MONTH:    OCTOBER
                                          YEAR:     2014
                                          LATITUDE:   31 55 N
                                          LONGITUDE: 102 23 W

[TEMPERATURE DATA]      [PRECIPITATION DATA]       SYMBOLS USED IN COLUMN 16

AVERAGE MONTHLY: 69.5   TOTAL FOR MONTH:   0.04    1 = FOG OR MIST
DPTR FM NORMAL:   4.1   DPTR FM NORMAL:   -1.47    2 = FOG REDUCING VISIBILITY
HIGHEST:    91 ON 16, 8 GRTST 24HR  0.04 ON 21-22      TO 1/4 MILE OR LESS
LOWEST:     43 ON 14                               3 = THUNDER
                        SNOW, ICE PELLETS, HAIL    4 = ICE PELLETS
                        TOTAL MONTH:   0.0 INCH    5 = HAIL
                        GRTST 24HR     0.0         6 = FREEZING RAIN OR DRIZZLE
                        GRTST DEPTH:   0           7 = DUSTSTORM OR SANDSTORM:
                                                       VSBY 1/2 MILE OR LESS
                                                   8 = SMOKE OR HAZE
[NO. OF DAYS WITH]      [WEATHER - DAYS WITH]      9 = BLOWING SNOW
                                                   X = TORNADO
MAX 32 OR BELOW:   0    0.01 INCH OR MORE:   2
MAX 90 OR ABOVE:   3    0.10 INCH OR MORE:   0
MIN 32 OR BELOW:   0    0.50 INCH OR MORE:   0
MIN  0 OR BELOW:   0    1.00 INCH OR MORE:   0

[HDD (BASE 65) ]
TOTAL THIS MO.    19    CLEAR  (SCALE 0-3)  27
DPTR FM NORMAL   -66    PTCLDY (SCALE 4-7)   3
TOTAL FM JUL 1    37    CLOUDY (SCALE 8-10)  0
DPTR FM NORMAL   -53

[CDD (BASE 65) ]
TOTAL THIS MO.   162
DPTR FM NORMAL    63    [PRESSURE DATA]
TOTAL FM JAN 1  2183    HIGHEST SLP M ON M
DPTR FM NORMAL  -264    LOWEST  SLP 29.56 ON 12

[REMARKS]
