000
CXUS53 KGID 300730
CF6ODX
PRELIMINARY LOCAL CLIMATOLOGICAL DATA (WS FORM: F-6)

                                          STATION:   ORD NE
                                          MONTH:     AUGUST
                                          YEAR:      2015
                                          LATITUDE:   41 37 N
                                          LONGITUDE:  98 57 W

  TEMPERATURE IN F:       :PCPN:    SNOW:  WIND      :SUNSHINE: SKY     :PK WND
================================================================================
1   2   3   4   5  6A  6B    7    8   9   10  11  12  13   14  15   16   17  18
                                     12Z  AVG MX 2MIN
DY MAX MIN AVG DEP HDD CDD  WTR  SNW DPTH SPD SPD DIR MIN PSBL S-S WX    SPD DR
================================================================================

 1  83  62  73  -2   0   8 0.25    M    M  6.9 24 350   M    M   3 13     31 340
 2  96  57  77   2   0  12 0.00    M    M  4.6 21 270   M    M   0 3      25 260
 3  84  60  72  -3   0   7    T    M    M  6.0 15 140   M    M   1        21 130
 4  82  64  73  -2   0   8 0.04    M    M  8.7 21 170   M    M   5 3      28 180
 5  85  61  73  -1   0   8 0.00    M    M  5.9 15 140   M    M   1 12     21 140
 6  85  64  75   1   0  10 0.12    M    M  9.0 40 180   M    M   2 13     49 180
 7  91  58  75   1   0  10 0.10    M    M  6.0 20 210   M    M   1 12     27 210
 8  80  64  72  -2   0   7 0.26    M    M  4.4 16 120   M    M   6 1      22 120
 9  89  64  77   3   0  12 0.21    M    M  3.1 20  80   M    M   4 123    23  80
10  82  60  71  -3   0   6 0.00    M    M  6.6 15 360   M    M   4 1      19 360
11  84  54  69  -5   0   4 0.00    M    M  5.0 13 210   M    M   0 1      18 190
12  87  57  72  -2   0   7 0.00    M    M  8.2 20 200   M    M   0 1      25 210
13  90  63  77   3   0  12 0.01    M    M  8.9 22  30   M    M   0 3      27 170
14  91  61  76   2   0  11 0.00    M    M  5.9 16 150   M    M   0 1      23 150
15  92  67  80   6   0  15 0.00    M    M 12.1 24 180   M    M   0        34 180
16  83  64  74   1   0   9 0.70    M    M  8.3 35 220   M    M   4 138    45 220
17  67  59  63 -10   2   0 0.04    M    M  7.6 14 360   M    M  10 13     19  10
18  68  52  60 -13   5   0 0.40    M    M 12.7 33 300   M    M   8 13     44 300
19  75  49  62 -11   3   0 0.00    M    M 10.5 23 320   M    M   1        29 310
20  83  45  64  -9   1   0 0.00    M    M  6.9 21 190   M    M   1 1      28 200
21  85  56  71  -1   0   6 0.00    M    M 11.9 24 180   M    M   0        31 170
22  79  53  66  -6   0   1    T    M    M 12.3 24 330   M    M   4 38     31 170
23  76  45  61 -11   4   0 0.00    M    M  9.8 22 320   M    M   0        29 320
24  84  40  62 -10   3   0 0.00    M    M  3.2 12 100   M    M   0        15 100
25  82  48  65  -7   0   0 0.00    M    M  6.0 14 100   M    M   0        16 100
26  88  56  72   1   0   7 0.00    M    M  8.7 20 150   M    M   0        25 140
27  83  65  74   3   0   9    T    M    M  8.6 20  50   M    M   5 3      26  40
28  77  56  67  -4   0   2 0.00    M    M  7.9 16 360   M    M   7 1      22 350
29  87  53  70  -1   0   5 0.00    M    M  2.4 12 150   M    M   2 12     16 160
================================================================================
SM 2418 1657        18 176  2.13    M    218.1          M       69
================================================================================
AV 83.4 57.1                               7.5 FASTST   M    M   2    MAX(MPH)
                                 MISC ---->  # 40 180               # 49  180
================================================================================
NOTES:
# LAST OF SEVERAL OCCURRENCES

COLUMN 17 PEAK WIND IN M.P.H.

PRELIMINARY LOCAL CLIMATOLOGICAL DATA (WS FORM: F-6) , PAGE 2

                                          STATION:  ORD NE
                                          MONTH:    AUGUST
                                          YEAR:     2015
                                          LATITUDE:   41 37 N
                                          LONGITUDE:  98 57 W

[TEMPERATURE DATA]      [PRECIPITATION DATA]       SYMBOLS USED IN COLUMN 16

AVERAGE MONTHLY: 70.3   TOTAL FOR MONTH:   2.13    1 = FOG OR MIST
DPTR FM NORMAL:  -2.9   DPTR FM NORMAL:   -0.86    2 = FOG REDUCING VISIBILITY
HIGHEST:    96 ON  2    GRTST 24HR  0.77 ON 31- 1      TO 1/4 MILE OR LESS
LOWEST:     40 ON 24                               3 = THUNDER
                        SNOW, ICE PELLETS, HAIL    4 = ICE PELLETS
                        TOTAL MONTH:    M          5 = HAIL
                        GRTST 24HR    M  ON   M    6 = FREEZING RAIN OR DRIZZLE
                        GRTST DEPTH:  M  ON   M    7 = DUSTSTORM OR SANDSTORM:
                                                       VSBY 1/2 MILE OR LESS
                                                   8 = SMOKE OR HAZE
[NO. OF DAYS WITH]      [WEATHER - DAYS WITH]      9 = BLOWING SNOW
                                                   X = TORNADO
MAX 32 OR BELOW:   0    0.01 INCH OR MORE:  10
MAX 90 OR ABOVE:   5    0.10 INCH OR MORE:   7
MIN 32 OR BELOW:   0    0.50 INCH OR MORE:   1
MIN  0 OR BELOW:   0    1.00 INCH OR MORE:   0

[HDD (BASE 65) ]
TOTAL THIS MO.    18    CLEAR  (SCALE 0-3)  18
DPTR FM NORMAL    16    PTCLDY (SCALE 4-7)  10
TOTAL FM JUL 1    23    CLOUDY (SCALE 8-10)  1
DPTR FM NORMAL    16

[CDD (BASE 65) ]
TOTAL THIS MO.   176
DPTR FM NORMAL   -70    [PRESSURE DATA]
TOTAL FM JAN 1   645    HIGHEST SLP M ON M
DPTR FM NORMAL  -101    LOWEST  SLP 29.71 ON 22

[REMARKS]
