015
CXHW52 PHFO 251250
CF6OGG
PRELIMINARY LOCAL CLIMATOLOGICAL DATA (WS FORM: F-6)

                                          STATION:   KAHULUI HI
                                          MONTH:     MAY
                                          YEAR:      2016
                                          LATITUDE:   20 53 N
                                          LONGITUDE: 156 26 W

  TEMPERATURE IN F:       :PCPN:    SNOW:  WIND      :SUNSHINE: SKY     :PK WND
================================================================================
1   2   3   4   5  6A  6B    7    8   9   10  11  12  13   14  15   16   17  18
                                     12Z  AVG MX 2MIN
DY MAX MIN AVG DEP HDD CDD  WTR  SNW DPTH SPD SPD DIR MIN PSBL S-S WX    SPD DR
================================================================================

 1  86  72  79   4   0  14    T  0.0    0 17.3 32  40   M    M   3        39  40
 2  84  71  78   3   0  13    T  0.0    0 14.6 28  40   M    M   3 1      35  40
 3  86  72  79   4   0  14 0.01  0.0    0 17.1 31  40   M    M   3        38  40
 4  84  67  76   1   0  11    T  0.0    0 12.5 24  90   M    M   4        38  90
 5  91  66  79   4   0  14 0.00  0.0    0  8.0 22  40   M    M   4        25  40
 6  85  70  78   3   0  13    T  0.0    0  5.2 14 200   M    M   6        16  10
 7  83  70  77   2   0  12 0.36  0.0    0 10.8 21  40   M    M   9 18     25  40
 8  78  70  74  -1   0   9 1.16  0.0    0 12.7 23  30   M    M  10 18     26  30
 9  76  69  73  -2   0   8 0.53  0.0    0 16.1 22  30   M    M  10 18     26  40
10  83  70  77   2   0  12 0.13  0.0    0 13.9 24  30   M    M   8 1      29  20
11  82  69  76   1   0  11 0.22  0.0    0 11.2 18  40   M    M   7 1      22  40
12  83  68  76   1   0  11 0.00  0.0    0  9.1 22  30   M    M   6        26  40
13  85  70  78   2   0  13 0.00  0.0    0  9.1 21  40   M    M   7        23  30
14  88  69  79   3   0  14 0.00  0.0    0  5.4 17  40   M    M   4        22  40
15  89  67  78   2   0  13 0.00  0.0    0 10.1 26  40   M    M   2        32  50
16  87  68  78   2   0  13 0.00  0.0    0 15.4 29  50   M    M   3        36  50
17  88  71  80   4   0  15 0.00  0.0    0 17.3 30  60   M    M   3        38  80
18  88  70  79   3   0  14 0.00  0.0    0 12.1 24  70   M    M   3        33  70
19  88  70  79   3   0  14 0.00  0.0    0 14.9 25  50   M    M   4        32  40
20  87  71  79   3   0  14    T  0.0    0 15.1 30  40   M    M   4        35  50
21  86  71  79   3   0  14 0.02  0.0    0 16.4 25  60   M    M   3 1      35  70
22  85  71  78   2   0  13    T  0.0    0 15.8 29  50   M    M   3        37  50
23  85  67  76   0   0  11 0.00  0.0    0 14.2 26  30   M    M   3        32  40
24  87  65  76   0   0  11 0.11  0.0    0 11.1 29  40   M    M   4 18     33  40
================================================================================
SM 2044 1664         0 301  2.54     0.0 305.4          M      116
================================================================================
AV 85.2 69.3                              12.7 FASTST   M    M   5    MAX(MPH)
                                 MISC ---->  # 32  40               # 39   40
================================================================================
NOTES:
# LAST OF SEVERAL OCCURRENCES

COLUMN 17 PEAK WIND IN M.P.H.

PRELIMINARY LOCAL CLIMATOLOGICAL DATA (WS FORM: F-6) , PAGE 2

                                          STATION:  KAHULUI HI
                                          MONTH:    MAY
                                          YEAR:     2016
                                          LATITUDE:   20 53 N
                                          LONGITUDE: 156 26 W

[TEMPERATURE DATA]      [PRECIPITATION DATA]       SYMBOLS USED IN COLUMN 16

AVERAGE MONTHLY: 77.2   TOTAL FOR MONTH:   2.54    1 = FOG OR MIST
DPTR FM NORMAL:   1.8   DPTR FM NORMAL:    1.89    2 = FOG REDUCING VISIBILITY
HIGHEST:    91 ON  5    GRTST 24HR  1.52 ON  7- 8      TO 1/4 MILE OR LESS
LOWEST:     65 ON 24                               3 = THUNDER
                        SNOW, ICE PELLETS, HAIL    4 = ICE PELLETS
                        TOTAL MONTH:   0.0 INCH    5 = HAIL
                        GRTST 24HR     0.0         6 = FREEZING RAIN OR DRIZZLE
                        GRTST DEPTH:   0           7 = DUSTSTORM OR SANDSTORM:
                                                       VSBY 1/2 MILE OR LESS
                                                   8 = SMOKE OR HAZE
[NO. OF DAYS WITH]      [WEATHER - DAYS WITH]      9 = BLOWING SNOW
                                                   X = TORNADO
MAX 32 OR BELOW:   0    0.01 INCH OR MORE:   8
MAX 90 OR ABOVE:   1    0.10 INCH OR MORE:   6
MIN 32 OR BELOW:   0    0.50 INCH OR MORE:   2
MIN  0 OR BELOW:   0    1.00 INCH OR MORE:   1

[HDD (BASE 65) ]
TOTAL THIS MO.     0    CLEAR  (SCALE 0-3)   8
DPTR FM NORMAL     0    PTCLDY (SCALE 4-7)  13
TOTAL FM JUL 1     0    CLOUDY (SCALE 8-10)  3
DPTR FM NORMAL     0

[CDD (BASE 65) ]
TOTAL THIS MO.   301
DPTR FM NORMAL    50    [PRESSURE DATA]
TOTAL FM JAN 1  1406    HIGHEST SLP M ON M
DPTR FM NORMAL   229    LOWEST  SLP 29.95 ON 12

[REMARKS]
