000
CXUS55 KEAX 270736
CF6OJC
PRELIMINARY LOCAL CLIMATOLOGICAL DATA (WS FORM: F-6)

                                          STATION:   Johnson County Executive KS
                                          MONTH:     AUGUST
                                          YEAR:      2016
                                          LATITUDE:   38 50 N
                                          LONGITUDE:  94 44 W

  TEMPERATURE IN F:       :PCPN:    SNOW:  WIND      :SUNSHINE: SKY     :PK WND
================================================================================
1   2   3   4   5  6A  6B    7    8   9   10  11  12  13   14  15   16   17  18
                                     12Z  AVG MX 2MIN
DY MAX MIN AVG DEP HDD CDD  WTR  SNW DPTH SPD SPD DIR MIN PSBL S-S WX    SPD DR
================================================================================

 1  86  68  77  -2   0  12    T    M    M 11.6 25  80   M    M   4        31  70
 2  89  72  81   2   0  16 0.00    M    M  5.1 17 350   M    M   1        22 350
 3  92  73  83   4   0  18 0.00    M    M  6.0 14 160   M    M   3 128    16 170
 4  97  75  86   7   0  21 0.00    M    M  7.6 16 190   M    M   0        23 220
 5  83  75  79   0   0  14    T    M    M  6.4 13  30   M    M   7        16  20
 6  83  70  77  -2   0  12 0.00    M    M  7.4 13  70   M    M   6        25 140
 7  75  66  71  -8   0   6 0.22    M    M  7.2 15 100   M    M   6 138    20  60
 8  81  68  75  -4   0  10 0.01    M    M  4.8 13  80   M    M   9 1      15  80
 9  92  71  82   3   0  17 0.00    M    M  5.4 12 170   M    M   3 1      14 180
10  93  72  83   4   0  18 0.00    M    M  6.9 20 210   M    M   1 1      25 210
11  95  75  85   6   0  20 0.00    M    M 10.3 20 180   M    M   1        24 180
12  85  71  78  -1   0  13 0.36    M    M  6.9 24 260   M    M   6 13     34 260
13  88  67  78   0   0  13 0.00    M    M  7.1 17 360   M    M   0        23  10
14  89  66  78   0   0  13 0.00    M    M  6.0 15  10   M    M   1        20  20
15  80  67  74  -4   0   9 0.00    M    M  2.2  8  90   M    M   2        11 120
16  86  62  74  -4   0   9 0.00    M    M  6.3 15 170   M    M   1 12     21 180
17  89  66  78   0   0  13 0.00    M    M  8.6 16 210   M    M   0        22 190
18  88  67  78   0   0  13 0.00    M    M  6.9 15 200   M    M   1        23 180
19  88  67  78   0   0  13 0.87    M    M  8.3 26 330   M    M   5 13     43 330
20  76  60  68  -9   0   3    T    M    M  9.3 20 350   M    M   5        26 340
21  81  57  69  -8   0   4 0.00    M    M  5.1 13  10   M    M   0        19 330
22  80  57  69  -8   0   4 0.00    M    M  8.1 20 170   M    M   0        25 160
23  84  63  74  -3   0   9 0.00    M    M 12.6 22 180   M    M   7        31 190
24  87  67  77   1   0  12 2.42    M    M  8.8 37 340   M    M   5 138    49 330
25  83  68  76   0   0  11 0.49    M    M  6.5 15  50   M    M   7 123    19  50
26  82  67  75  -1   0  10 1.49    M    M  6.7 16 160   M    M   6 13     20 170
================================================================================
SM 2232 1757         0 313  5.86    M    188.1          M       87
================================================================================
AV 85.8 67.6                               7.2 FASTST   M    M   3    MAX(MPH)
                                 MISC ---->  # 37 340               # 49  330
================================================================================
NOTES:
# LAST OF SEVERAL OCCURRENCES

COLUMN 17 PEAK WIND IN M.P.H.

PRELIMINARY LOCAL CLIMATOLOGICAL DATA (WS FORM: F-6) , PAGE 2

                                          STATION:  Johnson County Executive KS
                                          MONTH:    AUGUST
                                          YEAR:     2016
                                          LATITUDE:   38 50 N
                                          LONGITUDE:  94 44 W

[TEMPERATURE DATA]      [PRECIPITATION DATA]       SYMBOLS USED IN COLUMN 16

AVERAGE MONTHLY: 76.7   TOTAL FOR MONTH:   5.86    1 = FOG OR MIST
DPTR FM NORMAL:  -1.4   DPTR FM NORMAL:    2.85    2 = FOG REDUCING VISIBILITY
HIGHEST:    97 ON  4    GRTST 24HR  2.80 ON 24-25      TO 1/4 MILE OR LESS
LOWEST:     57 ON 22,21                            3 = THUNDER
                        SNOW, ICE PELLETS, HAIL    4 = ICE PELLETS
                        TOTAL MONTH:    M          5 = HAIL
                        GRTST 24HR    M  ON   M    6 = FREEZING RAIN OR DRIZZLE
                        GRTST DEPTH:  M  ON   M    7 = DUSTSTORM OR SANDSTORM:
                                                       VSBY 1/2 MILE OR LESS
                                                   8 = SMOKE OR HAZE
[NO. OF DAYS WITH]      [WEATHER - DAYS WITH]      9 = BLOWING SNOW
                                                   X = TORNADO
MAX 32 OR BELOW:   0    0.01 INCH OR MORE:   7
MAX 90 OR ABOVE:   5    0.10 INCH OR MORE:   6
MIN 32 OR BELOW:   0    0.50 INCH OR MORE:   3
MIN  0 OR BELOW:   0    1.00 INCH OR MORE:   2

[HDD (BASE 65) ]
TOTAL THIS MO.     0    CLEAR  (SCALE 0-3)  13
DPTR FM NORMAL     0    PTCLDY (SCALE 4-7)  12
TOTAL FM JUL 1     0    CLOUDY (SCALE 8-10)  1
DPTR FM NORMAL     0

[CDD (BASE 65) ]
TOTAL THIS MO.   313
DPTR FM NORMAL   -29    [PRESSURE DATA]
TOTAL FM JAN 1  1171    HIGHEST SLP  0.00 ON M
DPTR FM NORMAL    57    LOWEST  SLP  0.00 ON M

[REMARKS]
