000
CXUS55 KSEW 190930
CF6OLM
PRELIMINARY LOCAL CLIMATOLOGICAL DATA (WS FORM: F-6)
STATION: OLYMPIA WA AIRPORT
MONTH: APRIL
YEAR: 2024
LATITUDE: 46 58 N
LONGITUDE: 122 54 W
TEMPERATURE IN F: :PCPN: SNOW: WIND :SUNSHINE: SKY :PK WND
================================================================================
1 2 3 4 5 6A 6B 7 8 9 10 11 12 13 14 15 16 17 18
12Z AVG MX 2MIN
DY MAX MIN AVG DEP HDD CDD WTR SNW DPTH SPD SPD DIR MIN PSBL S-S WX SPD DR
================================================================================
1 65 36 51 5 14 0 0.00 M M 3.9 14 230 M M 2 1 19 220
2 70 43 57 11 8 0 T M M 8.3 20 240 M M 5 12 31 290
3 53 38 46 0 19 0 0.08 M M 5.4 14 240 M M 8 19 250
4 52 32 42 -4 23 0 0.00 M M 2.7 13 100 M M 7 12 17 60
5 55 35 45 -1 20 0 0.09 M M 5.8 13 310 M M 9 1 20 300
6 50 39 45 -2 20 0 0.14 M M 6.5 15 180 M M 7 1 22 170
7 54 41 48 1 17 0 0.10 M M 6.0 15 200 M M 9 1 21 190
8 54 39 47 0 18 0 0.39 M M 11.5 23 190 M M 10 1 36 210
9 59 36 48 1 17 0 0.24 M M 5.6 15 240 M M 6 1 24 270
10 61 31 46 -1 19 0 0.00 M M 1.2 9 20 M M 1 12 12 330
11 57 37 47 0 18 0 T M M 4.9 12 250 M M 5 18 240
12 60 41 51 4 14 0 0.00 M M 7.3 17 30 M M 5 12 27 60
13 66 36 51 3 14 0 0.00 M M 4.6 13 20 M M 0 23 30
14 67 35 51 3 14 0 0.00 M M 5.9 17 250 M M 0 12 26 240
15 57 42 50 2 15 0 0.00 M M 10.3 22 260 M M 4 33 240
16 57 32 45 -3 20 0 T M M 6.0 18 30 M M 3 25 20
17 62 25 44 -4 21 0 0.00 M M 4.2 14 50 M M 1 12 23 30
18 67 28 48 0 17 0 0.00 M M 5.8 18 30 M M 0 25 20
================================================================================
SM 1066 646 308 0 1.04 M 105.9 M 82
================================================================================
AV 59.2 35.9 5.9 FASTST M M 5 MAX(MPH)
MISC ----> 23 190 36 210
================================================================================
NOTES:
# LAST OF SEVERAL OCCURRENCES
COLUMN 17 PEAK WIND IN M.P.H.
PRELIMINARY LOCAL CLIMATOLOGICAL DATA (WS FORM: F-6) , PAGE 2
STATION: OLYMPIA WA AIRPORT
MONTH: APRIL
YEAR: 2024
LATITUDE: 46 58 N
LONGITUDE: 122 54 W
[TEMPERATURE DATA] [PRECIPITATION DATA] SYMBOLS USED IN COLUMN 16
AVERAGE MONTHLY: 47.6 TOTAL FOR MONTH: 1.04 1 = FOG OR MIST
DPTR FM NORMAL: 0.5 DPTR FM NORMAL: -1.38 2 = FOG REDUCING VISIBILITY
HIGHEST: 70 ON 2 GRTST 24HR 0.62 ON 8- 9 TO 1/4 MILE OR LESS
LOWEST: 25 ON 17 3 = THUNDER
SNOW, ICE PELLETS, HAIL 4 = ICE PELLETS
TOTAL MONTH: M 5 = HAIL
GRTST 24HR M ON M 6 = FREEZING RAIN OR DRIZZLE
GRTST DEPTH: M ON M 7 = DUSTSTORM OR SANDSTORM:
VSBY 1/2 MILE OR LESS
8 = SMOKE OR HAZE
[NO. OF DAYS WITH] [WEATHER - DAYS WITH] 9 = BLOWING SNOW
X = TORNADO
MAX 32 OR BELOW: 0 0.01 INCH OR MORE: 6
MAX 90 OR ABOVE: 0 0.10 INCH OR MORE: 4
MIN 32 OR BELOW: 5 0.50 INCH OR MORE: 0
MIN 0 OR BELOW: 0 1.00 INCH OR MORE: 0
[HDD (BASE 65) ]
TOTAL THIS MO. 308 CLEAR (SCALE 0-3) 7
DPTR FM NORMAL -14 PTCLDY (SCALE 4-7) 8
TOTAL FM JUL 1 4048 CLOUDY (SCALE 8-10) 3
DPTR FM NORMAL -631
[CDD (BASE 65) ]
TOTAL THIS MO. 0
DPTR FM NORMAL 0 [PRESSURE DATA]
TOTAL FM JAN 1 0 HIGHEST SLP M ON M
DPTR FM NORMAL 0 LOWEST SLP 29.75 ON 4
[REMARKS]