000
CXUS55 KSEW 210930
CF6OLM
PRELIMINARY LOCAL CLIMATOLOGICAL DATA (WS FORM: F-6)

                                          STATION:   OLYMPIA WA AIRPORT
                                          MONTH:     SEPTEMBER
                                          YEAR:      2017
                                          LATITUDE:   46 58 N
                                          LONGITUDE: 122 54 W

  TEMPERATURE IN F:       :PCPN:    SNOW:  WIND      :SUNSHINE: SKY     :PK WND
================================================================================
1   2   3   4   5  6A  6B    7    8   9   10  11  12  13   14  15   16   17  18
                                     12Z  AVG MX 2MIN
DY MAX MIN AVG DEP HDD CDD  WTR  SNW DPTH SPD SPD DIR MIN PSBL S-S WX    SPD DR
================================================================================

 1  85  50  68   6   0   3 0.00  0.0    0  4.9 13  30   M    M   0 1      18  40
 2  91  51  71   9   0   6 0.00  0.0    0  4.6 13   3   M    M   0        17   4
 3  90  55  73  11   0   8 0.00  0.0    0  4.7 14   1   M    M   0        17   2
 4  88  51  70   8   0   5 0.00  0.0    0  5.4 16  30   M    M   0        21   5
 5  88  58  73  11   0   8 0.00  0.0    0  1.3  9  10   M    M   8 18     11  20
 6  82  55  69   8   0   4 0.00  0.0    0  2.1 12 200   M    M   5 18     15 220
 7  77  57  67   6   0   2 0.00  0.0    0  3.5 14 350   M    M   3 18     16 350
 8  74  58  66   5   0   1    T  0.0    0  6.1 12 190   M    M   7 8      15 200
 9  69  55  62   1   3   0 0.04  0.0    0  5.7 14 210   M    M   7 1      17 270
10  75  48  62   2   3   0 0.00  0.0    0  3.0 10 360   M    M   5 1      16  80
11  82  42  62   2   3   0 0.00  0.0    0  2.5  9  20   M    M   0        14  20
12  79  48  64   4   1   0 0.00  0.0    0  3.4 14  20   M    M   1        17 260
13  70  43  57  -3   8   0 0.00  0.0    0  3.0  9  20   M    M   2 1      14  20
14  76  45  61   1   4   0 0.00  0.0    0  3.4 15  20   M    M   2        23  20
15  79  36  58  -1   7   0 0.00  0.0    0  1.8 10  90   M    M   0        12  80
16  72  44  58  -1   7   0 0.00  0.0    0  2.2  8 350   M    M   0 18     13 320
17  65  48  57  -2   8   0 0.17  0.0    0  8.2 22 190   M    M   5 18     28 200
18  61  50  56  -2   9   0 0.45  0.0    0  7.3 25 190   M    M   9 1      34 180
19  62  45  54  -4  11   0 0.19    M    0  8.4 14 270   M    M   5 1      23 270
20  58  46  52  -6  13   0 0.16    M    0  3.7  9 310   M    M   7 1      12 210
================================================================================
SM 1523  985        77  37  1.01     0.0  85.2          M       66
================================================================================
AV 76.2 49.3                               4.3 FASTST   M    M   3    MAX(MPH)
                                 MISC ---->  # 25 190               # 34  180
================================================================================
NOTES:
# LAST OF SEVERAL OCCURRENCES

COLUMN 17 PEAK WIND IN M.P.H.

PRELIMINARY LOCAL CLIMATOLOGICAL DATA (WS FORM: F-6) , PAGE 2

                                          STATION:  OLYMPIA WA AIRPORT
                                          MONTH:    SEPTEMBER
                                          YEAR:     2017
                                          LATITUDE:   46 58 N
                                          LONGITUDE: 122 54 W

[TEMPERATURE DATA]      [PRECIPITATION DATA]       SYMBOLS USED IN COLUMN 16

AVERAGE MONTHLY: 62.7   TOTAL FOR MONTH:   1.01    1 = FOG OR MIST
DPTR FM NORMAL:   2.5   DPTR FM NORMAL:   -0.02    2 = FOG REDUCING VISIBILITY
HIGHEST:    91 ON  2    GRTST 24HR  0.45 ON 18-18      TO 1/4 MILE OR LESS
LOWEST:     36 ON 15                               3 = THUNDER
                        SNOW, ICE PELLETS, HAIL    4 = ICE PELLETS
                        TOTAL MONTH:   0.0 INCH    5 = HAIL
                        GRTST 24HR     0.0         6 = FREEZING RAIN OR DRIZZLE
                        GRTST DEPTH:   0           7 = DUSTSTORM OR SANDSTORM:
                                                       VSBY 1/2 MILE OR LESS
                                                   8 = SMOKE OR HAZE
[NO. OF DAYS WITH]      [WEATHER - DAYS WITH]      9 = BLOWING SNOW
                                                   X = TORNADO
MAX 32 OR BELOW:   0    0.01 INCH OR MORE:   5
MAX 90 OR ABOVE:   2    0.10 INCH OR MORE:   4
MIN 32 OR BELOW:   0    0.50 INCH OR MORE:   0
MIN  0 OR BELOW:   0    1.00 INCH OR MORE:   0

[HDD (BASE 65) ]
TOTAL THIS MO.    77    CLEAR  (SCALE 0-3)  11
DPTR FM NORMAL   -25    PTCLDY (SCALE 4-7)   8
TOTAL FM JUL 1   133    CLOUDY (SCALE 8-10)  1
DPTR FM NORMAL  -119

[CDD (BASE 65) ]
TOTAL THIS MO.    37
DPTR FM NORMAL    33    [PRESSURE DATA]
TOTAL FM JAN 1   203    HIGHEST SLP M ON M
DPTR FM NORMAL   100    LOWEST  SLP 29.62 ON 20

[REMARKS]
