000
CXUS53 KARX 270930
CF6OLZ
PRELIMINARY LOCAL CLIMATOLOGICAL DATA (WS FORM: F-6)

                                          STATION:   OELWEIN IA
                                          MONTH:     MAY
                                          YEAR:      2016
                                          LATITUDE:   42 40 N
                                          LONGITUDE:  91 58 W

  TEMPERATURE IN F:       :PCPN:    SNOW:  WIND      :SUNSHINE: SKY     :PK WND
================================================================================
1   2   3   4   5  6A  6B    7    8   9   10  11  12  13   14  15   16   17  18
                                     12Z  AVG MX 2MIN
DY MAX MIN AVG DEP HDD CDD  WTR  SNW DPTH SPD SPD DIR MIN PSBL S-S WX    SPD DR
================================================================================

 1  48  43  46   M  19   0 0.08  0.0    0 12.7 18  50   M    M   9 1      24  50
 2  63  39  51   M  14   0 0.00  0.0    0  6.0 12  90   M    M   2        12  50
 3  68  41  55   M  10   0 0.00  0.0    0 12.8 24 260   M    M   4        32 260
 4  64  45  55   M  10   0 0.00  0.0    0 15.2 25 340   M    M   0        36 340
 5  68  39  54   M  11   0 0.00  0.0    0  7.0 13 290   M    M   0        18 300
 6  88  45  67   M   0   2 0.00  0.0    0 12.7 23 260   M    M   1 8      31 260
 7  70  52  61   M   4   0 0.00  0.0    0 12.9 22  20   M    M   2 8      29  30
 8  72  45  59   M   6   0 0.00  0.0    0  7.8 14 140   M    M   4        20 150
 9  61  54  58   M   7   0 0.24  0.0    0 17.5 24 100   M    M  10 1      33 120
10  61  52  57   M   8   0 0.22  0.0    0 10.8 16  80   M    M  10 1      21  90
11  64  50  57   M   8   0    M  0.0    0  7.2 16 310   M    M  10 1      15 130
12  61  46  54   M  11   0 0.00  0.0    0 13.5 23 290   M    M   7 12     33 290
13  61  39  50   M  15   0 0.18  0.0    0 12.7 27 320   M    M   5        36 330
14  52  36  44   M  21   0 0.00  0.0    0 19.0 27 320   M    M   4        36 310
15  63  30  47   M  18   0 0.00  0.0    0  8.9 16 290   M    M   3        27 310
16  70  48  59   M   6   0 0.00  0.0    0 10.6 18 230   M    M   5        27 230
17  64  46  55   M  10   0 0.00  0.0    0  7.5 17  60   M    M   6 1      17  60
18  66  41  54   M  11   0 0.00  0.0    0  4.4  8 130   M    M   0        14   0
19  72  43  58   M   7   0 0.00  0.0    0  7.6 14 140   M    M   1        21 140
20  75  54  65   M   0   0 0.00  0.0    0  9.4 17 100   M    M   3        23 100
21  77  46  62   M   3   0 0.00  0.0    0  5.6 14 350   M    M   0        17 360
22  84  50  67   M   0   2 0.00  0.0    0  7.1 18 170   M    M   0        22 190
23  84  55  70   M   0   5 0.00  0.0    0 14.6 23 180   M    M   2        33 180
24  82  63  73   M   0   8 0.00  0.0    0  7.6 14 220   M    M   3        22 220
25  81  63  72   M   0   7 0.05  0.0    0 11.7 21 200   M    M   4        27 160
26  81  59  70   M   0   5    M  0.0    0  9.2 37 260   M    M   3        62 260
================================================================================
SM 1800 1224       199  29  0.77     0.0 272.0          M       98
================================================================================
AV 69.2 47.1                              10.5 FASTST   M    M   4    MAX(MPH)
                                 MISC ---->    37   M                 62    M
================================================================================
NOTES:
# LAST OF SEVERAL OCCURRENCES

COLUMN 17 PEAK WIND IN M.P.H.

PRELIMINARY LOCAL CLIMATOLOGICAL DATA (WS FORM: F-6) , PAGE 2

                                          STATION:  OELWEIN IA
                                          MONTH:    MAY
                                          YEAR:     2016
                                          LATITUDE:   42 40 N
                                          LONGITUDE:  91 58 W

[TEMPERATURE DATA]      [PRECIPITATION DATA]       SYMBOLS USED IN COLUMN 16

AVERAGE MONTHLY: 58.2   TOTAL FOR MONTH:   0.77    1 = FOG OR MIST
DPTR FM NORMAL:     M   DPTR FM NORMAL:       M    2 = FOG REDUCING VISIBILITY
HIGHEST:    88 ON  6    GRTST 24HR  0.24 ON  9- 9      TO 1/4 MILE OR LESS
LOWEST:     30 ON 15                               3 = THUNDER
                        SNOW, ICE PELLETS, HAIL    4 = ICE PELLETS
                        TOTAL MONTH:   0.0 INCH    5 = HAIL
                        GRTST 24HR     0.0         6 = FREEZING RAIN OR DRIZZLE
                        GRTST DEPTH:   0           7 = DUSTSTORM OR SANDSTORM:
                                                       VSBY 1/2 MILE OR LESS
                                                   8 = SMOKE OR HAZE
[NO. OF DAYS WITH]      [WEATHER - DAYS WITH]      9 = BLOWING SNOW
                                                   X = TORNADO
MAX 32 OR BELOW:   0    0.01 INCH OR MORE:   5
MAX 90 OR ABOVE:   0    0.10 INCH OR MORE:   3
MIN 32 OR BELOW:   1    0.50 INCH OR MORE:   0
MIN  0 OR BELOW:   0    1.00 INCH OR MORE:   0

[HDD (BASE 65) ]
TOTAL THIS MO.   199    CLEAR  (SCALE 0-3)  12
DPTR FM NORMAL     M    PTCLDY (SCALE 4-7)  10
TOTAL FM JUL 1  6204    CLOUDY (SCALE 8-10)  4
DPTR FM NORMAL     M

[CDD (BASE 65) ]
TOTAL THIS MO.    29
DPTR FM NORMAL     M    [PRESSURE DATA]
TOTAL FM JAN 1    35    HIGHEST SLP M ON M
DPTR FM NORMAL     M    LOWEST  SLP M ON M

[REMARKS]
