000
CXUS53 KOAX 301000
CF6OMA
PRELIMINARY LOCAL CLIMATOLOGICAL DATA (WS FORM: F-6)

                                          STATION:   OMAHA EPPLEY, NEBRASKA
                                          MONTH:     SEPTEMBER
                                          YEAR:      2016
                                          LATITUDE:   41 17 N
                                          LONGITUDE:  95 54 W

  TEMPERATURE IN F:       :PCPN:    SNOW:  WIND      :SUNSHINE: SKY     :PK WND
================================================================================
1   2   3   4   5  6A  6B    7    8   9   10  11  12  13   14  15   16   17  18
                                     12Z  AVG MX 2MIN
DY MAX MIN AVG DEP HDD CDD  WTR  SNW DPTH SPD SPD DIR MIN PSBL S-S WX    SPD DR
================================================================================

 1  81  59  70  -1   0   5 0.00  0.0    0  6.7 13  80   M    M   1        17  50
 2  78  59  69  -2   0   4 0.00  0.0    0 10.6 20 140   M    M   4        23 150
 3  78  61  70  -1   0   5    T  0.0    0 13.1 24 160   M    M   6        30 180
 4  82  66  74   4   0   9 0.04  0.0    0 16.9 25 150   M    M   8        31 150
 5  92  71  82  12   0  17 0.00  0.0    0 18.4 30 170   M    M   4        38 180
 6  92  74  83  13   0  18    T  0.0    0 11.4 22 210   M    M   5 3      28 210
 7  82  72  77   8   0  12 0.09  0.0    0  9.1 18  90   M    M   9 1      23  90
 8  85  68  77   8   0  12 0.00  0.0    0  8.0 15 170   M    M   7 12     19 340
 9  80  58  69   0   0   4 0.93  0.0    0 10.1 21 350   M    M   8 13     27  10
10  76  54  65  -3   0   0 0.00  0.0    0  9.4 16 280   M    M   3        21 310
11  82  56  69   1   0   4 0.00  0.0    0 15.5 25 180   M    M   0        32 180
12  85  64  75   8   0  10 0.04  0.0    0 12.8 23 170   M    M   M 3      28 160
13  64  58  61  -6   4   0 0.71  0.0    0 10.0 21  40   M    M  10 13     25  20
14  70  56  63  -4   2   0    T  0.0    0  6.2 12  10   M    M  10        15 120
15  84  63  74   8   0   9 0.27  0.0    0 13.3 25  40   M    M   8 13     33 180
16  77  63  70   4   0   5 1.04  0.0    0  6.2 18 360   M    M   7 3      21  10
17  82  55  69   4   0   4 0.00  0.0    0  4.5 12 310   M    M   2 1      17 320
18  86  60  73   8   0   8 0.00  0.0    0 11.5 24 180   M    M   3        29 180
19  85  61  73   9   0   8 0.00  0.0    0  6.9 16 350   M    M   2        20 350
20  93  56  75  11   0  10 0.00  0.0    0 10.1 22 160   M    M   2        26 160
21  91  75  83  19   0  18 0.00  0.0    0 14.2 23 170   M    M   7        28 180
22  91  73  82  19   0  17 0.01  0.0    0 10.3 18 170   M    M   6        23 170
23  91  71  81  18   0  16 0.00  0.0    0 12.7 23 150   M    M   4        26 160
24  84  69  77  15   0  12 1.19  0.0    0 10.9 22 160   M    M   7 13     27 180
25  73  52  63   1   2   0 0.10  0.0    0 11.0 25 310   M    M   6 1      29 310
26  77  49  63   2   2   0 0.00  0.0    0  7.7 22 290   M    M   0        28 300
27  80  50  65   4   0   0 0.00  0.0    0  4.6 17 300   M    M   0        22 300
28  67  46  57  -3   8   0 0.00  0.0    0 10.0 18  10   M    M   1        26 350
29  73  45  59  -1   6   0 0.00  0.0    0  6.6 14  60   M    M   1        18  10
================================================================================
SM 2361 1764        24 207  4.42     0.0 298.7          M      131
================================================================================
AV 81.4 60.8                              10.3 FASTST   M    M   5    MAX(MPH)
                                 MISC ---->  # 30 170               # 38  180
================================================================================
NOTES:
# LAST OF SEVERAL OCCURRENCES

COLUMN 17 PEAK WIND IN M.P.H.

PRELIMINARY LOCAL CLIMATOLOGICAL DATA (WS FORM: F-6) , PAGE 2

                                          STATION:  OMAHA EPPLEY, NEBRASKA
                                          MONTH:    SEPTEMBER
                                          YEAR:     2016
                                          LATITUDE:   41 17 N
                                          LONGITUDE:  95 54 W

[TEMPERATURE DATA]      [PRECIPITATION DATA]       SYMBOLS USED IN COLUMN 16

AVERAGE MONTHLY: 71.1   TOTAL FOR MONTH:   4.42    1 = FOG OR MIST
DPTR FM NORMAL:   5.2   DPTR FM NORMAL:    1.82    2 = FOG REDUCING VISIBILITY
HIGHEST:    93 ON 20    GRTST 24HR  1.31 ON 15-16      TO 1/4 MILE OR LESS
LOWEST:     45 ON 29                               3 = THUNDER
                        SNOW, ICE PELLETS, HAIL    4 = ICE PELLETS
                        TOTAL MONTH:   0.0 INCH    5 = HAIL
                        GRTST 24HR     0.0         6 = FREEZING RAIN OR DRIZZLE
                        GRTST DEPTH:   0           7 = DUSTSTORM OR SANDSTORM:
                                                       VSBY 1/2 MILE OR LESS
                                                   8 = SMOKE OR HAZE
[NO. OF DAYS WITH]      [WEATHER - DAYS WITH]      9 = BLOWING SNOW
                                                   X = TORNADO
MAX 32 OR BELOW:   0    0.01 INCH OR MORE:  10
MAX 90 OR ABOVE:   6    0.10 INCH OR MORE:   6
MIN 32 OR BELOW:   0    0.50 INCH OR MORE:   4
MIN  0 OR BELOW:   0    1.00 INCH OR MORE:   2

[HDD (BASE 65) ]
TOTAL THIS MO.    24    CLEAR  (SCALE 0-3)  11
DPTR FM NORMAL   -64    PTCLDY (SCALE 4-7)  13
TOTAL FM JUL 1    24    CLOUDY (SCALE 8-10)  4
DPTR FM NORMAL   -72

[CDD (BASE 65) ]
TOTAL THIS MO.   207
DPTR FM NORMAL    91    [PRESSURE DATA]
TOTAL FM JAN 1  1454    HIGHEST SLP M ON M
DPTR FM NORMAL   358    LOWEST  SLP 29.76 ON  5

[REMARKS]
