000
CXAK56 PAOM 250907
CF6OME

PRELIMINARY LOCAL CLIMATOLOGICAL DATA (WS FORM: F-6)

                                          STATION:   NOME
                                          MONTH:     01
                                          YEAR:      2015
                                          LATITUDE:   64 31 N
                                          LONGITUDE: 165 27 W

  TEMPERATURE IN F:       :PCPN:    SNOW:  WIND      :SUNSHINE: SKY     :PK WND
================================================================================
1   2   3   4   5  6A  6B    7     8   9   10  11  12  13   14  15   16  17  18
                                      12Z  AVG MX 2MIN
DY MAX MIN AVG DEP HDD CDD  WTR   SNW DPTH SPD SPD DIR MIN PSBL S-S WX   SPD DR
================================================================================

 1  29  25  27  20  38   0  0.17  1.8  10  9.3 18   90   M    M   M 19    22  90
 2  26  16  21  15  44   0  0.00  0.0  12 12.3 17   90   M    M   M       23  80
 3  18   7  13   7  52   0  0.00  0.0  12 11.9 17   90   M    M   M       22  90
 4  14   7  11   5  54   0  0.05  1.5  12  9.9 17   80   M    M   M 1     22  80
 5  25  -4  11   5  54   0     T    T  13  4.5 23   10   M    M   M 2     27  10
 6  26  14  20  14  45   0  0.00  0.0  13 14.8 29   30   M    M   M       35  30
 7  21  14  18  12  47   0  0.00  0.0  13 16.2 29   50   M    M   M 8     40  40
 8  32  18  25  20  40   0     T    T  12 11.1 24   90   M    M   M 1248  30  90
 9  35  27  31  26  34   0  0.08  0.5  12 13.7 23  160   M    M   M 1     25 100
10  28  12  20  15  45   0  0.04  0.5  12  6.3 14   80   M    M   M 1     14  80
11  37  21  29  24  36   0  0.01  0.1  11 10.0 17   90   M    M   M 1     21  90
12  40  25  33  28  32   0  0.00  0.0  11 11.8 30   30   M    M   M       35  30
13  34  23  29  24  36   0  0.00  0.0   9 14.0 32   40   M    M   M       43  40
14  37  21  29  24  36   0  0.00  0.0   8  8.4 18  280   M    M   M       28 290
15  34  15  25  20  40   0  0.00  0.0   7 16.7 36   20   M    M   M       40  20
16  20  15  18  13  47   0  0.22  3.9   7  6.9 17  340   M    M   M 1     20 340
17  27   6  17  12  48   0  0.14  2.1  11 12.8 23  240   M    M   M 1     27 240
18  15  -3   6   1  59   0     T    T  13 11.9 20  110   M    M   M 1     24 130
19  15  -5   5   0  60   0     T    T  13 11.3 23  110   M    M   M       28 110
20   9  -6   2  -3  63   0     T    T  12  3.2 10   70   M    M   M 1     12  70
21   8 -15  -3  -8  68   0  0.00  0.0  12  5.3 15  350   M    M   M 8     18  10
22  -8 -19 -13 -18  78   0  0.00  0.0  12  1.4 13  310   M    M   M       13 320
23 -10 -22 -16 -21  81   0  0.00  0.0  12  0.8  7  360   M    M   M 1      8 360
24 -12 -25 -18 -23  83   0  0.00  0.0  12  0.5  6   30   M    M   M 128    6  30
================================================================================
SM  500  167      1220   0  0.71 10.4    225.0           M        M
================================================================================
AV 20.8  7.0                              9.4 FASTST  PSBL  %   M    MAX(MPH)
                                 MISC ---->     36   20                 43  40
================================================================================
NOTES:
# LAST OF SEVERAL OCCURRENCES

COLUMN 17 PEAK WIND IN M.P.H.

PRELIMINARY LOCAL CLIMATOLOGICAL DATA (WS FORM: F-6) , PAGE 2

                                          STATION:   NOME
                                          MONTH:     01
                                          YEAR:      2015
                                          LATITUDE:  64 31 N
                                          LONGITUDE: 165 27 W

[TEMPERATURE DATA]      [PRECIPITATION DATA]       SYMBOLS USED IN COLUMN 16

AVERAGE MONTHLY:13.9   TOTAL FOR MONTH: 0.71       1 = FOG
DPTR FM NORMAL:  8.6   DPTR FM NORMAL: -0.02       2 = FOG REDUCING VISIBILITY
HIGHEST:    40 ON 12    GRTST 24HR   0.22 ON 16        TO 1/4 MILE OR LESS
LOWEST:    -25 ON 24                               3 = THUNDER
                        SNOW, ICE PELLETS, HAIL    4 = ICE PELLETS
                        TOTAL MONTH: 10.4 INCHES  5 = HAIL
                        GRTST 24HR   3.9 ON 16     6 = GLAZE OR RIME
                        GRTST DEPTH:   13 ON 19    7 = BLOWING DUST OR SAND:
                                                       VSBY 1/2 MILE OR LESS
                                                   8 = SMOKE OR HAZE
[NO. OF DAYS WITH]      [WEATHER - DAYS WITH]      9 = BLOWING SNOW
                                                   X = TORNADO
MAX 32 OR BELOW:  18    0.01 INCH OR MORE:   7
MAX 70 OR ABOVE:   0    0.10 INCH OR MORE:   3
MIN 32 OR BELOW:  24    0.50 INCH OR MORE:   0
MIN  0 OR BELOW:   8    1.00 INCH OR MORE:   0

[HDD (BASE 65) ]
TOTAL THIS MO.  1223    CLEAR  (SCALE 0-3)   M
DPTR FM NORMAL  -210    PTCLDY (SCALE 4-7)   M
SEASONAL TOTAL  6287    CLOUDY (SCALE 8-10)  M
DPTR FM NORMAL  -964

[CDD (BASE 65) ]
TOTAL THIS MO.     0
DPTR FM NORMAL     0    [PRESSURE DATA]
SEASONAL TOTAL     0    HIGHEST SLP     M
DPTR FM NORMAL     0    LOWEST  SLP     M

[REMARKS]
