000
CXUS56 KSGX 251445
CF6ONT
PRELIMINARY LOCAL CLIMATOLOGICAL DATA (WS FORM: F-6)

                                          STATION:   ONTARIO INTL AIRPORT CA
                                          MONTH:     MARCH
                                          YEAR:      2017
                                          LATITUDE:   34  2 N
                                          LONGITUDE: 117 37 W

  TEMPERATURE IN F:       :PCPN:    SNOW:  WIND      :SUNSHINE: SKY     :PK WND
================================================================================
1   2   3   4   5  6A  6B    7    8   9   10  11  12  13   14  15   16   17  18
                                     12Z  AVG MX 2MIN
DY MAX MIN AVG DEP HDD CDD  WTR  SNW DPTH SPD SPD DIR MIN PSBL S-S WX    SPD DR
================================================================================

 1  72  39  56  -1   9   0 0.00  0.0    0  6.1 23  80   M    M   0        32  70
 2  78  40  59   2   6   0 0.00  0.0    0  4.5 16  80   M    M   3        25  70
 3  80  37  59   2   6   0 0.00  0.0    0  4.2 14 230   M    M   4        18 240
 4  69  47  58   1   7   0 0.00  0.0    0  4.8 14 230   M    M   8        17 240
 5  60  43  52  -6  13   0    T  0.0    0  8.2 21 240   M    M   8 1      28 260
 6  62  36  49  -9  16   0 0.00  0.0    0  3.6 14 220   M    M   2        18 230
 7  77  38  58   0   7   0 0.00  0.0    0  1.8  8 280   M    M   5        14  50
 8  84  46  65   7   0   0 0.00  0.0    0  3.0 12 220   M    M   6        14 220
 9  86  49  68  10   0   3 0.00  0.0    0  3.7 15 220   M    M   3        18 220
10  83  50  67   9   0   2 0.00  0.0    0  2.9 13 220   M    M   7 8      17 250
11  85  50  68  10   0   3 0.00  0.0    0  3.6 14 240   M    M   3 8      17 230
12  89  52  71  13   0   6 0.00  0.0    0  4.0 16 220   M    M   1        21 220
13  92  51  72  14   0   7 0.00  0.0    0  4.2 15 240   M    M   1 8      19 230
14  90  56  73  15   0   8 0.00  0.0    0  3.7 14 260   M    M   4        18 270
15  88  59  74  16   0   9 0.00  0.0    0  4.8 15 260   M    M   4        21 260
16  84  53  69  10   0   4 0.00  0.0    0  3.1 14 270   M    M   2        18 270
17  86  55  71  12   0   6 0.00  0.0    0  4.4 14 250   M    M   6 8      17 230
18  83  51  67   8   0   2 0.00  0.0    0  4.0 14 240   M    M   5 128    17 240
19  84  53  69  10   0   4 0.00  0.0    0  6.2 17 270   M    M   5 1      24 270
20  71  52  62   3   3   0 0.00  0.0    0  7.4 18 230   M    M   8 18     22 250
21  65  53  59   0   6   0 0.14  0.0    0  6.2 15 280   M    M   9 18     18 280
22  69  53  61   2   4   0    T  0.0    0  9.8 18 270   M    M   9 1      25 260
23  68  49  59   0   6   0 0.00  0.0    0  7.2 18 230   M    M   3 1      23 220
24  73  46  60   1   5   0 0.00  0.0    0  5.1 17 260   M    M   3        23 240
================================================================================
SM 1878 1158        88  54  0.14     0.0 116.5          M      109
================================================================================
AV 78.3 48.3                               4.9 FASTST   M    M   5    MAX(MPH)
                                 MISC ---->  # 23  80               # 32   70
================================================================================
NOTES:
# LAST OF SEVERAL OCCURRENCES

COLUMN 17 PEAK WIND IN M.P.H.

PRELIMINARY LOCAL CLIMATOLOGICAL DATA (WS FORM: F-6) , PAGE 2

                                          STATION:  ONTARIO INTL AIRPORT CA
                                          MONTH:    MARCH
                                          YEAR:     2017
                                          LATITUDE:   34  2 N
                                          LONGITUDE: 117 37 W

[TEMPERATURE DATA]      [PRECIPITATION DATA]       SYMBOLS USED IN COLUMN 16

AVERAGE MONTHLY: 63.3   TOTAL FOR MONTH:   0.14    1 = FOG OR MIST
DPTR FM NORMAL:   5.0   DPTR FM NORMAL:   -1.88    2 = FOG REDUCING VISIBILITY
HIGHEST:    92 ON 13    GRTST 24HR  0.14 ON 21-21      TO 1/4 MILE OR LESS
LOWEST:     36 ON  6                               3 = THUNDER
                        SNOW, ICE PELLETS, HAIL    4 = ICE PELLETS
                        TOTAL MONTH:   0.0 INCH    5 = HAIL
                        GRTST 24HR     0.0         6 = FREEZING RAIN OR DRIZZLE
                        GRTST DEPTH:   0           7 = DUSTSTORM OR SANDSTORM:
                                                       VSBY 1/2 MILE OR LESS
                                                   8 = SMOKE OR HAZE
[NO. OF DAYS WITH]      [WEATHER - DAYS WITH]      9 = BLOWING SNOW
                                                   X = TORNADO
MAX 32 OR BELOW:   0    0.01 INCH OR MORE:   1
MAX 90 OR ABOVE:   2    0.10 INCH OR MORE:   1
MIN 32 OR BELOW:   0    0.50 INCH OR MORE:   0
MIN  0 OR BELOW:   0    1.00 INCH OR MORE:   0

[HDD (BASE 65) ]
TOTAL THIS MO.    88    CLEAR  (SCALE 0-3)   9
DPTR FM NORMAL   -83    PTCLDY (SCALE 4-7)  13
TOTAL FM JUL 1  1185    CLOUDY (SCALE 8-10)  2
DPTR FM NORMAL  -143

[CDD (BASE 65) ]
TOTAL THIS MO.    54
DPTR FM NORMAL    48    [PRESSURE DATA]
TOTAL FM JAN 1    55    HIGHEST SLP M ON M
DPTR FM NORMAL    43    LOWEST  SLP 29.92 ON  3

[REMARKS]
