000
CXUS51 KBOX 301200
CF6ORH
PRELIMINARY LOCAL CLIMATOLOGICAL DATA (WS FORM: F-6)

                                          STATION:   WORCESTER MA
                                          MONTH:     APRIL
                                          YEAR:      2016
                                          LATITUDE:   42 16 N
                                          LONGITUDE:  71 52 W

  TEMPERATURE IN F:       :PCPN:    SNOW:  WIND      :SUNSHINE: SKY     :PK WND
================================================================================
1   2   3   4   5  6A  6B    7    8   9   10  11  12  13   14  15   16   17  18
                                     12Z  AVG MX 2MIN
DY MAX MIN AVG DEP HDD CDD  WTR  SNW DPTH SPD SPD DIR MIN PSBL S-S WX    SPD DR
================================================================================

 1  68  55  62  22   3   0 0.15  0.0    M 19.0 28 220   M    M   7 13     35 200
 2  50  35  43   2  22   0 0.28  0.0    M  8.0 25 280   M    M   7 1      34 280
 3  38  21  30 -11  35   0 0.22  4.3    M 15.7 33 290   M    M   6 128    45 290
 4  22  19  21 -21  44   0 0.46  5.7    M  8.5 17  40   M    M   9 12     24  30
 5  34  17  26 -16  39   0 0.00  0.0    M 10.1 22 300   M    M   1 8      26 300
 6  38  18  28 -14  37   0 0.00  0.0    M 10.5 22 180   M    M   3        28 170
 7  52  38  45   2  20   0 0.92  0.0    M 16.1 31 150   M    M   9 1      41 160
 8  45  30  38  -5  27   0    T  0.0    M 14.0 24 290   M    M   7 1      33 250
 9  44  27  36  -8  29   0 0.00  0.0    M  7.8 22 330   M    M   5        29 340
10  44  26  35  -9  30   0 0.00  0.0    M 11.4 21 250   M    M   1        27 300
11  55  37  46   2  19   0 0.05  0.0    M 14.7 29 200   M    M  10        41 190
12  53  33  43  -2  22   0 0.23  0.0    M 13.5 23 300   M    M   6 1      32 200
13  53  30  42  -3  23   0 0.00  0.0    M  6.2 16  10   M    M   0        21  10
14  54  35  45  -1  20   0 0.00  0.0    M  6.9 15  20   M    M   0        22  10
15  57  35  46   0  19   0 0.00  0.0    M  8.1 18  30   M    M   0        24  20
16  57  38  48   2  17   0 0.00  0.0    M  9.3 21 360   M    M   0        32  40
17  67  39  53   6  12   0 0.00  0.0    M  6.4 13 250   M    M   0        15  30
18  72  46  59  12   6   0 0.00  0.0    M  8.3 14  90   M    M   2        21  90
19  59  41  50   2  15   0    T  0.0    M 10.5 28 320   M    M   6        37 330
20  58  39  49   1  16   0 0.00  0.0    M  9.3 20 360   M    M   0        28 360
21  71  38  55   7  10   0 0.00  0.0    M   M  15 260   M    M   0        23 250
22  79  58  69  20   0   4    T  0.0    M   M   M   M   M    M   M         M  M
23  63  46  55   6  10   0    M    M    M   M   M   M   M    M   M         M  M
24  57  41  49   0  16   0 0.00  0.0    M  9.3 20 290   M    M   1        25 310
25  58  43  51   1  14   0 0.00  0.0    0  4.8 16 280   M    M   9        22 290
26  50  32  41  -9  24   0 0.32  0.0    M  8.2 17  70   M    M  10 1      24  80
27  58  31  45  -5  20   0 0.00  0.0    0 10.3 22 250   M    M   1 1      30 250
28  57  33  45  -6  20   0 0.00  0.0    0  6.6 16 180   M    M   1        21 170
29  56  37  47  -4  18   0 0.00  0.0    0  7.0 15 150   M    M   3        18 130
================================================================================
SM 1569 1018       587   4  2.63    10.0 260.5          M      104
================================================================================
AV 54.1 35.1                              10.0 FASTST   M    M   4    MAX(MPH)
                                 MISC ---->  # 33 290               # 45  290
================================================================================
NOTES:
# LAST OF SEVERAL OCCURRENCES

COLUMN 17 PEAK WIND IN M.P.H.

PRELIMINARY LOCAL CLIMATOLOGICAL DATA (WS FORM: F-6) , PAGE 2

                                          STATION:  WORCESTER MA
                                          MONTH:    APRIL
                                          YEAR:     2016
                                          LATITUDE:   42 16 N
                                          LONGITUDE:  71 52 W

[TEMPERATURE DATA]      [PRECIPITATION DATA]       SYMBOLS USED IN COLUMN 16

AVERAGE MONTHLY: 44.6   TOTAL FOR MONTH:   2.63    1 = FOG OR MIST
DPTR FM NORMAL:  -1.2   DPTR FM NORMAL:   -1.35    2 = FOG REDUCING VISIBILITY
HIGHEST:    79 ON 22    GRTST 24HR  0.92 ON  7- 7      TO 1/4 MILE OR LESS
LOWEST:     17 ON  5                               3 = THUNDER
                        SNOW, ICE PELLETS, HAIL    4 = ICE PELLETS
                        TOTAL MONTH:  10.0 INCHES  5 = HAIL
                        GRTST 24HR   5.7 ON   M    6 = FREEZING RAIN OR DRIZZLE
                        GRTST DEPTH:   0           7 = DUSTSTORM OR SANDSTORM:
                                                       VSBY 1/2 MILE OR LESS
                                                   8 = SMOKE OR HAZE
[NO. OF DAYS WITH]      [WEATHER - DAYS WITH]      9 = BLOWING SNOW
                                                   X = TORNADO
MAX 32 OR BELOW:   1    0.01 INCH OR MORE:   8
MAX 90 OR ABOVE:   0    0.10 INCH OR MORE:   7
MIN 32 OR BELOW:  10    0.50 INCH OR MORE:   1
MIN  0 OR BELOW:   0    1.00 INCH OR MORE:   0

[HDD (BASE 65) ]
TOTAL THIS MO.   587    CLEAR  (SCALE 0-3)  14
DPTR FM NORMAL    30    PTCLDY (SCALE 4-7)   8
TOTAL FM JUL 1  5415    CLOUDY (SCALE 8-10)  5
DPTR FM NORMAL  -918

[CDD (BASE 65) ]
TOTAL THIS MO.     4
DPTR FM NORMAL     4    [PRESSURE DATA]
TOTAL FM JAN 1     4    HIGHEST SLP M ON M
DPTR FM NORMAL     4    LOWEST  SLP 29.18 ON  3

[REMARKS]
