712
CXUS52 KMLB 310630
CF6ORL
PRELIMINARY LOCAL CLIMATOLOGICAL DATA (WS FORM: F-6)

                                          STATION:   ORLANDO EXEC
                                          MONTH:     MAY
                                          YEAR:      2016
                                          LATITUDE:   28 32 N
                                          LONGITUDE:  81 20 W

  TEMPERATURE IN F:       :PCPN:    SNOW:  WIND      :SUNSHINE: SKY     :PK WND
================================================================================
1   2   3   4   5  6A  6B    7    8   9   10  11  12  13   14  15   16   17  18
                                     12Z  AVG MX 2MIN
DY MAX MIN AVG DEP HDD CDD  WTR  SNW DPTH SPD SPD DIR MIN PSBL S-S WX    SPD DR
================================================================================

 1  91  70  81   6   0  16 0.00  0.0    0  8.1 16 120   M    M   2        20 140
 2  93  71  82   7   0  17 0.99  0.0    0  9.0 24 130   M    M   2 13     29 130
 3  92  73  83   8   0  18 0.00  0.0    0  8.6 20 290   M    M   3 3      27 230
 4  78  68  73  -2   0   8 0.69  0.0    0  9.1 20 200   M    M   5 13     24 180
 5  84  61  73  -3   0   8 0.00  0.0    0 12.9 23 290   M    M   0        40 270
 6  80  61  71  -5   0   6 0.00  0.0    0  9.7 21 300   M    M   0        29 280
 7  83  60  72  -4   0   7 0.00  0.0    0  7.2 16  10   M    M   0        20 360
 8  88  62  75  -1   0  10 0.00  0.0    0  5.7 14 130   M    M   0 8      17 130
 9  88  64  76   0   0  11 0.00  0.0    0  5.9 18 130   M    M   0        23 130
10  89  68  79   2   0  14 0.00  0.0    0  6.4 18 110   M    M   3        22 110
11  90  71  81   4   0  16 0.00  0.0    0  5.1 17  70   M    M   2        22  80
12  88  72  80   3   0  15 0.00  0.0    0  4.9 16 120   M    M   3        19 120
13  92  71  82   5   0  17 0.00  0.0    0  8.6 17 290   M    M   1        22 280
14  92  74  83   5   0  18 0.00  0.0    0  7.9 17 300   M    M   2        22 290
15  91  68  80   2   0  15 0.00  0.0    0  6.1 18  80   M    M   0        23  80
16  91  70  81   3   0  16 0.02  0.0    0  7.5 23 100   M    M   4        27 100
17  91  70  81   3   0  16 1.14  0.0    0 10.0 25 160   M    M   6 13     31 150
18  92  71  82   4   0  17    T  0.0    0  8.3 16 290   M    M   4        24 290
19  89  74  82   3   0  17 0.54  0.0    0  6.6 28 250   M    M   4 38     37 230
20  87  71  79   0   0  14 0.05  0.0    0  6.7 12 290   M    M   2 38     46 270
21  91  73  82   3   0  17 0.02  0.0    0  8.1 18 280   M    M   3        23 280
22  91  75  83   4   0  18 0.00  0.0    0 12.3 24 270   M    M   1        31 270
23  89  71  80   1   0  15 0.00  0.0    0  6.1 17  80   M    M   2        20  80
24  89  71  80   0   0  15 0.18  0.0    0  8.7 22  30   M    M   3 38     29  30
25  89  69  79  -1   0  14 0.00  0.0    0  8.5 18  80   M    M   2        23  90
26  88  68  78  -2   0  13 0.00  0.0    0  7.9 21  60   M    M   2        25  30
27  88  71  80   0   0  15 0.00  0.0    0  8.6 17  70   M    M   4 8      22  80
28  92  72  82   2   0  17    T  0.0    0  5.2 17  90   M    M   1 3      20 100
29  96  72  84   4   0  19 0.44  0.0    0  4.7 22 140   M    M   3 138    27 310
30  94  73  84   4   0  19 0.29  0.0    0  5.7 22 150   M    M   4 13     27 150
================================================================================
SM 2676 2085         0 438  4.36     0.0 230.1          M       68
================================================================================
AV 89.2 69.5                               7.7 FASTST   M    M   2    MAX(MPH)
                                 MISC ---->  # 28 250               # 46  270
================================================================================
NOTES:
# LAST OF SEVERAL OCCURRENCES

COLUMN 17 PEAK WIND IN M.P.H.

PRELIMINARY LOCAL CLIMATOLOGICAL DATA (WS FORM: F-6) , PAGE 2

                                          STATION:  ORLANDO EXEC
                                          MONTH:    MAY
                                          YEAR:     2016
                                          LATITUDE:   28 32 N
                                          LONGITUDE:  81 20 W

[TEMPERATURE DATA]      [PRECIPITATION DATA]       SYMBOLS USED IN COLUMN 16

AVERAGE MONTHLY: 79.3   TOTAL FOR MONTH:   4.36    1 = FOG OR MIST
DPTR FM NORMAL:   1.6   DPTR FM NORMAL:    1.26    2 = FOG REDUCING VISIBILITY
HIGHEST:    96 ON 29    GRTST 24HR  1.14 ON 17-17      TO 1/4 MILE OR LESS
LOWEST:     60 ON  7                               3 = THUNDER
                        SNOW, ICE PELLETS, HAIL    4 = ICE PELLETS
                        TOTAL MONTH:   0.0 INCH    5 = HAIL
                        GRTST 24HR     0.0         6 = FREEZING RAIN OR DRIZZLE
                        GRTST DEPTH:   0           7 = DUSTSTORM OR SANDSTORM:
                                                       VSBY 1/2 MILE OR LESS
                                                   8 = SMOKE OR HAZE
[NO. OF DAYS WITH]      [WEATHER - DAYS WITH]      9 = BLOWING SNOW
                                                   X = TORNADO
MAX 32 OR BELOW:   0    0.01 INCH OR MORE:  10
MAX 90 OR ABOVE:  15    0.10 INCH OR MORE:   7
MIN 32 OR BELOW:   0    0.50 INCH OR MORE:   4
MIN  0 OR BELOW:   0    1.00 INCH OR MORE:   1

[HDD (BASE 65) ]
TOTAL THIS MO.     0    CLEAR  (SCALE 0-3)  22
DPTR FM NORMAL     0    PTCLDY (SCALE 4-7)   8
TOTAL FM JUL 1   304    CLOUDY (SCALE 8-10)  0
DPTR FM NORMAL  -226

[CDD (BASE 65) ]
TOTAL THIS MO.   438
DPTR FM NORMAL    55    [PRESSURE DATA]
TOTAL FM JAN 1  1086    HIGHEST SLP M ON M
DPTR FM NORMAL   264    LOWEST  SLP 29.64 ON  4

[REMARKS]
