000
CXUS56 KOTX 280900
CF6OTX
PRELIMINARY LOCAL CLIMATOLOGICAL DATA (WS FORM: F-6)

                                          STATION:   SPOKANE  WA WFO
                                          MONTH:     AUGUST
                                          YEAR:      2015
                                          LATITUDE:   47 40 N
                                          LONGITUDE: 117 38 W

  TEMPERATURE IN F:       :PCPN:    SNOW:  WIND      :SUNSHINE: SKY     :PK WND
================================================================================
1   2   3   4   5  6A  6B    7    8   9   10  11  12  13   14  15   16   17  18
                                     12Z  AVG MX 2MIN
DY MAX MIN AVG DEP HDD CDD  WTR  SNW DPTH SPD SPD DIR MIN PSBL S-S WX    SPD DR
================================================================================

 1  99  58  79  10   0  14 0.00    M    M  7.0 17   M   M    M   M        25  M
 2  98  56  77   8   0  12 0.00  0.0    M  6.0 14   M   M    M   M        21  M
 3  90  56  73   4   0   8 0.00  0.0    M  8.0 23   M   M    M   M        31  M
 4  87  59  73   4   0   8 0.00  0.0    M 11.0 22   M   M    M   M        29  M
 5  81  54  68  -1   0   3 0.00  0.0    M 13.0 24   M   M    M   M        40  M
 6  81  54  68   0   0   3 0.00  0.0    M  6.0 18   M   M    M   M        33  M
 7  83  42  63  -5   2   0 0.00  0.0    M  5.0 13   M   M    M   M        20  M
 8  87  45  66  -2   0   1 0.00  0.0    M  7.0 16   M   M    M   M        22  M
 9  81  55  68   0   0   3 0.06  0.0    M  5.0 15   M   M    M   M        21  M
10  90  53  72   4   0   7 0.00  0.0    0   M   M   M   M    M   M         M  M
11  96  53  75   7   0  10 0.00  0.0    0   M   M   M   M    M   M         M  M
12  98  61  80  12   0  15 0.00  0.0    0   M   M   M   M    M   M         M  M
13  99  59  79  11   0  14 0.01  0.0    0   M   M   M   M    M   M         M  M
14  89  60  75   8   0  10 0.00  0.0    0   M   M   M   M    M   M         M  M
15  74  51  63  -4   2   0 0.00  0.0    0   M   M   M   M    M   M         M  M
16  79  44  62  -5   3   0 0.00  0.0    0   M   M   M   M    M   0         0   0
17  83  53  68   1   0   3 0.00  0.0    0   M   M   M   M    M   0 8       0   0
18  87  54  71   5   0   6 0.00  0.0    0   M   M   M   M    M   0         0   0
19  91  51  71   5   0   6 0.00  0.0    0   M   M   M   M    M   0         0   0
20   M   M   M   M   M   M    M    M    M   M   M   M   0    0   0         0   0
21  75  56  66   0   0   1 0.00  0.0    0   M   M   M   M    M   0 8       0   0
22  74  44  59  -6   6   0 0.00  0.0    0   M   M   M   M    M   0         0   0
23  83  41  62  -3   3   0 0.00  0.0    0   M   M   M   M    M   M 8       M  M
24  85  47  66   1   0   1 0.00  0.0    0   M   M   M   M    M   M         M  M
25  87  54  71   7   0   6 0.00  0.0    0   M   M   M   M    M   M 8       M  M
26  92  50  71   7   0   6 0.00  0.0    0   M   M   M   M    M   M 8       M  M
27  89  57  73   9   0   8 0.00  0.0    0   M   M   M   M    M   M 8       M  M
================================================================================
SM 2258 1367        16 145  0.07     0.0  68.0            0      0
================================================================================
AV 86.8 52.6                               7.6 FASTST    0   0   0    MAX(MPH)
                                 MISC ---->    24   M                 40    M
================================================================================
NOTES:
# LAST OF SEVERAL OCCURRENCES

COLUMN 17 PEAK WIND IN M.P.H.

PRELIMINARY LOCAL CLIMATOLOGICAL DATA (WS FORM: F-6) , PAGE 2

                                          STATION:  SPOKANE  WA WFO
                                          MONTH:    AUGUST
                                          YEAR:     2015
                                          LATITUDE:   47 40 N
                                          LONGITUDE: 117 38 W

[TEMPERATURE DATA]      [PRECIPITATION DATA]       SYMBOLS USED IN COLUMN 16

AVERAGE MONTHLY: 69.7   TOTAL FOR MONTH:   0.07    1 = FOG OR MIST
DPTR FM NORMAL:   2.7   DPTR FM NORMAL:   -0.33    2 = FOG REDUCING VISIBILITY
HIGHEST:    99 ON 13, 1 GRTST 24HR  0.06 ON  9- 9      TO 1/4 MILE OR LESS
LOWEST:     41 ON 23                               3 = THUNDER
                        SNOW, ICE PELLETS, HAIL    4 = ICE PELLETS
                        TOTAL MONTH:   0.0 INCH    5 = HAIL
                        GRTST 24HR     0.0         6 = FREEZING RAIN OR DRIZZLE
                        GRTST DEPTH:   0           7 = DUSTSTORM OR SANDSTORM:
                                                       VSBY 1/2 MILE OR LESS
                                                   8 = SMOKE OR HAZE
[NO. OF DAYS WITH]      [WEATHER - DAYS WITH]      9 = BLOWING SNOW
                                                   X = TORNADO
MAX 32 OR BELOW:   0    0.01 INCH OR MORE:   2
MAX 90 OR ABOVE:   9    0.10 INCH OR MORE:   0
MIN 32 OR BELOW:   0    0.50 INCH OR MORE:   0
MIN  0 OR BELOW:   0    1.00 INCH OR MORE:   0

[HDD (BASE 65) ]
TOTAL THIS MO.    16    CLEAR  (SCALE 0-3)   7
DPTR FM NORMAL   -27    PTCLDY (SCALE 4-7)   0
TOTAL FM JUL 1    32    CLOUDY (SCALE 8-10)  0
DPTR FM NORMAL   -63

[CDD (BASE 65) ]
TOTAL THIS MO.   145
DPTR FM NORMAL    48    [PRESSURE DATA]
TOTAL FM JAN 1   501    HIGHEST SLP M ON M
DPTR FM NORMAL   275    LOWEST  SLP  0.00 ON M

[REMARKS]
