817
CXAK56 PAOT 011820
CF6OTZ

PRELIMINARY LOCAL CLIMATOLOGICAL DATA (WS FORM: F-6)

                                          STATION:   KOTZEBUE
                                          MONTH:     04
                                          YEAR:      2016
                                          LATITUDE:   66 53 N
                                          LONGITUDE: 162 36 W

  TEMPERATURE IN F:       :PCPN:    SNOW:  WIND      :SUNSHINE: SKY     :PK WND
================================================================================
1   2   3   4   5  6A  6B    7     8   9   10  11  12  13   14  15   16  17  18
                                      12Z  AVG MX 2MIN
DY MAX MIN AVG DEP HDD CDD  WTR   SNW DPTH SPD SPD DIR MIN PSBL S-S WX   SPD DR
================================================================================

 1  20  11  16  12  49   0  0.09  2.4  37 16.9 25   60   M    M   M 9    31  60
 2  25  18  22  17  43   0  0.08  2.4  40 25.8 37  100   M    M   M 9    44 100
 3  29  12  21  16  44   0  0.18  4.6  44  9.0 28  100   M    M   M 19   33 100
 4  36  24  30  24  35   0  0.10  1.0  45 14.7 24  120   M    M   M 1    26 110
 5  31   8  20  14  45   0  0.00  0.0  44  9.3 18   80   M    M   M      20  80
 6  25   1  13   6  52   0  0.00  0.0  43  1.0  6  230   M    M   M 1     6 270
 7  36  13  25  18  40   0  0.00  0.0  42  7.2 24  110   M    M   M      29 110
 8  20   4  12   4  53   0  0.00  0.0  41  2.6  8  250   M    M   M       9 250
 9  35   5  20  11  45   0     T    T  40 11.6 30   90   M    M   M 1    35  80
10  40  32  36  27  29   0  0.14  0.1  41 16.9 35  100   M    M   M 1248 39 100
11  37  26  32  22  33   0  0.01  0.1  40 12.1 25  110   M    M   M 1    29 120
12  40  23  32  21  33   0  0.00  0.0  30  6.7 15  360   M    M   M      17 360
13  35  24  30  19  35   0  0.00  0.0  28  6.7 18  120   M    M   M      21 120
14  35  18  27  15  38   0  0.00  0.0  26  8.9 20   90   M    M   M      22  90
15  30  13  22   9  43   0  0.00  0.0  25  6.1 14  280   M    M   M      17 280
16  16   5  11  -2  54   0  0.00  0.0  24  4.0 13  110   M    M   M      15 100
17  29   4  17   3  48   0  0.00  0.0  24  5.7 10   30   M    M   M      12  30
18  37  18  28  13  37   0     T    T  24  7.6 12   20   M    M   M      14  60
19  39  29  34  18  31   0  0.00  0.0  22 11.2 18   90   M    M   M      21 110
20  42  33  38  22  27   0  0.00  0.0  17 16.2 24   90   M    M   M      29  90
21  42  33  38  21  27   0  0.00  0.0  11 11.5 23   90   M    M   M      26  90
22  42  24  33  15  32   0  0.00  0.0   6  7.5 14  290   M    M   M      15 290
23  32  15  24   5  41   0  0.00  0.0   0  6.6 12  280   M    M   M 8    13 280
24  30  14  22   3  43   0  0.00  0.0   0  5.3  9  280   M    M   M      10 260
25  34  17  26   6  39   0  0.00  0.0   0  5.2 13  280   M    M   M      15 280
26  34  21  28   7  37   0  0.00  0.0   0  5.7 12  270   M    M   M      13 280
27  35  21  28   7  37   0  0.00  0.0   0  3.4  8  270   M    M   M       9 280
28  35  25  30   8  35   0  0.00  0.0   0  4.9  9  220   M    M   M      11 220
29  35  27  31   8  34   0     T    T   0  3.7  7  250   M    M   M       8 250
30  36  22  29   6  36   0  0.00  0.0   0  6.0 13  300   M    M   M      15 200
================================================================================
SM  992  540      1175   0  0.60 10.6    260.0           M        M
================================================================================
AV 33.1 18.0                              8.7 FASTST  PSBL  %   M    MAX(MPH)
                                 MISC ---->     37  100                 44 100
================================================================================
NOTES:
# LAST OF SEVERAL OCCURRENCES

COLUMN 17 PEAK WIND IN M.P.H.

PRELIMINARY LOCAL CLIMATOLOGICAL DATA (WS FORM: F-6) , PAGE 2

                                          STATION:   KOTZEBUE
                                          MONTH:     04
                                          YEAR:      2016
                                          LATITUDE:  66 53 N
                                          LONGITUDE: 162 36 W

[TEMPERATURE DATA]      [PRECIPITATION DATA]       SYMBOLS USED IN COLUMN 16

AVERAGE MONTHLY:25.5   TOTAL FOR MONTH: 0.60       1 = FOG
DPTR FM NORMAL: 12.2   DPTR FM NORMAL: 0.06       2 = FOG REDUCING VISIBILITY
HIGHEST:    42 ON 22    GRTST 24HR   0.18 ON  3        TO 1/4 MILE OR LESS
LOWEST:      1 ON  6                               3 = THUNDER
                        SNOW, ICE PELLETS, HAIL    4 = ICE PELLETS
                        TOTAL MONTH: 10.6 INCHES  5 = HAIL
                        GRTST 24HR   4.6 ON  3     6 = GLAZE OR RIME
                        GRTST DEPTH:   45 ON  4    7 = BLOWING DUST OR SAND:
                                                       VSBY 1/2 MILE OR LESS
                                                   8 = SMOKE OR HAZE
[NO. OF DAYS WITH]      [WEATHER - DAYS WITH]      9 = BLOWING SNOW
                                                   X = TORNADO
MAX 32 OR BELOW:  11    0.01 INCH OR MORE:   6
MAX 70 OR ABOVE:   0    0.10 INCH OR MORE:   3
MIN 32 OR BELOW:  28    0.50 INCH OR MORE:   0
MIN  0 OR BELOW:   0    1.00 INCH OR MORE:   0

[HDD (BASE 65) ]
TOTAL THIS MO.  1175    CLEAR  (SCALE 0-3)   M
DPTR FM NORMAL  -376    PTCLDY (SCALE 4-7)   M
SEASONAL TOTAL 12077    CLOUDY (SCALE 8-10)  M
DPTR FM NORMAL -1703

[CDD (BASE 65) ]
TOTAL THIS MO.     0
DPTR FM NORMAL     0    [PRESSURE DATA]
SEASONAL TOTAL     0    HIGHEST SLP     30.06
DPTR FM NORMAL     0    LOWEST  SLP     29.42

[REMARKS]
#FINAL-04-16#
