000
CXUS53 KARX 200930
CF6OVS
PRELIMINARY LOCAL CLIMATOLOGICAL DATA (WS FORM: F-6)

                                          STATION:   BOSCOBEL_(ASOS) WI
                                          MONTH:     OCTOBER
                                          YEAR:      2014
                                          LATITUDE:   43  9 N
                                          LONGITUDE:  90 41 W

  TEMPERATURE IN F:       :PCPN:    SNOW:  WIND      :SUNSHINE: SKY     :PK WND
================================================================================
1   2   3   4   5  6A  6B    7    8   9   10  11  12  13   14  15   16   17  18
                                     12Z  AVG MX 2MIN
DY MAX MIN AVG DEP HDD CDD  WTR  SNW DPTH SPD SPD DIR MIN PSBL S-S WX    SPD DR
================================================================================

 1  73  46  60   5   5   0 0.00  0.0    0  3.6  9 120   M    M   8         M  M
 2  71  56  64   9   1   0 0.45  0.0    0  1.5  7  70   M    M  10 128     M  M
 3  58  41  50  -4  15   0    T  0.0    0 11.3 18 260   M    M   9        33 300
 4  52  35  44 -10  21   0 0.07  0.0    0  8.4 18 300   M    M   7 18     26 300
 5  56  31  44  -9  21   0    T  0.0    0  5.6 17 260   M    M   5        25 270
 6  60  40  50  -3  15   0 0.00  0.0    0  5.8 13 260   M    M   4 1      23 280
 7  67  43  55   2  10   0    T  0.0    0  6.2 17 270   M    M   5        25 310
 8  69  38  54   2  11   0 0.00  0.0    0  6.8 22 270   M    M   0 8      32 270
 9  58  34  46  -6  19   0 0.00  0.0    0  1.0  5  99   M    M   0 1       M  M
10   M   M   M   M   M   M 0.00  0.0    M  0.0  M   M   M    M   0         M  M
11   M   M   M   M   M   M    M    M    M   M   M   M   M    M   M         M  M
12  63  28  46  -5  19   0 0.01    M    M  3.0 13 190   M    M  10 18     19 120
13  58  51  55   4  10   0 1.56  0.0    0  4.3 13  30   M    M  10 1      21  30
14  55  52  54   4  11   0 0.77  0.0    0  9.1 20  20   M    M  10 1      28  30
15  61  44  53   3  12   0 0.00  0.0    0  6.6 17 360   M    M   9 128    23 360
16  70  42  56   6   9   0 0.00  0.0    0  3.2 14 230   M    M   5 12     17 210
17  57  45  51   2  14   0 0.00  0.0    0  8.1 20 290   M    M   7        25 290
18  56  31  44  -5  21   0 0.00  0.0    0  5.1 16 350   M    M   5 18     21  20
19  63  30  47  -2  18   0 0.00  0.0    0  6.5 20 200   M    M   4 128    28 200
================================================================================
SM 1047  687       232   0  2.86     0.0  96.1          M      108
================================================================================
AV 61.6 40.4                               5.3 FASTST   M    M   6    MAX(MPH)
                                 MISC ---->  # 22 270                 33    M
================================================================================
NOTES:
# LAST OF SEVERAL OCCURRENCES

COLUMN 17 PEAK WIND IN M.P.H.

PRELIMINARY LOCAL CLIMATOLOGICAL DATA (WS FORM: F-6) , PAGE 2

                                          STATION:  BOSCOBEL_(ASOS) WI
                                          MONTH:    OCTOBER
                                          YEAR:     2014
                                          LATITUDE:   43  9 N
                                          LONGITUDE:  90 41 W

[TEMPERATURE DATA]      [PRECIPITATION DATA]       SYMBOLS USED IN COLUMN 16

AVERAGE MONTHLY: 51.0   TOTAL FOR MONTH:   2.86    1 = FOG OR MIST
DPTR FM NORMAL:  -0.7   DPTR FM NORMAL:    1.39    2 = FOG REDUCING VISIBILITY
HIGHEST:    73 ON  1    GRTST 24HR  1.78 ON 13-14      TO 1/4 MILE OR LESS
LOWEST:     28 ON 12                               3 = THUNDER
                        SNOW, ICE PELLETS, HAIL    4 = ICE PELLETS
                        TOTAL MONTH:   0.0 INCH    5 = HAIL
                        GRTST 24HR     0.0         6 = FREEZING RAIN OR DRIZZLE
                        GRTST DEPTH:   0           7 = DUSTSTORM OR SANDSTORM:
                                                       VSBY 1/2 MILE OR LESS
                                                   8 = SMOKE OR HAZE
[NO. OF DAYS WITH]      [WEATHER - DAYS WITH]      9 = BLOWING SNOW
                                                   X = TORNADO
MAX 32 OR BELOW:   0    0.01 INCH OR MORE:   5
MAX 90 OR ABOVE:   0    0.10 INCH OR MORE:   3
MIN 32 OR BELOW:   4    0.50 INCH OR MORE:   2
MIN  0 OR BELOW:   0    1.00 INCH OR MORE:   1

[HDD (BASE 65) ]
TOTAL THIS MO.   232    CLEAR  (SCALE 0-3)   3
DPTR FM NORMAL   -26    PTCLDY (SCALE 4-7)   8
TOTAL FM JUL 1   372    CLOUDY (SCALE 8-10)  7
DPTR FM NORMAL   -59

[CDD (BASE 65) ]
TOTAL THIS MO.     0
DPTR FM NORMAL    -7    [PRESSURE DATA]
TOTAL FM JAN 1   726    HIGHEST SLP M ON M
DPTR FM NORMAL    90    LOWEST  SLP 29.48 ON 14

[REMARKS]
