000
CXUS56 KLKN 201009
CF6P68
PRELIMINARY LOCAL CLIMATOLOGICAL DATA (WS FORM: F-6)

                                          STATION:   EUREKA AIRPORT NV
                                          MONTH:     NOVEMBER
                                          YEAR:      2017
                                          LATITUDE:   39 30 N
                                          LONGITUDE: 115 58 W

  TEMPERATURE IN F:       :PCPN:    SNOW:  WIND      :SUNSHINE: SKY     :PK WND
================================================================================
1   2   3   4   5  6A  6B    7    8   9   10  11  12  13   14  15   16   17  18
                                     12Z  AVG MX 2MIN
DY MAX MIN AVG DEP HDD CDD  WTR  SNW DPTH SPD SPD DIR MIN PSBL S-S WX    SPD DR
================================================================================

 1  68  26  47   7  18   0 0.00    M    M  8.6 20 260   M    M   M        24 270
 2  68  31  50  10  15   0 0.00    M    M  6.5 16 190   M    M   M        23 180
 3  54  37  46   6  19   0 0.00    M    M  8.1 20 170   M    M   M        23 160
 4  55  28  42   3  23   0 0.00    M    M  4.7 17 270   M    M   M        22 260
 5  57  22  40   1  25   0 0.00    M    M  6.6 23 250   M    M   M        28 250
 6  50  14  32  -6  33   0 0.00    M    M  3.7 15 290   M    M   M        19 290
 7  47  10  29  -9  36   0 0.00    M    M  4.0  9 360   M    M   M        13  20
 8  53  15  34  -4  31   0 0.00    M    M  7.2 22 130   M    M   M        26 140
 9  63  32  48  11  17   0 0.00    M    M  8.0 23 150   M    M   M        29 140
10  54  22  38   1  27   0 0.00    M    M  5.5 13 200   M    M   M        14 210
11  56  20  38   2  27   0 0.00    M    M  4.0 12 210   M    M   M        14 200
12  57  18  38   2  27   0 0.00    M    M  4.8 13 150   M    M   M        16 150
13  62  21  42   6  23   0 0.00    M    M  5.3 12 210   M    M   M        13 220
14  58  27  43   8  22   0 0.00    M    M  5.9 15 270   M    M   M        22 250
15  61  26  44   9  21   0 0.00    M    M  7.5 22 160   M    M   M        27 150
16  62  44  53  19  12   0 0.12    M    M 12.9 30 130   M    M   M        36 130
17  47  19  33  -1  32   0 0.12    M    M 10.7 30 320   M    M   M        40 320
18  43  11  27  -7  38   0 0.00    M    M  4.0 10 180   M    M   M        12 170
19  51  14  33   0  32   0 0.00    M    M  5.3 13 210   M    M   M        15 210
================================================================================
SM 1066  437       478   0  0.24    M    123.3          M        M
================================================================================
AV 56.1 23.0                               6.5 FASTST   M    M   0    MAX(MPH)
                                 MISC ---->  # 30 130               # 40  320
================================================================================
NOTES:
# LAST OF SEVERAL OCCURRENCES

COLUMN 17 PEAK WIND IN M.P.H.

PRELIMINARY LOCAL CLIMATOLOGICAL DATA (WS FORM: F-6) , PAGE 2

                                          STATION:  EUREKA AIRPORT NV
                                          MONTH:    NOVEMBER
                                          YEAR:     2017
                                          LATITUDE:   39 30 N
                                          LONGITUDE: 115 58 W

[TEMPERATURE DATA]      [PRECIPITATION DATA]       SYMBOLS USED IN COLUMN 16

AVERAGE MONTHLY: 39.6   TOTAL FOR MONTH:   0.24    1 = FOG OR MIST
DPTR FM NORMAL:   2.8   DPTR FM NORMAL:   -0.29    2 = FOG REDUCING VISIBILITY
HIGHEST:    68 ON  2, 1 GRTST 24HR  0.12 ON 17-17      TO 1/4 MILE OR LESS
LOWEST:     10 ON  7                               3 = THUNDER
                        SNOW, ICE PELLETS, HAIL    4 = ICE PELLETS
                        TOTAL MONTH:    M          5 = HAIL
                        GRTST 24HR    M  ON   M    6 = FREEZING RAIN OR DRIZZLE
                        GRTST DEPTH:  M  ON   M    7 = DUSTSTORM OR SANDSTORM:
                                                       VSBY 1/2 MILE OR LESS
                                                   8 = SMOKE OR HAZE
[NO. OF DAYS WITH]      [WEATHER - DAYS WITH]      9 = BLOWING SNOW
                                                   X = TORNADO
MAX 32 OR BELOW:   0    0.01 INCH OR MORE:   2
MAX 90 OR ABOVE:   0    0.10 INCH OR MORE:   2
MIN 32 OR BELOW:  17    0.50 INCH OR MORE:   0
MIN  0 OR BELOW:   0    1.00 INCH OR MORE:   0

[HDD (BASE 65) ]
TOTAL THIS MO.   478    CLEAR  (SCALE 0-3)   0
DPTR FM NORMAL   -58    PTCLDY (SCALE 4-7)   0
TOTAL FM JUL 1  1345    CLOUDY (SCALE 8-10)  0
DPTR FM NORMAL   -38

[CDD (BASE 65) ]
TOTAL THIS MO.     0
DPTR FM NORMAL     0    [PRESSURE DATA]
TOTAL FM JAN 1   570    HIGHEST SLP M ON M
DPTR FM NORMAL   282    LOWEST  SLP 29.67 ON 16

[REMARKS]
