000
CXUS53 KPAH 290632
CF6PAH
PRELIMINARY LOCAL CLIMATOLOGICAL DATA (WS FORM: F-6)

                                          STATION:   PADUCAH KY
                                          MONTH:     SEPTEMBER
                                          YEAR:      2016
                                          LATITUDE:   37  4 N
                                          LONGITUDE:  88 46 W

  TEMPERATURE IN F:       :PCPN:    SNOW:  WIND      :SUNSHINE: SKY     :PK WND
================================================================================
1   2   3   4   5  6A  6B    7    8   9   10  11  12  13   14  15   16   17  18
                                     12Z  AVG MX 2MIN
DY MAX MIN AVG DEP HDD CDD  WTR  SNW DPTH SPD SPD DIR MIN PSBL S-S WX    SPD DR
================================================================================

 1  83  63  73  -2   0   8 0.00  0.0    0  9.6 18  40   M    M   3        22  10
 2  81  60  71  -4   0   6 0.00  0.0    0  8.7 18  30   M    M   1        25  40
 3  84  58  71  -4   0   6 0.00  0.0    0  4.6 14  60   M    M   0 1      19  90
 4  90  60  75   1   0  10 0.00  0.0    0  2.3  8 120   M    M   2 1      11 160
 5  90  70  80   6   0  15 0.00  0.0    0  6.2 14 150   M    M   2        19 150
 6  92  72  82   8   0  17 0.00  0.0    0  6.3 16 240   M    M   0        22 230
 7  92  72  82   9   0  17 0.00  0.0    0  5.7 16 240   M    M   0        23 240
 8  92  73  83  10   0  18 0.14  0.0    0  5.9 25 280   M    M   2 1      34 280
 9  91  73  82   9   0  17 0.00  0.0    0  4.9 17 240   M    M   4 18     22 250
10  85  58  72   0   0   7    T  0.0    0  7.2 23 310   M    M   3        31 300
11  81  54  68  -4   0   3 0.00  0.0    M  3.0 13  30   M    M   0 1      21 360
12  84  53  69  -3   0   4 0.00  0.0    0  0.9  9 110   M    M   0 1      12 140
13  92  59  76   5   0  11 0.00  0.0    0  2.1  8  80   M    M   1 1      11  80
14  92  70  81  10   0  16 0.00  0.0    0  3.5 16  40   M    M   3 138    19  20
15  88  71  80  10   0  15 0.01  0.0    0  3.3 16  50   M    M   1 18     21  50
16  94  69  82  12   0  17 0.01  0.0    0  3.9 15 150   M    M   3 138    22 150
17  82  65  74   4   0   9 0.50  0.0    0  3.4 13 310   M    M   6 1      17 320
18  85  62  74   5   0   9 0.00  0.0    0  0.9  6  30   M    M   2 128     7 100
19  87  60  74   5   0   9 0.00  0.0    0  0.8  8 100   M    M   2 12     10  40
20  90  59  75   7   0  10 0.00  0.0    0  1.1  8  50   M    M   3 12     10  50
21  89  59  74   6   0   9 0.00  0.0    0  3.1 13  80   M    M   2 12     16 100
22  91  61  76   9   0  11 0.00  0.0    0  1.4 10 240   M    M   2 12     16 220
23  93  62  78  11   0  13 0.00  0.0    0  1.9  9 350   M    M   0 128    13 340
24  94  64  79  13   0  14 0.00  0.0    0  1.8  9  50   M    M   1 128    13  50
25  92  64  78  12   0  13 0.00  0.0    0  1.6  9 170   M    M   0 128    17 170
26  75  49  62  -4   3   0 0.07  0.0    0  6.6 25 350   M    M   4 1      35 360
27  80  44  62  -3   3   0 0.00  0.0    0  4.6 14 240   M    M   0 18     17 240
28  76  53  65   0   0   0 0.00  0.0    0  9.3 21 340   M    M   2        26 360
================================================================================
SM 2445 1737         6 284  0.73     0.0 114.6          M       49
================================================================================
AV 87.3 62.0                               4.1 FASTST   M    M   2    MAX(MPH)
                                 MISC ---->  # 25 280               # 35  360
================================================================================
NOTES:
# LAST OF SEVERAL OCCURRENCES

COLUMN 17 PEAK WIND IN M.P.H.

PRELIMINARY LOCAL CLIMATOLOGICAL DATA (WS FORM: F-6) , PAGE 2

                                          STATION:  PADUCAH KY
                                          MONTH:    SEPTEMBER
                                          YEAR:     2016
                                          LATITUDE:   37  4 N
                                          LONGITUDE:  88 46 W

[TEMPERATURE DATA]      [PRECIPITATION DATA]       SYMBOLS USED IN COLUMN 16

AVERAGE MONTHLY: 74.7   TOTAL FOR MONTH:   0.73    1 = FOG OR MIST
DPTR FM NORMAL:   4.3   DPTR FM NORMAL:   -2.74    2 = FOG REDUCING VISIBILITY
HIGHEST:    94 ON 24,16 GRTST 24HR  0.51 ON 16-17      TO 1/4 MILE OR LESS
LOWEST:     44 ON 27                               3 = THUNDER
                        SNOW, ICE PELLETS, HAIL    4 = ICE PELLETS
                        TOTAL MONTH:   0.0 INCH    5 = HAIL
                        GRTST 24HR     0.0         6 = FREEZING RAIN OR DRIZZLE
                        GRTST DEPTH:   0           7 = DUSTSTORM OR SANDSTORM:
                                                       VSBY 1/2 MILE OR LESS
                                                   8 = SMOKE OR HAZE
[NO. OF DAYS WITH]      [WEATHER - DAYS WITH]      9 = BLOWING SNOW
                                                   X = TORNADO
MAX 32 OR BELOW:   0    0.01 INCH OR MORE:   5
MAX 90 OR ABOVE:  14    0.10 INCH OR MORE:   2
MIN 32 OR BELOW:   0    0.50 INCH OR MORE:   1
MIN  0 OR BELOW:   0    1.00 INCH OR MORE:   0

[HDD (BASE 65) ]
TOTAL THIS MO.     6    CLEAR  (SCALE 0-3)  24
DPTR FM NORMAL   -23    PTCLDY (SCALE 4-7)   4
TOTAL FM JUL 1     6    CLOUDY (SCALE 8-10)  0
DPTR FM NORMAL   -24

[CDD (BASE 65) ]
TOTAL THIS MO.   284
DPTR FM NORMAL   103    [PRESSURE DATA]
TOTAL FM JAN 1  1814    HIGHEST SLP M ON M
DPTR FM NORMAL   320    LOWEST  SLP 29.79 ON 28

[REMARKS]
